{"id":22,"date":"2023-06-21T12:43:51","date_gmt":"2023-06-21T10:43:51","guid":{"rendered":"https:\/\/www.diocesilucca.it\/visitapastorale\/?page_id=22"},"modified":"2023-06-21T14:18:22","modified_gmt":"2023-06-21T12:18:22","slug":"la-lettera-di-indizione","status":"publish","type":"page","link":"https:\/\/www.diocesilucca.it\/visitapastorale\/la-lettera-di-indizione\/","title":{"rendered":"La Lettera di indizione"},"content":{"rendered":"\n<p>La lettera di indizione \u00e8 stata pubblicata il 5 aprile 2023, giorno in cui \u00e8 stata anche consegnata ai rappresentanti delle Comunit\u00e0 parrocchiali dell\u2019Arcidiocesi, al termine della Messa crismale celebrate nella Cattedrale di San Martino.<\/p>\n\n\n\n<ul class=\"wp-block-list\">\n<li><a href=\"https:\/\/www.diocesilucca.it\/visitapastorale\/wp-content\/uploads\/sites\/15\/2023\/06\/Lettera-di-indizione-testo.docx\">Scarica il testo in formato word<\/a><\/li>\n\n\n\n<li><a href=\"https:\/\/www.diocesilucca.it\/visitapastorale\/wp-content\/uploads\/sites\/15\/2023\/06\/Lettera-di-indizione.pdf\" data-type=\"URL\" data-id=\"https:\/\/www.diocesilucca.it\/visitapastorale\/wp-content\/uploads\/sites\/15\/2023\/06\/Lettera-di-indizione.pdf\">Scarica il testo in formato pdf<\/a><\/li>\n<\/ul>\n","protected":false},"excerpt":{"rendered":"<p>La lettera di indizione \u00e8 stata pubblicata il 5 aprile 2023, giorno in cui \u00e8 stata anche consegnata ai rappresentanti delle Comunit\u00e0 parrocchiali dell\u2019Arcidiocesi, al termine della Messa crismale celebrate nella Cattedrale di San Martino.<\/p>\n","protected":false},"author":243,"featured_media":0,"parent":0,"menu_order":0,"comment_status":"closed","ping_status":"closed","template":"","meta":{"footnotes":""},"class_list":["post-22","page","type-page","status-publish","hentry"],"_links":{"self":[{"href":"https:\/\/www.diocesilucca.it\/visitapastorale\/wp-json\/wp\/v2\/pages\/22","targetHints":{"allow":["GET"]}}],"collection":[{"href":"https:\/\/www.diocesilucca.it\/visitapastorale\/wp-json\/wp\/v2\/pages"}],"about":[{"href":"https:\/\/www.diocesilucca.it\/visitapastorale\/wp-json\/wp\/v2\/types\/page"}],"author":[{"embeddable":true,"href":"https:\/\/www.diocesilucca.it\/visitapastorale\/wp-json\/wp\/v2\/users\/243"}],"replies":[{"embeddable":true,"href":"https:\/\/www.diocesilucca.it\/visitapastorale\/wp-json\/wp\/v2\/comments?post=22"}],"version-history":[{"count":2,"href":"https:\/\/www.diocesilucca.it\/visitapastorale\/wp-json\/wp\/v2\/pages\/22\/revisions"}],"predecessor-version":[{"id":712,"href":"https:\/\/www.diocesilucca.it\/visitapastorale\/wp-json\/wp\/v2\/pages\/22\/revisions\/712"}],"wp:attachment":[{"href":"https:\/\/www.diocesilucca.it\/visitapastorale\/wp-json\/wp\/v2\/media?parent=22"}],"curies":[{"name":"wp","href":"https:\/\/api.w.org\/{rel}","templated":true}]}}

<p>La lettera di indizione è stata pubblicata il 5 aprile 2023, giorno in cui è stata anche consegnata ai rappresentanti delle Comunità parrocchiali dell’Arcidiocesi, al termine della Messa crismale celebrate nella Cattedrale di San Martino.</p>



<ul class="wp-block-list">
<li><a href="https://www.diocesilucca.it/visitapastorale/wp-content/uploads/sites/15/2023/06/Lettera-di-indizione-testo.docx">Scarica il testo in formato word</a></li>



<li><a href="https://www.diocesilucca.it/visitapastorale/wp-content/uploads/sites/15/2023/06/Lettera-di-indizione.pdf" data-type="URL" data-id="https://www.diocesilucca.it/visitapastorale/wp-content/uploads/sites/15/2023/06/Lettera-di-indizione.pdf">Scarica il testo in formato pdf</a></li>
</ul>

<p>La lettera di indizione è stata pubblicata il 5 aprile 2023, giorno in cui è stata anche consegnata ai rappresentanti delle Comunità parrocchiali dell’Arcidiocesi, al termine della Messa crismale celebrate nella Cattedrale di San Martino.</p>
