{"id":20,"date":"2023-06-21T12:43:33","date_gmt":"2023-06-21T10:43:33","guid":{"rendered":"https:\/\/www.diocesilucca.it\/visitapastorale\/?page_id=20"},"modified":"2023-06-21T12:43:33","modified_gmt":"2023-06-21T10:43:33","slug":"il-tema-della-visita-pastorale","status":"publish","type":"page","link":"https:\/\/www.diocesilucca.it\/visitapastorale\/il-tema-della-visita-pastorale\/","title":{"rendered":"Il tema della visita pastorale"},"content":{"rendered":"\n<p>Il tema della visita pastorale \u2013 Oggi devo fermarmi a casa tua! &#8211; \u00e8 tratto dal capitolo 19 del Vangelo di Luca: \u00e8 la frase rivolta da Ges\u00f9 a Zaccheo, il ricco pubblicano che, nel desiderio di vedere il Signore che passa, non esita ad arrampicarsi su un albero per ovviare alla sua bassa statura. L\u2019auto- invito di Ges\u00f9, davvero sorprendente per diversi motivi, riempie di gioia Zaccheo ed \u00e8 per lui motivo per una sincera conversione. Anche la visita pastorale \u00e8 un auto-invito del vescovo: vorrebbe, allo stesso modo, suscitare non la preoccupazione di sentirsi giudicati o l\u2019ansia di fare bella figura, ma la gioia di un incontro sorprendente che schiude inedite possibilit\u00e0 di rinnovamento personale e pastorale<\/p>\n","protected":false},"excerpt":{"rendered":"<p>Il tema della visita pastorale \u2013 Oggi devo fermarmi a casa tua! &#8211; \u00e8 tratto dal capitolo 19 del Vangelo di Luca: \u00e8 la frase rivolta da Ges\u00f9 a Zaccheo, il ricco pubblicano che, nel desiderio di vedere il Signore<\/p>\n","protected":false},"author":243,"featured_media":0,"parent":0,"menu_order":0,"comment_status":"closed","ping_status":"closed","template":"","meta":{"footnotes":""},"class_list":["post-20","page","type-page","status-publish","hentry"],"_links":{"self":[{"href":"https:\/\/www.diocesilucca.it\/visitapastorale\/wp-json\/wp\/v2\/pages\/20","targetHints":{"allow":["GET"]}}],"collection":[{"href":"https:\/\/www.diocesilucca.it\/visitapastorale\/wp-json\/wp\/v2\/pages"}],"about":[{"href":"https:\/\/www.diocesilucca.it\/visitapastorale\/wp-json\/wp\/v2\/types\/page"}],"author":[{"embeddable":true,"href":"https:\/\/www.diocesilucca.it\/visitapastorale\/wp-json\/wp\/v2\/users\/243"}],"replies":[{"embeddable":true,"href":"https:\/\/www.diocesilucca.it\/visitapastorale\/wp-json\/wp\/v2\/comments?post=20"}],"version-history":[{"count":1,"href":"https:\/\/www.diocesilucca.it\/visitapastorale\/wp-json\/wp\/v2\/pages\/20\/revisions"}],"predecessor-version":[{"id":21,"href":"https:\/\/www.diocesilucca.it\/visitapastorale\/wp-json\/wp\/v2\/pages\/20\/revisions\/21"}],"wp:attachment":[{"href":"https:\/\/www.diocesilucca.it\/visitapastorale\/wp-json\/wp\/v2\/media?parent=20"}],"curies":[{"name":"wp","href":"https:\/\/api.w.org\/{rel}","templated":true}]}}

<p>Il tema della visita pastorale – Oggi devo fermarmi a casa tua! &#8211; è tratto dal capitolo 19 del Vangelo di Luca: è la frase rivolta da Gesù a Zaccheo, il ricco pubblicano che, nel desiderio di vedere il Signore che passa, non esita ad arrampicarsi su un albero per ovviare alla sua bassa statura. L’auto- invito di Gesù, davvero sorprendente per diversi motivi, riempie di gioia Zaccheo ed è per lui motivo per una sincera conversione. Anche la visita pastorale è un auto-invito del vescovo: vorrebbe, allo stesso modo, suscitare non la preoccupazione di sentirsi giudicati o l’ansia di fare bella figura, ma la gioia di un incontro sorprendente che schiude inedite possibilità di rinnovamento personale e pastorale</p>

<p>Il tema della visita pastorale – Oggi devo fermarmi a casa tua! &#8211; è tratto dal capitolo 19 del Vangelo di Luca: è la frase rivolta da Gesù a Zaccheo, il ricco pubblicano che, nel desiderio di vedere il Signore</p>
