{"id":18,"date":"2023-06-21T12:43:12","date_gmt":"2023-06-21T10:43:12","guid":{"rendered":"https:\/\/www.diocesilucca.it\/visitapastorale\/?page_id=18"},"modified":"2023-06-21T12:43:12","modified_gmt":"2023-06-21T10:43:12","slug":"la-visita-pastorale-nel-direttorio-per-il-ministero-pastorale-dei-vescovi-2004","status":"publish","type":"page","link":"https:\/\/www.diocesilucca.it\/visitapastorale\/la-visita-pastorale-nel-direttorio-per-il-ministero-pastorale-dei-vescovi-2004\/","title":{"rendered":"La visita pastorale nel Direttorio per il ministero pastorale dei vescovi (2004)"},"content":{"rendered":"\n<p>La visita pastorale \u00e8 una delle forme, collaudate dall\u2019esperienza dei secoli, con cui il Vescovo mantiene contatti personali con il clero e con gli altri membri del Popolo di Dio. \u00c8 occasione per ravvivare le energie degli operai evangelici, lodarli, incoraggiarli e consolarli, \u00e8 anche l\u2019occasione per richiamare tutti i fedeli al rinnovamento della propria vita cristiana e ad un\u2019azione apostolica pi\u00f9 intensa. La visita gli consente inoltre di valutare l\u2019efficienza delle strutture e degli strumenti destinati al servizio pastorale, rendendosi conto delle circostanze e difficolt\u00e0 del lavoro di evangelizzazione, per poter determinare meglio le priorit\u00e0 e i mezzi della pastorale organica. La visita pastorale \u00e8 pertanto un\u2019azione apostolica che il Vescovo deve compiere animato da carit\u00e0 pastorale che lo manifesta concretamente quale principio e fondamento visibile dell\u2019unit\u00e0 nella Chiesa particolare. Per le comunit\u00e0 e le istituzioni che la ricevono, la visita \u00e8 un evento di grazia che riflette in qualche misura quella specialissima visita con la quale il \u201csupremo pastore\u201d (1 Pt&nbsp;5, 4) e guardiano delle nostre anime (cf.&nbsp;1 Pt&nbsp;2, 25), Ges\u00f9 Cristo, ha visitato e redento il suo popolo (cf.&nbsp;Lc&nbsp;1, 68). [\u2026]\n\n\n\n<p>Nella visita alle parrocchie, il Vescovo cerchi di realizzare, secondo le possibilit\u00e0 di tempo e di luogo, i seguenti atti:<\/p>\n\n\n\n<p>a)&nbsp;celebrare la Messa e predicare la Parola di Dio;<br>b)&nbsp;conferire solennemente il sacramento della Confermazione, possibilmente durante la<br>Messa;<br>c)&nbsp;incontrare il parroco e gli altri chierici che aiutano nella parrocchia;<br>d)&nbsp;riunirsi con il Consiglio pastorale [\u2026];<br>e)&nbsp;incontrarsi con il Consiglio per gli affari economici;<br>f)&nbsp;avere un incontro con i bambini, i ragazzi e i giovani che percorrono l\u2019itinerario<br>catechistico;<br>g)&nbsp;visitare le scuole e altre opere e istituzioni cattoliche dipendenti dalla parrocchia;<br>h)&nbsp;visitare, nei limiti del possibile, alcuni malati della parrocchia.<\/p>\n\n\n\n<p>Il Vescovo potr\u00e0 anche decidere altri modi di farsi presente tra i fedeli, considerando gli usi del posto e l\u2019opportunit\u00e0 apostolica: con i giovani, per esempio in occasione di iniziative culturali e sportive; con gli operai, per stare in loro compagnia, dialogare, ecc. Nella visita non si deve tralasciare, infine, l\u2019esame della&nbsp;amministrazione e conservazione&nbsp;della parrocchia: luoghi sacri e ornamenti liturgici, libri parrocchiali e altri beni. Tuttavia, alcuni aspetti di questo compito potranno essere lasciati ai vicari foranei o ad altri chierici idonei, nei giorni precedenti o successivi alla visita, cosicch\u00e9 il Vescovo possa dedicare il tempo della visita soprattutto agli incontri personali, come compete al suo ufficio di Pastore. La visita pastorale, programmata con il dovuto anticipo, richiede un\u2019adeguata preparazione dei fedeli, mediante speciali cicli di conferenze e prediche su temi relativi alla natura della Chiesa, alla comunione gerarchica e all\u2019episcopato, ecc. Si potranno anche pubblicare opuscoli e utilizzare altri mezzi di comunicazione sociale. Per mettere in risalto l\u2019aspetto spirituale e apostolico, la visita pu\u00f2 essere preceduta da un corso di&nbsp;missioni popolari, che raggiunga tutte le categorie sociali e tutte le persone, anche quelle lontane dalla pratica religiosa. Il Vescovo deve anche prepararsi in modo adeguato ad effettuare la visita,&nbsp;informandosi in precedenza&nbsp;sulla situazione socio-religiosa della parrocchia: tali dati potranno rivelarsi utili a lui e agli uffici diocesani interessati, per avere un quadro reale dello stato delle comunit\u00e0 e adottare gli opportuni provvedimenti. Durante la visita, come in ogni esercizio del suo ministero, il Vescovo si comporti con semplicit\u00e0 e amabilit\u00e0, e dia esempio di piet\u00e0, carit\u00e0 e povert\u00e0: tutte virt\u00f9 che, insieme alla prudenza, distinguono il Pastore della Chiesa. Il Vescovo stimi la visita pastorale come&nbsp;quasi anima episcopalis regiminis, un\u2019espansione della sua presenza spirituale tra i suoi fedeli. Avendo come modello Ges\u00f9, il buon Pastore, egli si presenti ai fedeli non \u201ccon ostentazione di eloquenza\u201d (1 Cor&nbsp;2, 1), n\u00e9 con dimostrazioni di efficientismo, bens\u00ec rivestito di umilt\u00e0, bont\u00e0, interesse per le persone, capace di ascoltare e di farsi comprendere. Durante la visita, il Vescovo deve preoccuparsi di non gravare sulla parrocchia o sui parrocchiani con&nbsp;spese superflue. Ci\u00f2 non impedisce, tuttavia, le semplici manifestazioni festive, che sono la naturale conseguenza della gioia cristiana ed espressione di affetto e venerazione per il Pastore. Conclusa la visita pastorale alle parrocchie, \u00e8 opportuno che il Vescovo rediga un documento che testimoni la avvenuta visita per ciascuna parrocchia, dove ricordi la visita svolta, apprezzi gli impegni pastorali e stabilisca quei punti per un cammino pi\u00f9 impegnato della comunit\u00e0, senza tralasciare di far presente lo stato dell\u2019edilizia di culto, delle opere pastorali e di altre eventuali istituzioni pastorali (Congregazione per i vescovi, Direttorio per il ministero pastorale dei vescovi \u201cApostolorum successores\u201d, 220-224)<\/p>\n","protected":false},"excerpt":{"rendered":"<p>La visita pastorale \u00e8 una delle forme, collaudate dall\u2019esperienza dei secoli, con cui il Vescovo mantiene contatti personali con il clero e con gli altri membri del Popolo di Dio. \u00c8 occasione per ravvivare le energie degli operai evangelici, lodarli,<\/p>\n","protected":false},"author":243,"featured_media":0,"parent":0,"menu_order":0,"comment_status":"closed","ping_status":"closed","template":"","meta":{"footnotes":""},"class_list":["post-18","page","type-page","status-publish","hentry"],"_links":{"self":[{"href":"https:\/\/www.diocesilucca.it\/visitapastorale\/wp-json\/wp\/v2\/pages\/18","targetHints":{"allow":["GET"]}}],"collection":[{"href":"https:\/\/www.diocesilucca.it\/visitapastorale\/wp-json\/wp\/v2\/pages"}],"about":[{"href":"https:\/\/www.diocesilucca.it\/visitapastorale\/wp-json\/wp\/v2\/types\/page"}],"author":[{"embeddable":true,"href":"https:\/\/www.diocesilucca.it\/visitapastorale\/wp-json\/wp\/v2\/users\/243"}],"replies":[{"embeddable":true,"href":"https:\/\/www.diocesilucca.it\/visitapastorale\/wp-json\/wp\/v2\/comments?post=18"}],"version-history":[{"count":1,"href":"https:\/\/www.diocesilucca.it\/visitapastorale\/wp-json\/wp\/v2\/pages\/18\/revisions"}],"predecessor-version":[{"id":19,"href":"https:\/\/www.diocesilucca.it\/visitapastorale\/wp-json\/wp\/v2\/pages\/18\/revisions\/19"}],"wp:attachment":[{"href":"https:\/\/www.diocesilucca.it\/visitapastorale\/wp-json\/wp\/v2\/media?parent=18"}],"curies":[{"name":"wp","href":"https:\/\/api.w.org\/{rel}","templated":true}]}}