{"id":16,"date":"2023-06-21T12:42:11","date_gmt":"2023-06-21T10:42:11","guid":{"rendered":"https:\/\/www.diocesilucca.it\/visitapastorale\/?page_id=16"},"modified":"2023-06-21T12:42:11","modified_gmt":"2023-06-21T10:42:11","slug":"la-visita-pastorale-in-s-giovanni-paolo-ii-2003","status":"publish","type":"page","link":"https:\/\/www.diocesilucca.it\/visitapastorale\/la-visita-pastorale-in-s-giovanni-paolo-ii-2003\/","title":{"rendered":"La visita pastorale in S Giovanni Paolo II (2003)"},"content":{"rendered":"\n<p>\u00c8 proprio in questa prospettiva che emerge l&#8217;importanza della Visita pastorale, autentico tempo di grazia e momento speciale, anzi unico, in ordine all&#8217;incontro e al dialogo del Vescovo con i fedeli.\u00a0Il Vescovo Bartolomeu dos Martires, che io stesso ho beatificato pochi giorni dopo la conclusione del Sinodo, nella sua classica opera\u00a0Stimulus Pastorum, molto apprezzata dallo stesso san Carlo Borromeo, definisce la Visita pastorale\u00a0quasi anima episcopalis regiminis\u00a0ed efficacemente la descrive come un&#8217;espansione della presenza spirituale del Vescovo tra i suoi fedeli. Nella sua Visita pastorale alla parrocchia, lasciato ad altri delegati l&#8217;esame delle questioni di carattere amministrativo, il Vescovo privilegi l&#8217;incontro con le persone, a cominciare dal parroco e dagli altri sacerdoti. \u00c8 questo il momento in cui egli esercita pi\u00f9 da vicino per il suo popolo il ministero della parola, della santificazione e della guida pastorale, entrando a pi\u00f9 diretto contatto con le ansie e le preoccupazioni, le gioie e le attese della gente e potendo rivolgere a tutti un invito alla speranza. Qui, soprattutto, il Vescovo ha il diretto contatto con le persone pi\u00f9 povere, con gli anziani e con gli ammalati. Realizzata cos\u00ec, la Visita pastorale si mostra qual \u00e8, un segno della presenza del Signore che visita il suo popolo nella pace (Giovanni Paolo II, Esortazione apostolica post-sinodale \u201cPastores gregis\u201d, 46)<\/p>\n","protected":false},"excerpt":{"rendered":"<p>\u00c8 proprio in questa prospettiva che emerge l&#8217;importanza della Visita pastorale, autentico tempo di grazia e momento speciale, anzi unico, in ordine all&#8217;incontro e al dialogo del Vescovo con i fedeli.\u00a0Il Vescovo Bartolomeu dos Martires, che io stesso ho beatificato<\/p>\n","protected":false},"author":243,"featured_media":0,"parent":0,"menu_order":0,"comment_status":"closed","ping_status":"closed","template":"","meta":{"footnotes":""},"class_list":["post-16","page","type-page","status-publish","hentry"],"_links":{"self":[{"href":"https:\/\/www.diocesilucca.it\/visitapastorale\/wp-json\/wp\/v2\/pages\/16","targetHints":{"allow":["GET"]}}],"collection":[{"href":"https:\/\/www.diocesilucca.it\/visitapastorale\/wp-json\/wp\/v2\/pages"}],"about":[{"href":"https:\/\/www.diocesilucca.it\/visitapastorale\/wp-json\/wp\/v2\/types\/page"}],"author":[{"embeddable":true,"href":"https:\/\/www.diocesilucca.it\/visitapastorale\/wp-json\/wp\/v2\/users\/243"}],"replies":[{"embeddable":true,"href":"https:\/\/www.diocesilucca.it\/visitapastorale\/wp-json\/wp\/v2\/comments?post=16"}],"version-history":[{"count":1,"href":"https:\/\/www.diocesilucca.it\/visitapastorale\/wp-json\/wp\/v2\/pages\/16\/revisions"}],"predecessor-version":[{"id":17,"href":"https:\/\/www.diocesilucca.it\/visitapastorale\/wp-json\/wp\/v2\/pages\/16\/revisions\/17"}],"wp:attachment":[{"href":"https:\/\/www.diocesilucca.it\/visitapastorale\/wp-json\/wp\/v2\/media?parent=16"}],"curies":[{"name":"wp","href":"https:\/\/api.w.org\/{rel}","templated":true}]}}

<p>È proprio in questa prospettiva che emerge l&#8217;importanza della Visita pastorale, autentico tempo di grazia e momento speciale, anzi unico, in ordine all&#8217;incontro e al dialogo del Vescovo con i fedeli. Il Vescovo Bartolomeu dos Martires, che io stesso ho beatificato pochi giorni dopo la conclusione del Sinodo, nella sua classica opera Stimulus Pastorum, molto apprezzata dallo stesso san Carlo Borromeo, definisce la Visita pastorale quasi anima episcopalis regiminis ed efficacemente la descrive come un&#8217;espansione della presenza spirituale del Vescovo tra i suoi fedeli. Nella sua Visita pastorale alla parrocchia, lasciato ad altri delegati l&#8217;esame delle questioni di carattere amministrativo, il Vescovo privilegi l&#8217;incontro con le persone, a cominciare dal parroco e dagli altri sacerdoti. È questo il momento in cui egli esercita più da vicino per il suo popolo il ministero della parola, della santificazione e della guida pastorale, entrando a più diretto contatto con le ansie e le preoccupazioni, le gioie e le attese della gente e potendo rivolgere a tutti un invito alla speranza. Qui, soprattutto, il Vescovo ha il diretto contatto con le persone più povere, con gli anziani e con gli ammalati. Realizzata così, la Visita pastorale si mostra qual è, un segno della presenza del Signore che visita il suo popolo nella pace (Giovanni Paolo II, Esortazione apostolica post-sinodale “Pastores gregis”, 46)</p>

<p>È proprio in questa prospettiva che emerge l&#8217;importanza della Visita pastorale, autentico tempo di grazia e momento speciale, anzi unico, in ordine all&#8217;incontro e al dialogo del Vescovo con i fedeli. Il Vescovo Bartolomeu dos Martires, che io stesso ho beatificato</p>
