{"id":757,"date":"2023-03-19T14:20:53","date_gmt":"2023-03-19T13:20:53","guid":{"rendered":"https:\/\/www.diocesilucca.it\/thesaurumfidei\/?page_id=757"},"modified":"2023-04-21T14:50:09","modified_gmt":"2023-04-21T12:50:09","slug":"prenota-una-visita","status":"publish","type":"page","link":"https:\/\/www.diocesilucca.it\/thesaurumfidei\/prenota-una-visita\/","title":{"rendered":"Prenota una visita"},"content":{"rendered":"\n<h2 class=\"wp-block-heading\"><strong>ARCHIVIO DI STATO<\/strong><\/h2>\n\n\n\n<figure class=\"wp-block-image alignleft size-large is-resized\"><img loading=\"lazy\" decoding=\"async\" src=\"https:\/\/www.diocesilucca.it\/thesaurumfidei\/wp-content\/uploads\/sites\/14\/2023\/03\/FOTO-A-1024x684.jpg\" alt=\"\" class=\"wp-image-664\" width=\"768\" height=\"513\" srcset=\"https:\/\/www.diocesilucca.it\/thesaurumfidei\/wp-content\/uploads\/sites\/14\/2023\/03\/FOTO-A-1024x684.jpg 1024w, https:\/\/www.diocesilucca.it\/thesaurumfidei\/wp-content\/uploads\/sites\/14\/2023\/03\/FOTO-A-300x200.jpg 300w, https:\/\/www.diocesilucca.it\/thesaurumfidei\/wp-content\/uploads\/sites\/14\/2023\/03\/FOTO-A-768x513.jpg 768w, https:\/\/www.diocesilucca.it\/thesaurumfidei\/wp-content\/uploads\/sites\/14\/2023\/03\/FOTO-A-1536x1025.jpg 1536w, https:\/\/www.diocesilucca.it\/thesaurumfidei\/wp-content\/uploads\/sites\/14\/2023\/03\/FOTO-A-600x400.jpg 600w, https:\/\/www.diocesilucca.it\/thesaurumfidei\/wp-content\/uploads\/sites\/14\/2023\/03\/FOTO-A.jpg 2048w\" sizes=\"auto, (max-width: 768px) 100vw, 768px\" \/><\/figure>\n\n\n\n<p>Visita su prenotazione<\/p>\n\n\n\n<p>luned\u00ec, marted\u00ec, mercoled\u00ec 9-13<\/p>\n\n\n\n<div class=\"wp-block-buttons is-layout-flex wp-block-buttons-is-layout-flex\">\n<div class=\"wp-block-button\"><a class=\"wp-block-button__link wp-element-button\" href=\"https:\/\/www.diocesilucca.it\/thesaurumfidei\/locations\/archivio-di-stato\/\">Prenota una visita<\/a><\/div>\n<\/div>\n\n\n\n<p><\/p>\n\n\n\n<p>Piazza Guidiccioni 8, Lucca C.S.<\/p>\n\n\n\n<p><a rel=\"noreferrer noopener\" href=\"mailto:as-lu@cultura.gov.it\" target=\"_blank\">as-lu@cultura.gov.it<\/a><\/p>\n\n\n\n<p><a href=\"https:\/\/archiviodistatoinlucca.cultura.gov.it\/home\">https:\/\/archiviodistatoinlucca.cultura.gov.it\/home<\/a><\/p>\n\n\n\n<div style=\"height:100px\" aria-hidden=\"true\" class=\"wp-block-spacer\"><\/div>\n\n\n\n<div class=\"wp-block-group is-layout-constrained wp-block-group-is-layout-constrained\">\n<h2 class=\"wp-block-heading\"><strong>BIBLIOTECA STATALE DI LUCCA<\/strong><\/h2>\n\n\n\n<figure class=\"wp-block-image alignleft size-large is-resized\"><img loading=\"lazy\" decoding=\"async\" src=\"https:\/\/www.diocesilucca.it\/thesaurumfidei\/wp-content\/uploads\/sites\/14\/2023\/03\/FOTO-B-1024x768.jpg\" alt=\"\" class=\"wp-image-665\" width=\"768\" height=\"576\" srcset=\"https:\/\/www.diocesilucca.it\/thesaurumfidei\/wp-content\/uploads\/sites\/14\/2023\/03\/FOTO-B-1024x768.jpg 1024w, https:\/\/www.diocesilucca.it\/thesaurumfidei\/wp-content\/uploads\/sites\/14\/2023\/03\/FOTO-B-300x225.jpg 300w, https:\/\/www.diocesilucca.it\/thesaurumfidei\/wp-content\/uploads\/sites\/14\/2023\/03\/FOTO-B-768x576.jpg 768w, https:\/\/www.diocesilucca.it\/thesaurumfidei\/wp-content\/uploads\/sites\/14\/2023\/03\/FOTO-B-1536x1152.jpg 1536w, https:\/\/www.diocesilucca.it\/thesaurumfidei\/wp-content\/uploads\/sites\/14\/2023\/03\/FOTO-B-600x450.jpg 600w, https:\/\/www.diocesilucca.it\/thesaurumfidei\/wp-content\/uploads\/sites\/14\/2023\/03\/FOTO-B.jpg 2048w\" sizes=\"auto, (max-width: 768px) 100vw, 768px\" \/><\/figure>\n\n\n\n<p>Visita su prenotazione<\/p>\n\n\n\n<p>luned\u00ec, marted\u00ec, mercoled\u00ec, gioved\u00ec e venerd\u00ec 9-13<\/p>\n\n\n\n<div class=\"wp-block-buttons is-layout-flex wp-block-buttons-is-layout-flex\">\n<div class=\"wp-block-button\"><a class=\"wp-block-button__link wp-element-button\" href=\"https:\/\/www.diocesilucca.it\/thesaurumfidei\/locations\/biblioteca-statale\/\">Prenota una visita<\/a><\/div>\n<\/div>\n\n\n\n<p><\/p>\n\n\n\n<p>S. Maria Corteorlandini 12, Lucca C.S.<\/p>\n\n\n\n<p><a href=\"mailto:bs-lu@cultura.gov.it\" target=\"_blank\" rel=\"noreferrer noopener\">bs-lu@cultura.gov.it<\/a><\/p>\n\n\n\n<p><a href=\"https:\/\/www.bibliotecastatalelucca-bslu.beniculturali.it\/\">https:\/\/www.bibliotecastatalelucca-bslu.beniculturali.it\/<\/a><\/p>\n\n\n\n<div style=\"height:100px\" aria-hidden=\"true\" class=\"wp-block-spacer\"><\/div>\n<\/div>\n\n\n\n<h2 class=\"wp-block-heading\"><strong>ARCHIVIO STORICO DIOCESANO DI LUCCA<\/strong><\/h2>\n\n\n\n<figure class=\"wp-block-image alignleft size-large is-resized\"><img loading=\"lazy\" decoding=\"async\" src=\"https:\/\/www.diocesilucca.it\/thesaurumfidei\/wp-content\/uploads\/sites\/14\/2023\/03\/ArcLuccaMar2010_060_-1024x966.jpg\" alt=\"\" class=\"wp-image-837\" width=\"768\" height=\"725\" srcset=\"https:\/\/www.diocesilucca.it\/thesaurumfidei\/wp-content\/uploads\/sites\/14\/2023\/03\/ArcLuccaMar2010_060_-1024x966.jpg 1024w, https:\/\/www.diocesilucca.it\/thesaurumfidei\/wp-content\/uploads\/sites\/14\/2023\/03\/ArcLuccaMar2010_060_-300x283.jpg 300w, https:\/\/www.diocesilucca.it\/thesaurumfidei\/wp-content\/uploads\/sites\/14\/2023\/03\/ArcLuccaMar2010_060_-768x724.jpg 768w, https:\/\/www.diocesilucca.it\/thesaurumfidei\/wp-content\/uploads\/sites\/14\/2023\/03\/ArcLuccaMar2010_060_-600x566.jpg 600w, https:\/\/www.diocesilucca.it\/thesaurumfidei\/wp-content\/uploads\/sites\/14\/2023\/03\/ArcLuccaMar2010_060_.jpg 1340w\" sizes=\"auto, (max-width: 768px) 100vw, 768px\" \/><\/figure>\n\n\n\n<p>Visita su prenotazione<\/p>\n\n\n\n<p>luned\u00ec, marted\u00ec e mercoled\u00ec 10-13 \/ 15-17<\/p>\n\n\n\n<p>gioved\u00ec 10-13<\/p>\n\n\n\n<div class=\"wp-block-buttons is-layout-flex wp-block-buttons-is-layout-flex\">\n<div class=\"wp-block-button\"><a class=\"wp-block-button__link wp-element-button\" href=\"https:\/\/www.diocesilucca.it\/thesaurumfidei\/locations\/archivio-diocesano\/\">Prenota una visita<\/a><\/div>\n<\/div>\n\n\n\n<p><\/p>\n\n\n\n<p>Via dell&#8217;Arcivescovado 45, Lucca C.S<\/p>\n\n\n\n<p><a rel=\"noreferrer noopener\" href=\"mailto:archivio@diocesilucca.it\" target=\"_blank\">archivio@diocesilucca.it<\/a><\/p>\n\n\n\n<p><a href=\"https:\/\/www.diocesilucca.it\/archivio\" data-type=\"URL\" data-id=\"https:\/\/www.diocesilucca.it\/archivio\">https:\/\/www.diocesilucca.it\/archivio<\/a><\/p>\n\n\n\n<div style=\"height:100px\" aria-hidden=\"true\" class=\"wp-block-spacer\"><\/div>\n\n\n\n<h2 class=\"wp-block-heading\"><strong>CHIESA DI SAN CRISTOFORO<\/strong><\/h2>\n\n\n\n<figure class=\"wp-block-image alignleft size-full is-resized\"><img loading=\"lazy\" decoding=\"async\" src=\"https:\/\/www.diocesilucca.it\/thesaurumfidei\/wp-content\/uploads\/sites\/14\/2023\/03\/FOTO-D.jpg\" alt=\"\" class=\"wp-image-668\" width=\"750\" height=\"500\" srcset=\"https:\/\/www.diocesilucca.it\/thesaurumfidei\/wp-content\/uploads\/sites\/14\/2023\/03\/FOTO-D.jpg 1000w, https:\/\/www.diocesilucca.it\/thesaurumfidei\/wp-content\/uploads\/sites\/14\/2023\/03\/FOTO-D-300x200.jpg 300w, https:\/\/www.diocesilucca.it\/thesaurumfidei\/wp-content\/uploads\/sites\/14\/2023\/03\/FOTO-D-768x512.jpg 768w, https:\/\/www.diocesilucca.it\/thesaurumfidei\/wp-content\/uploads\/sites\/14\/2023\/03\/FOTO-D-600x400.jpg 600w\" sizes=\"auto, (max-width: 750px) 100vw, 750px\" \/><\/figure>\n\n\n\n<p>Prenota una visita guidata<\/p>\n\n\n\n<p>luned\u00ec, marted\u00ec, mercoled\u00ec, gioved\u00ec e venerd\u00ec<\/p>\n\n\n\n<p>9-13 | 15-18<\/p>\n\n\n\n<div class=\"wp-block-buttons is-layout-flex wp-block-buttons-is-layout-flex\">\n<div class=\"wp-block-button\"><a class=\"wp-block-button__link wp-element-button\" href=\"https:\/\/www.diocesilucca.it\/thesaurumfidei\/locations\/chiesa-di-san-cristoforo\/\">Prenota una visita<\/a><\/div>\n<\/div>\n\n\n\n<p><\/p>\n\n\n\n<p>Via Fillungo 6, Lucca C.S.<\/p>\n\n\n\n<p><a href=\"mailto:ucai.lucca@gmail.com\" target=\"_blank\" rel=\"noreferrer noopener\">ucai.lucca@gmail.com<\/a><\/p>\n\n\n\n<p><a rel=\"noreferrer noopener\" href=\"mailto:orsucci450@diocesilucca.it\" target=\"_blank\">orsucci450@diocesilucca.it<\/a><\/p>\n\n\n\n<div style=\"height:100px\" aria-hidden=\"true\" class=\"wp-block-spacer\"><\/div>\n\n\n\n<h2 class=\"wp-block-heading\"><strong>CATTEDRALE DI SAN MARTINO<\/strong><\/h2>\n\n\n\n<figure class=\"wp-block-image alignleft size-full is-resized\"><img loading=\"lazy\" decoding=\"async\" src=\"https:\/\/www.diocesilucca.it\/thesaurumfidei\/wp-content\/uploads\/sites\/14\/2023\/04\/SAN-MARTINO.jpg\" alt=\"\" class=\"wp-image-1508\" width=\"768\" height=\"576\" srcset=\"https:\/\/www.diocesilucca.it\/thesaurumfidei\/wp-content\/uploads\/sites\/14\/2023\/04\/SAN-MARTINO.jpg 1024w, https:\/\/www.diocesilucca.it\/thesaurumfidei\/wp-content\/uploads\/sites\/14\/2023\/04\/SAN-MARTINO-300x225.jpg 300w, https:\/\/www.diocesilucca.it\/thesaurumfidei\/wp-content\/uploads\/sites\/14\/2023\/04\/SAN-MARTINO-768x576.jpg 768w, https:\/\/www.diocesilucca.it\/thesaurumfidei\/wp-content\/uploads\/sites\/14\/2023\/04\/SAN-MARTINO-600x450.jpg 600w\" sizes=\"auto, (max-width: 768px) 100vw, 768px\" \/><\/figure>\n\n\n\n<p>Visita libera<\/p>\n\n\n\n<p>Luned\u00ec &#8211; Sabato 9:30 &#8211; 18:00<\/p>\n\n\n\n<p>Domenica 12:00 &#8211; 18:00<\/p>\n\n\n\n<p class=\"has-vivid-red-color has-text-color\"><em>L&#8217;ultimo ingresso 30 minuti prima della chiusura<\/em><\/p>\n\n\n\n<p><em>Per motivi liturgici l&#8217;orario della cattedrale potra&#8217; subire delle variazioni.<\/em><\/p>\n\n\n\n<p><\/p>\n\n\n\n<p>Piazza Antelminelli 55100, Lucca C.S.<\/p>\n\n\n\n<p><a href=\"https:\/\/www.museocattedralelucca.it\/cattedrale-lucca\/\">https:\/\/www.museocattedralelucca.it\/cattedrale-lucca<\/a><\/p>\n","protected":false},"excerpt":{"rendered":"<p>ARCHIVIO DI STATO Visita su prenotazione luned\u00ec, marted\u00ec, mercoled\u00ec 9-13 Piazza Guidiccioni 8, Lucca C.S. as-lu@cultura.gov.it https:\/\/archiviodistatoinlucca.cultura.gov.it\/home BIBLIOTECA STATALE DI LUCCA Visita su prenotazione luned\u00ec, marted\u00ec, mercoled\u00ec, gioved\u00ec e venerd\u00ec 9-13 S. Maria Corteorlandini 12, Lucca C.S. bs-lu@cultura.gov.it https:\/\/www.bibliotecastatalelucca-bslu.beniculturali.it\/ ARCHIVIO<\/p>\n","protected":false},"author":243,"featured_media":0,"parent":0,"menu_order":0,"comment_status":"closed","ping_status":"closed","template":"","meta":{"footnotes":""},"class_list":["post-757","page","type-page","status-publish","hentry"],"_links":{"self":[{"href":"https:\/\/www.diocesilucca.it\/thesaurumfidei\/wp-json\/wp\/v2\/pages\/757","targetHints":{"allow":["GET"]}}],"collection":[{"href":"https:\/\/www.diocesilucca.it\/thesaurumfidei\/wp-json\/wp\/v2\/pages"}],"about":[{"href":"https:\/\/www.diocesilucca.it\/thesaurumfidei\/wp-json\/wp\/v2\/types\/page"}],"author":[{"embeddable":true,"href":"https:\/\/www.diocesilucca.it\/thesaurumfidei\/wp-json\/wp\/v2\/users\/243"}],"replies":[{"embeddable":true,"href":"https:\/\/www.diocesilucca.it\/thesaurumfidei\/wp-json\/wp\/v2\/comments?post=757"}],"version-history":[{"count":16,"href":"https:\/\/www.diocesilucca.it\/thesaurumfidei\/wp-json\/wp\/v2\/pages\/757\/revisions"}],"predecessor-version":[{"id":1509,"href":"https:\/\/www.diocesilucca.it\/thesaurumfidei\/wp-json\/wp\/v2\/pages\/757\/revisions\/1509"}],"wp:attachment":[{"href":"https:\/\/www.diocesilucca.it\/thesaurumfidei\/wp-json\/wp\/v2\/media?parent=757"}],"curies":[{"name":"wp","href":"https:\/\/api.w.org\/{rel}","templated":true}]}}

<h2 class="wp-block-heading"><strong>ARCHIVIO DI STATO</strong></h2>



<figure class="wp-block-image alignleft size-large is-resized"><img loading="lazy" decoding="async" src="https://www.diocesilucca.it/thesaurumfidei/wp-content/uploads/sites/14/2023/03/FOTO-A-1024x684.jpg" alt="" class="wp-image-664" width="768" height="513" srcset="https://www.diocesilucca.it/thesaurumfidei/wp-content/uploads/sites/14/2023/03/FOTO-A-1024x684.jpg 1024w, https://www.diocesilucca.it/thesaurumfidei/wp-content/uploads/sites/14/2023/03/FOTO-A-300x200.jpg 300w, https://www.diocesilucca.it/thesaurumfidei/wp-content/uploads/sites/14/2023/03/FOTO-A-768x513.jpg 768w, https://www.diocesilucca.it/thesaurumfidei/wp-content/uploads/sites/14/2023/03/FOTO-A-1536x1025.jpg 1536w, https://www.diocesilucca.it/thesaurumfidei/wp-content/uploads/sites/14/2023/03/FOTO-A-600x400.jpg 600w, https://www.diocesilucca.it/thesaurumfidei/wp-content/uploads/sites/14/2023/03/FOTO-A.jpg 2048w" sizes="auto, (max-width: 768px) 100vw, 768px" /></figure>



<p>Visita su prenotazione</p>



<p>lunedì, martedì, mercoledì 9-13</p>



<div class="wp-block-buttons is-layout-flex wp-block-buttons-is-layout-flex">
<div class="wp-block-button"><a class="wp-block-button__link wp-element-button" href="https://www.diocesilucca.it/thesaurumfidei/locations/archivio-di-stato/">Prenota una visita</a></div>
</div>



<p></p>



<p>Piazza Guidiccioni 8, Lucca C.S.</p>



<p><a rel="noreferrer noopener" href="mailto:as-lu@cultura.gov.it" target="_blank">as-lu@cultura.gov.it</a></p>



<p><a href="https://archiviodistatoinlucca.cultura.gov.it/home">https://archiviodistatoinlucca.cultura.gov.it/home</a></p>



<div style="height:100px" aria-hidden="true" class="wp-block-spacer"></div>



<div class="wp-block-group is-layout-constrained wp-block-group-is-layout-constrained">
<h2 class="wp-block-heading"><strong>BIBLIOTECA STATALE DI LUCCA</strong></h2>



<figure class="wp-block-image alignleft size-large is-resized"><img loading="lazy" decoding="async" src="https://www.diocesilucca.it/thesaurumfidei/wp-content/uploads/sites/14/2023/03/FOTO-B-1024x768.jpg" alt="" class="wp-image-665" width="768" height="576" srcset="https://www.diocesilucca.it/thesaurumfidei/wp-content/uploads/sites/14/2023/03/FOTO-B-1024x768.jpg 1024w, https://www.diocesilucca.it/thesaurumfidei/wp-content/uploads/sites/14/2023/03/FOTO-B-300x225.jpg 300w, https://www.diocesilucca.it/thesaurumfidei/wp-content/uploads/sites/14/2023/03/FOTO-B-768x576.jpg 768w, https://www.diocesilucca.it/thesaurumfidei/wp-content/uploads/sites/14/2023/03/FOTO-B-1536x1152.jpg 1536w, https://www.diocesilucca.it/thesaurumfidei/wp-content/uploads/sites/14/2023/03/FOTO-B-600x450.jpg 600w, https://www.diocesilucca.it/thesaurumfidei/wp-content/uploads/sites/14/2023/03/FOTO-B.jpg 2048w" sizes="auto, (max-width: 768px) 100vw, 768px" /></figure>



<p>Visita su prenotazione</p>



<p>lunedì, martedì, mercoledì, giovedì e venerdì 9-13</p>



<div class="wp-block-buttons is-layout-flex wp-block-buttons-is-layout-flex">
<div class="wp-block-button"><a class="wp-block-button__link wp-element-button" href="https://www.diocesilucca.it/thesaurumfidei/locations/biblioteca-statale/">Prenota una visita</a></div>
</div>



<p></p>



<p>S. Maria Corteorlandini 12, Lucca C.S.</p>



<p><a href="mailto:bs-lu@cultura.gov.it" target="_blank" rel="noreferrer noopener">bs-lu@cultura.gov.it</a></p>



<p><a href="https://www.bibliotecastatalelucca-bslu.beniculturali.it/">https://www.bibliotecastatalelucca-bslu.beniculturali.it/</a></p>



<div style="height:100px" aria-hidden="true" class="wp-block-spacer"></div>
</div>



<h2 class="wp-block-heading"><strong>ARCHIVIO STORICO DIOCESANO DI LUCCA</strong></h2>



<figure class="wp-block-image alignleft size-large is-resized"><img loading="lazy" decoding="async" src="https://www.diocesilucca.it/thesaurumfidei/wp-content/uploads/sites/14/2023/03/ArcLuccaMar2010_060_-1024x966.jpg" alt="" class="wp-image-837" width="768" height="725" srcset="https://www.diocesilucca.it/thesaurumfidei/wp-content/uploads/sites/14/2023/03/ArcLuccaMar2010_060_-1024x966.jpg 1024w, https://www.diocesilucca.it/thesaurumfidei/wp-content/uploads/sites/14/2023/03/ArcLuccaMar2010_060_-300x283.jpg 300w, https://www.diocesilucca.it/thesaurumfidei/wp-content/uploads/sites/14/2023/03/ArcLuccaMar2010_060_-768x724.jpg 768w, https://www.diocesilucca.it/thesaurumfidei/wp-content/uploads/sites/14/2023/03/ArcLuccaMar2010_060_-600x566.jpg 600w, https://www.diocesilucca.it/thesaurumfidei/wp-content/uploads/sites/14/2023/03/ArcLuccaMar2010_060_.jpg 1340w" sizes="auto, (max-width: 768px) 100vw, 768px" /></figure>



<p>Visita su prenotazione</p>



<p>lunedì, martedì e mercoledì 10-13 / 15-17</p>



<p>giovedì 10-13</p>



<div class="wp-block-buttons is-layout-flex wp-block-buttons-is-layout-flex">
<div class="wp-block-button"><a class="wp-block-button__link wp-element-button" href="https://www.diocesilucca.it/thesaurumfidei/locations/archivio-diocesano/">Prenota una visita</a></div>
</div>



<p></p>



<p>Via dell&#8217;Arcivescovado 45, Lucca C.S</p>



<p><a rel="noreferrer noopener" href="mailto:archivio@diocesilucca.it" target="_blank">archivio@diocesilucca.it</a></p>



<p><a href="https://www.diocesilucca.it/archivio" data-type="URL" data-id="https://www.diocesilucca.it/archivio">https://www.diocesilucca.it/archivio</a></p>



<div style="height:100px" aria-hidden="true" class="wp-block-spacer"></div>



<h2 class="wp-block-heading"><strong>CHIESA DI SAN CRISTOFORO</strong></h2>



<figure class="wp-block-image alignleft size-full is-resized"><img loading="lazy" decoding="async" src="https://www.diocesilucca.it/thesaurumfidei/wp-content/uploads/sites/14/2023/03/FOTO-D.jpg" alt="" class="wp-image-668" width="750" height="500" srcset="https://www.diocesilucca.it/thesaurumfidei/wp-content/uploads/sites/14/2023/03/FOTO-D.jpg 1000w, https://www.diocesilucca.it/thesaurumfidei/wp-content/uploads/sites/14/2023/03/FOTO-D-300x200.jpg 300w, https://www.diocesilucca.it/thesaurumfidei/wp-content/uploads/sites/14/2023/03/FOTO-D-768x512.jpg 768w, https://www.diocesilucca.it/thesaurumfidei/wp-content/uploads/sites/14/2023/03/FOTO-D-600x400.jpg 600w" sizes="auto, (max-width: 750px) 100vw, 750px" /></figure>



<p>Prenota una visita guidata</p>



<p>lunedì, martedì, mercoledì, giovedì e venerdì</p>



<p>9-13 | 15-18</p>



<div class="wp-block-buttons is-layout-flex wp-block-buttons-is-layout-flex">
<div class="wp-block-button"><a class="wp-block-button__link wp-element-button" href="https://www.diocesilucca.it/thesaurumfidei/locations/chiesa-di-san-cristoforo/">Prenota una visita</a></div>
</div>



<p></p>



<p>Via Fillungo 6, Lucca C.S.</p>



<p><a href="mailto:ucai.lucca@gmail.com" target="_blank" rel="noreferrer noopener">ucai.lucca@gmail.com</a></p>



<p><a rel="noreferrer noopener" href="mailto:orsucci450@diocesilucca.it" target="_blank">orsucci450@diocesilucca.it</a></p>



<div style="height:100px" aria-hidden="true" class="wp-block-spacer"></div>



<h2 class="wp-block-heading"><strong>CATTEDRALE DI SAN MARTINO</strong></h2>



<figure class="wp-block-image alignleft size-full is-resized"><img loading="lazy" decoding="async" src="https://www.diocesilucca.it/thesaurumfidei/wp-content/uploads/sites/14/2023/04/SAN-MARTINO.jpg" alt="" class="wp-image-1508" width="768" height="576" srcset="https://www.diocesilucca.it/thesaurumfidei/wp-content/uploads/sites/14/2023/04/SAN-MARTINO.jpg 1024w, https://www.diocesilucca.it/thesaurumfidei/wp-content/uploads/sites/14/2023/04/SAN-MARTINO-300x225.jpg 300w, https://www.diocesilucca.it/thesaurumfidei/wp-content/uploads/sites/14/2023/04/SAN-MARTINO-768x576.jpg 768w, https://www.diocesilucca.it/thesaurumfidei/wp-content/uploads/sites/14/2023/04/SAN-MARTINO-600x450.jpg 600w" sizes="auto, (max-width: 768px) 100vw, 768px" /></figure>



<p>Visita libera</p>



<p>Lunedì &#8211; Sabato 9:30 &#8211; 18:00</p>



<p>Domenica 12:00 &#8211; 18:00</p>



<p class="has-vivid-red-color has-text-color"><em>L&#8217;ultimo ingresso 30 minuti prima della chiusura</em></p>



<p><em>Per motivi liturgici l&#8217;orario della cattedrale potra&#8217; subire delle variazioni.</em></p>



<p></p>



<p>Piazza Antelminelli 55100, Lucca C.S.</p>



<p><a href="https://www.museocattedralelucca.it/cattedrale-lucca/">https://www.museocattedralelucca.it/cattedrale-lucca</a></p>

<p>ARCHIVIO DI STATO Visita su prenotazione lunedì, martedì, mercoledì 9-13 Piazza Guidiccioni 8, Lucca C.S. as-lu@cultura.gov.it https://archiviodistatoinlucca.cultura.gov.it/home BIBLIOTECA STATALE DI LUCCA Visita su prenotazione lunedì, martedì, mercoledì, giovedì e venerdì 9-13 S. Maria Corteorlandini 12, Lucca C.S. bs-lu@cultura.gov.it https://www.bibliotecastatalelucca-bslu.beniculturali.it/ ARCHIVIO</p>
