{"id":189,"date":"2019-01-09T00:09:52","date_gmt":"2019-01-08T23:09:52","guid":{"rendered":"https:\/\/www.diocesilucca.it\/policoro\/?page_id=189"},"modified":"2019-01-23T15:46:18","modified_gmt":"2019-01-23T14:46:18","slug":"cose","status":"publish","type":"page","link":"https:\/\/www.diocesilucca.it\/policoro\/cose\/","title":{"rendered":"Cos&#8217;\u00e8"},"content":{"rendered":"<p>Il Progetto Policoro \u00e8 un <strong>progetto della CEI<\/strong> a disposizione delle diocesi italiane che mira a mettere in atto forme di accompagnamento dei giovani alla realizzazione di idee imprenditoriali e lavorative. Educa alla legalit\u00e0 e promuove la cultura del buon lavoro fondata sui principi dell\u2019economia civile. Istituito a livello nazionale nel 1995 da un&#8217;idea di <strong>Don Mario Operti<\/strong>, prende il nome da Policoro, localit\u00e0 in provincia di Matera dov&#8217;\u00e8 nato. A Lucca il Progetto Policoro \u00e8 attivo dal 2015.<\/p>\r\n<p>Al centro del Progetto Policoro ci sono <strong>tre uffici diocesani<\/strong>:\u00a0Pastorale Sociale e del Lavoro, Pastorale Giovanile e Caritas. Questi collaborano tra loro, affidando la realizzazione delle attivit\u00e0 del Progetto a un giovane, l&#8217;<strong>Animatore di Comunit\u00e0 <\/strong>(AdC), sotto la guida di un Tutor diocesano.<\/p>\r\n<p>Il metodo di operare del Progetto Policoro \u00e8 il &#8220;<strong>fare rete<\/strong>&#8220;, cercando il coinvolgimento di tutte le realt\u00e0 del territorio che in qualche modo possono e sono interessate a dare un aiuto gratuito ai giovani in cerca di lavoro. I primi soggetti a cui si guarda sono quelli che a livello nazionale hanno aderito al Progetto, ossia le cosiddette &#8220;<strong>filiere<\/strong>&#8220;: tra questi, Libera, Confcooperative, Coldiretti, CISL, Acli&#8230; Ma lo sguardo va anche oltre: il Progetto Policoro di Lucca collabora oggi con istituzioni, professionisti, aziende, scuole, associazioni di categoria, lavoratori e imprenditori. Tra le varie attivit\u00e0, gli animatori sono coinvolti anche in alcune equipe ReI (reddito di inclusione) della Piana di Lucca.<\/p>\r\n<p>Su questioni pi\u00f9 specifiche e complesse, come la realizzazione di idee imprenditoriali, il Progetto Policoro di Lucca pu\u00f2 contare su un&#8217;<strong>equipe tecnica<\/strong> formata da alcuni professionisti che hanno messo gratuitamente a disposizione le loro competenze per i giovani accompagnati dagli animatori. Tra i componenti di questa equipe troviamo un commercialista, un avvocato, un consulente del lavoro, un esperto in materia contabile e fiscale, un ex bancario.<\/p>\r\n<p>Lo <strong>scopo del Progetto Policoro<\/strong> \u00e8 s\u00ec quello di dare una mano ai giovani nella <strong>ricerca del lavoro<\/strong>, ma nell&#8217;ottica pi\u00f9 profonda di aiutarli a <strong>trovare una strada<\/strong> per la propria vita che permetta loro di crescere ed esprimere al meglio talenti e qualit\u00e0. Questo avviene attraverso un <strong>accompagnamento specifico, personale, informale e qualificato<\/strong> che l&#8217;animatore svolge al servizio dei giovani che incontra.<\/p>\r\n\r\n\r\n<div style=\"height:586px\" class=\"wp-block-spacer\"><\/div>\r\n","protected":false},"excerpt":{"rendered":"<p>Il Progetto Policoro \u00e8 un progetto della CEI a disposizione delle diocesi italiane che mira a mettere in atto forme di accompagnamento dei giovani alla realizzazione di idee imprenditoriali e lavorative. Educa alla legalit\u00e0 e promuove la cultura del buon<\/p>\n","protected":false},"author":7,"featured_media":0,"parent":0,"menu_order":6,"comment_status":"closed","ping_status":"closed","template":"","meta":{"footnotes":""},"class_list":["post-189","page","type-page","status-publish","hentry"],"_links":{"self":[{"href":"https:\/\/www.diocesilucca.it\/policoro\/wp-json\/wp\/v2\/pages\/189","targetHints":{"allow":["GET"]}}],"collection":[{"href":"https:\/\/www.diocesilucca.it\/policoro\/wp-json\/wp\/v2\/pages"}],"about":[{"href":"https:\/\/www.diocesilucca.it\/policoro\/wp-json\/wp\/v2\/types\/page"}],"author":[{"embeddable":true,"href":"https:\/\/www.diocesilucca.it\/policoro\/wp-json\/wp\/v2\/users\/7"}],"replies":[{"embeddable":true,"href":"https:\/\/www.diocesilucca.it\/policoro\/wp-json\/wp\/v2\/comments?post=189"}],"version-history":[{"count":12,"href":"https:\/\/www.diocesilucca.it\/policoro\/wp-json\/wp\/v2\/pages\/189\/revisions"}],"predecessor-version":[{"id":256,"href":"https:\/\/www.diocesilucca.it\/policoro\/wp-json\/wp\/v2\/pages\/189\/revisions\/256"}],"wp:attachment":[{"href":"https:\/\/www.diocesilucca.it\/policoro\/wp-json\/wp\/v2\/media?parent=189"}],"curies":[{"name":"wp","href":"https:\/\/api.w.org\/{rel}","templated":true}]}}

Cos&#8217;è

<p>Il Progetto Policoro è un <strong>progetto della CEI</strong> a disposizione delle diocesi italiane che mira a mettere in atto forme di accompagnamento dei giovani alla realizzazione di idee imprenditoriali e lavorative. Educa alla legalità e promuove la cultura del buon lavoro fondata sui principi dell’economia civile. Istituito a livello nazionale nel 1995 da un&#8217;idea di <strong>Don Mario Operti</strong>, prende il nome da Policoro, località in provincia di Matera dov&#8217;è nato. A Lucca il Progetto Policoro è attivo dal 2015.</p>
<p>Al centro del Progetto Policoro ci sono <strong>tre uffici diocesani</strong>: Pastorale Sociale e del Lavoro, Pastorale Giovanile e Caritas. Questi collaborano tra loro, affidando la realizzazione delle attività del Progetto a un giovane, l&#8217;<strong>Animatore di Comunità </strong>(AdC), sotto la guida di un Tutor diocesano.</p>
<p>Il metodo di operare del Progetto Policoro è il &#8220;<strong>fare rete</strong>&#8220;, cercando il coinvolgimento di tutte le realtà del territorio che in qualche modo possono e sono interessate a dare un aiuto gratuito ai giovani in cerca di lavoro. I primi soggetti a cui si guarda sono quelli che a livello nazionale hanno aderito al Progetto, ossia le cosiddette &#8220;<strong>filiere</strong>&#8220;: tra questi, Libera, Confcooperative, Coldiretti, CISL, Acli&#8230; Ma lo sguardo va anche oltre: il Progetto Policoro di Lucca collabora oggi con istituzioni, professionisti, aziende, scuole, associazioni di categoria, lavoratori e imprenditori. Tra le varie attività, gli animatori sono coinvolti anche in alcune equipe ReI (reddito di inclusione) della Piana di Lucca.</p>
<p>Su questioni più specifiche e complesse, come la realizzazione di idee imprenditoriali, il Progetto Policoro di Lucca può contare su un&#8217;<strong>equipe tecnica</strong> formata da alcuni professionisti che hanno messo gratuitamente a disposizione le loro competenze per i giovani accompagnati dagli animatori. Tra i componenti di questa equipe troviamo un commercialista, un avvocato, un consulente del lavoro, un esperto in materia contabile e fiscale, un ex bancario.</p>
<p>Lo <strong>scopo del Progetto Policoro</strong> è sì quello di dare una mano ai giovani nella <strong>ricerca del lavoro</strong>, ma nell&#8217;ottica più profonda di aiutarli a <strong>trovare una strada</strong> per la propria vita che permetta loro di crescere ed esprimere al meglio talenti e qualità. Questo avviene attraverso un <strong>accompagnamento specifico, personale, informale e qualificato</strong> che l&#8217;animatore svolge al servizio dei giovani che incontra.</p>


<div style="height:586px" class="wp-block-spacer"></div>

<p>Il Progetto Policoro è un progetto della CEI a disposizione delle diocesi italiane che mira a mettere in atto forme di accompagnamento dei giovani alla realizzazione di idee imprenditoriali e lavorative. Educa alla legalità e promuove la cultura del buon</p>
