{"id":11,"date":"2018-11-29T18:39:32","date_gmt":"2018-11-29T17:39:32","guid":{"rendered":"http:\/\/www2.diocesilucca.it\/policoro\/?page_id=11"},"modified":"2019-01-09T16:09:11","modified_gmt":"2019-01-09T15:09:11","slug":"scuola","status":"publish","type":"page","link":"https:\/\/www.diocesilucca.it\/policoro\/scuola\/","title":{"rendered":"Scuola"},"content":{"rendered":"<p>Il Progetto Policoro incontra gli studenti delle scuole superiori per parlare con loro di lavoro, orientamento e scelte. I percorsi offerti sono tre.&nbsp;Per ulteriori approfondimenti, invitiamo i dirigenti scolastici e i docenti interessati a <a href=\"https:\/\/www.diocesilucca.it\/policoro\/contatti\/\">contattarci<\/a>.<\/p>\r\n<p><strong>RICERCA ATTIVA DEL LAVORO<\/strong><br>\r\nUna settimana intensiva nella quale gli studenti hanno un &#8220;assaggio&#8221; di cosa li aspetta al termine del cammino formativo. Guidati dagli animatori, faranno esperienza di cosa significa tracciare un proprio bilancio di competenze, scrivere (correggere e riscrivere) un curriculum vitae, redigere una lettera motivazionale, sostenere un colloquio individuale e uno di gruppo, orientarsi sul territorio alla ricerca di risorse a loro utili e&#8230; lavorare in un&#8217;azienda, una grande azienda! Si misureranno con attivit\u00e0 da svolgere sia in autonomia che in team, ricevendo passo passo indicazioni e feedback da parte degli animatori del Progetto Policoro. La formula \u00e8 quella di un lungo laboratorio dinamico e interattivo, in grado di offrire competenze, spunti, idee, consapevolezza, motivazioni e contatti.<br>\r\n<em>Il percorso \u00e8 a pagamento per la scuola e gratuito per gli studenti. Pu\u00f2 essere attivato per le classi quarte e quinte superiori e pu\u00f2 essere anche inquadrato come un percorso di alternanza scuola-lavoro. Nell&#8217;anno scolastico 2017\/18 il percorso \u00e8 stato attivato in 4 classi.<\/em><\/p>\r\n<p><strong>BUON LAVORO!?<\/strong><br>\r\nDue incontri di un&#8217;ora ciascuno durante i quali l&#8217;animatore del Progetto Policoro tratta con gli studenti temi quali disoccupazione, mercato del lavoro, fenomeno NEET, orientamento e consapevolezza nelle scelte. Il tutto attraverso attivit\u00e0 pratiche, dinamiche, interattive.<br>\r\n<em>Il percorso \u00e8 completamente gratuito e rivolto esclusivamente agli studenti delle classi quinte delle scuole superiori. Nell&#8217;anno scolastico 2017\/18 il percorso \u00e8 stato attivato in 34 classi.<\/em><\/p>\r\n<p><strong>ALTERNANZA SCUOLA-LAVORO<\/strong><br>\r\nDal 2016 il Progetto Policoro propone agli studenti delle classi terze, quarte e quinte superiori percorsi di alternanza scuola-lavoro. Ogni anno la proposta si \u00e8 evoluta in modo sempre differente, esplorando in modi, tempi e spazi diversi le tante sfaccettature del mondo del lavoro e, pi\u00f9 in generale, dell&#8217;orientamento. Dal 2017 il Progetto Policoro collabora con il Comune di Lucca e con l&#8217;InformaGiovani di Lucca per offrire percorsi di alternanza scuola-lavoro sulla ricerca attiva del lavoro e sull&#8217;incontro con professionisti e lavoratori impiegati in vari settori.<br>\r\n<em>I percorsi sono completamente gratuiti. Il Progetto Policoro si rende disponibile per pianificare percorsi ad hoc insieme ai docenti interessati.<\/em><\/p>\r\n\r\n\r\n<div style=\"height:391px\" class=\"wp-block-spacer\"><\/div>\r\n","protected":false},"excerpt":{"rendered":"<p>Il Progetto Policoro incontra gli studenti delle scuole superiori per parlare con loro di lavoro, orientamento e scelte. I percorsi offerti sono tre.&nbsp;Per ulteriori approfondimenti, invitiamo i dirigenti scolastici e i docenti interessati a contattarci. RICERCA ATTIVA DEL LAVORO Una<\/p>\n","protected":false},"author":7,"featured_media":0,"parent":0,"menu_order":3,"comment_status":"closed","ping_status":"closed","template":"","meta":{"footnotes":""},"class_list":["post-11","page","type-page","status-publish","hentry"],"_links":{"self":[{"href":"https:\/\/www.diocesilucca.it\/policoro\/wp-json\/wp\/v2\/pages\/11","targetHints":{"allow":["GET"]}}],"collection":[{"href":"https:\/\/www.diocesilucca.it\/policoro\/wp-json\/wp\/v2\/pages"}],"about":[{"href":"https:\/\/www.diocesilucca.it\/policoro\/wp-json\/wp\/v2\/types\/page"}],"author":[{"embeddable":true,"href":"https:\/\/www.diocesilucca.it\/policoro\/wp-json\/wp\/v2\/users\/7"}],"replies":[{"embeddable":true,"href":"https:\/\/www.diocesilucca.it\/policoro\/wp-json\/wp\/v2\/comments?post=11"}],"version-history":[{"count":9,"href":"https:\/\/www.diocesilucca.it\/policoro\/wp-json\/wp\/v2\/pages\/11\/revisions"}],"predecessor-version":[{"id":242,"href":"https:\/\/www.diocesilucca.it\/policoro\/wp-json\/wp\/v2\/pages\/11\/revisions\/242"}],"wp:attachment":[{"href":"https:\/\/www.diocesilucca.it\/policoro\/wp-json\/wp\/v2\/media?parent=11"}],"curies":[{"name":"wp","href":"https:\/\/api.w.org\/{rel}","templated":true}]}}

<p>Il Progetto Policoro incontra gli studenti delle scuole superiori per parlare con loro di lavoro, orientamento e scelte. I percorsi offerti sono tre.&nbsp;Per ulteriori approfondimenti, invitiamo i dirigenti scolastici e i docenti interessati a <a href="https://www.diocesilucca.it/policoro/contatti/">contattarci</a>.</p>
<p><strong>RICERCA ATTIVA DEL LAVORO</strong><br>
Una settimana intensiva nella quale gli studenti hanno un &#8220;assaggio&#8221; di cosa li aspetta al termine del cammino formativo. Guidati dagli animatori, faranno esperienza di cosa significa tracciare un proprio bilancio di competenze, scrivere (correggere e riscrivere) un curriculum vitae, redigere una lettera motivazionale, sostenere un colloquio individuale e uno di gruppo, orientarsi sul territorio alla ricerca di risorse a loro utili e&#8230; lavorare in un&#8217;azienda, una grande azienda! Si misureranno con attività da svolgere sia in autonomia che in team, ricevendo passo passo indicazioni e feedback da parte degli animatori del Progetto Policoro. La formula è quella di un lungo laboratorio dinamico e interattivo, in grado di offrire competenze, spunti, idee, consapevolezza, motivazioni e contatti.<br>
<em>Il percorso è a pagamento per la scuola e gratuito per gli studenti. Può essere attivato per le classi quarte e quinte superiori e può essere anche inquadrato come un percorso di alternanza scuola-lavoro. Nell&#8217;anno scolastico 2017/18 il percorso è stato attivato in 4 classi.</em></p>
<p><strong>BUON LAVORO!?</strong><br>
Due incontri di un&#8217;ora ciascuno durante i quali l&#8217;animatore del Progetto Policoro tratta con gli studenti temi quali disoccupazione, mercato del lavoro, fenomeno NEET, orientamento e consapevolezza nelle scelte. Il tutto attraverso attività pratiche, dinamiche, interattive.<br>
<em>Il percorso è completamente gratuito e rivolto esclusivamente agli studenti delle classi quinte delle scuole superiori. Nell&#8217;anno scolastico 2017/18 il percorso è stato attivato in 34 classi.</em></p>
<p><strong>ALTERNANZA SCUOLA-LAVORO</strong><br>
Dal 2016 il Progetto Policoro propone agli studenti delle classi terze, quarte e quinte superiori percorsi di alternanza scuola-lavoro. Ogni anno la proposta si è evoluta in modo sempre differente, esplorando in modi, tempi e spazi diversi le tante sfaccettature del mondo del lavoro e, più in generale, dell&#8217;orientamento. Dal 2017 il Progetto Policoro collabora con il Comune di Lucca e con l&#8217;InformaGiovani di Lucca per offrire percorsi di alternanza scuola-lavoro sulla ricerca attiva del lavoro e sull&#8217;incontro con professionisti e lavoratori impiegati in vari settori.<br>
<em>I percorsi sono completamente gratuiti. Il Progetto Policoro si rende disponibile per pianificare percorsi ad hoc insieme ai docenti interessati.</em></p>


<div style="height:391px" class="wp-block-spacer"></div>
