{"id":2,"date":"2024-04-29T14:31:01","date_gmt":"2024-04-29T12:31:01","guid":{"rendered":"http:\/\/www.diocesilucca.it\/otrinuovi\/?page_id=2"},"modified":"2024-04-29T16:33:56","modified_gmt":"2024-04-29T14:33:56","slug":"pagina-di-esempio","status":"publish","type":"page","link":"https:\/\/www.diocesilucca.it\/otrinuovi\/","title":{"rendered":"Home"},"content":{"rendered":"\n<p><em>Otri nuovi<\/em> \u00e8 il progetto-quadro per la pastorale dell\u2019et\u00e0 evolutiva dell\u2019Arcidiocesi di Lucca. Il titolo si ispira all\u2019immagine usata da Ges\u00f9 per descrivere la comunit\u00e0 dei suoi discepoli: essi sono recipienti adatti ad accogliere la forza e la differenza della novit\u00e0 evangelica. L\u2019esempio pu\u00f2 applicarsi anche al rapporto tra nuove generazioni e comunit\u00e0 cristiana: la vitale linfa della giovinezza e dello Spirito, che in esse parla alla Chiesa, spesso si perde poich\u00e9 non trova recipienti adeguati. Gli \u201cotri vecchi\u201d non reggono la pressione: si fessurano e il prezioso liquido se ne va. Bisogna quini dotarsi di contenitori adatti a contenere il vino nuovo e permettergli di maturare\u2026 diventando ancora pi\u00f9 buono.<\/p>\n","protected":false},"excerpt":{"rendered":"<p>Otri nuovi \u00e8 il progetto-quadro per la pastorale dell\u2019et\u00e0 evolutiva dell\u2019Arcidiocesi di Lucca. Il titolo si ispira all\u2019immagine usata da Ges\u00f9 per descrivere la comunit\u00e0 dei suoi discepoli: essi sono recipienti adatti ad accogliere la forza e la differenza della<\/p>\n","protected":false},"author":243,"featured_media":0,"parent":0,"menu_order":0,"comment_status":"closed","ping_status":"open","template":"","meta":{"footnotes":""},"class_list":["post-2","page","type-page","status-publish","hentry"],"_links":{"self":[{"href":"https:\/\/www.diocesilucca.it\/otrinuovi\/wp-json\/wp\/v2\/pages\/2","targetHints":{"allow":["GET"]}}],"collection":[{"href":"https:\/\/www.diocesilucca.it\/otrinuovi\/wp-json\/wp\/v2\/pages"}],"about":[{"href":"https:\/\/www.diocesilucca.it\/otrinuovi\/wp-json\/wp\/v2\/types\/page"}],"author":[{"embeddable":true,"href":"https:\/\/www.diocesilucca.it\/otrinuovi\/wp-json\/wp\/v2\/users\/243"}],"replies":[{"embeddable":true,"href":"https:\/\/www.diocesilucca.it\/otrinuovi\/wp-json\/wp\/v2\/comments?post=2"}],"version-history":[{"count":2,"href":"https:\/\/www.diocesilucca.it\/otrinuovi\/wp-json\/wp\/v2\/pages\/2\/revisions"}],"predecessor-version":[{"id":667,"href":"https:\/\/www.diocesilucca.it\/otrinuovi\/wp-json\/wp\/v2\/pages\/2\/revisions\/667"}],"wp:attachment":[{"href":"https:\/\/www.diocesilucca.it\/otrinuovi\/wp-json\/wp\/v2\/media?parent=2"}],"curies":[{"name":"wp","href":"https:\/\/api.w.org\/{rel}","templated":true}]}}

<p><em>Otri nuovi</em> è il progetto-quadro per la pastorale dell’età evolutiva dell’Arcidiocesi di Lucca. Il titolo si ispira all’immagine usata da Gesù per descrivere la comunità dei suoi discepoli: essi sono recipienti adatti ad accogliere la forza e la differenza della novità evangelica. L’esempio può applicarsi anche al rapporto tra nuove generazioni e comunità cristiana: la vitale linfa della giovinezza e dello Spirito, che in esse parla alla Chiesa, spesso si perde poiché non trova recipienti adeguati. Gli “otri vecchi” non reggono la pressione: si fessurano e il prezioso liquido se ne va. Bisogna quini dotarsi di contenitori adatti a contenere il vino nuovo e permettergli di maturare… diventando ancora più buono.</p>

<p>Otri nuovi è il progetto-quadro per la pastorale dell’età evolutiva dell’Arcidiocesi di Lucca. Il titolo si ispira all’immagine usata da Gesù per descrivere la comunità dei suoi discepoli: essi sono recipienti adatti ad accogliere la forza e la differenza della</p>
