{"id":10,"date":"2024-04-29T15:12:44","date_gmt":"2024-04-29T13:12:44","guid":{"rendered":"https:\/\/www.diocesilucca.it\/otrinuovi\/?page_id=10"},"modified":"2024-04-29T16:36:48","modified_gmt":"2024-04-29T14:36:48","slug":"cosa-e-otri-nuovi","status":"publish","type":"page","link":"https:\/\/www.diocesilucca.it\/otrinuovi\/cosa-e-otri-nuovi\/","title":{"rendered":"Cosa \u00e8 &#8220;Otri Nuovi&#8221;"},"content":{"rendered":"\n<p><em>Otri nuovi<\/em> \u00e8 il progetto-quadro per la pastorale dell\u2019et\u00e0 evolutiva dell\u2019Arcidiocesi di Lucca. Il titolo si ispira all\u2019immagine usata da Ges\u00f9 per descrivere la comunit\u00e0 dei suoi discepoli: essi sono recipienti adatti ad accogliere la forza e la differenza della novit\u00e0 evangelica. L\u2019esempio pu\u00f2 applicarsi anche al rapporto tra nuove generazioni e comunit\u00e0 cristiana: la vitale linfa della giovinezza e dello Spirito, che in esse parla alla Chiesa, spesso si perde poich\u00e9 non trova recipienti adeguati. Gli \u201cotri vecchi\u201d non reggono la pressione: si fessurano e il prezioso liquido se ne va. Bisogna quini dotarsi di contenitori adatti a contenere il vino nuovo e permettergli di maturare\u2026 diventando ancora pi\u00f9 buono.<\/p>\n\n\n\n<p>Il progetto-quadro <em>Otri nuovi<\/em> intende aiutare le comunit\u00e0 cristiane ad accogliere e far crescere le nuove generazioni sino a maturit\u00e0. Non basta un documento, certamente, a far sussistere le condizioni affinch\u00e9 questo accada: serve la consapevolezza, da parte degli adulti, di dover crescere nella seriet\u00e0 della testimonianza, nella qualit\u00e0 della proposta e nella capacit\u00e0 di collaborare; tuttavia proprio l\u2019impegno educativo e di evangelizzazione pu\u00f2 innescare dinamiche virtuose. <em>La fede si rafforza donandola! <\/em>(<em>RM <\/em>2)<\/p>\n\n\n\n<p>Non \u00e8 un progetto innovativo, poich\u00e9 si rif\u00e0 alle scelte di fondo del <em>Documento di Base, <\/em>promuovendone la piena attuazione, in dialogo con le grandi novit\u00e0 culturali e sociali che sono maturate negli ultimi decenni:<\/p>\n\n\n\n<ul class=\"wp-block-list\">\n<li>protagonismo della comunit\u00e0 cristiana;<\/li>\n\n\n\n<li>primato dell\u2019esperienza;<\/li>\n\n\n\n<li>dimensione biblico-kerygmatica;<\/li>\n\n\n\n<li>dinamica catecumenale;<\/li>\n\n\n\n<li>continuit\u00e0 organica;<\/li>\n\n\n\n<li>durata nel tempo;<\/li>\n\n\n\n<li>soggettivit\u00e0 dei ragazzi.<\/li>\n<\/ul>\n\n\n\n<p>La soggettivit\u00e0 della comunit\u00e0 &#8211; sottolineata in <em>RdC<\/em> 200 e ribadita in&nbsp; numerosi documenti e interventi magisteriali \u2013 \u00e8 ancora da attuare: \u00e8 pero evidente che l\u2019esito di percorsi in cui le comunit\u00e0 non si coinvolgono nella cura educativa \u00e8 quello di una costante emorragia non solo di giovani e adolescenti, ma oggi anche di ragazzi e persino di bambini. Il maggior coinvolgimento delle famiglie, da molti invocato come rimedio decisivo, \u00e8 importante e va perseguito, ma non \u00e8 sufficiente. Gli \u201cotri nuovi\u201d, capaci di trattenere e consentire la maturazione del vino nuovo, sono comunit\u00e0 cristiane che assumano complessivamente il compito di educare le nuove generazioni alla fede.<\/p>\n","protected":false},"excerpt":{"rendered":"<p>Otri nuovi \u00e8 il progetto-quadro per la pastorale dell\u2019et\u00e0 evolutiva dell\u2019Arcidiocesi di Lucca. Il titolo si ispira all\u2019immagine usata da Ges\u00f9 per descrivere la comunit\u00e0 dei suoi discepoli: essi sono recipienti adatti ad accogliere la forza e la differenza della<\/p>\n","protected":false},"author":243,"featured_media":0,"parent":0,"menu_order":0,"comment_status":"closed","ping_status":"closed","template":"","meta":{"footnotes":""},"class_list":["post-10","page","type-page","status-publish","hentry"],"_links":{"self":[{"href":"https:\/\/www.diocesilucca.it\/otrinuovi\/wp-json\/wp\/v2\/pages\/10","targetHints":{"allow":["GET"]}}],"collection":[{"href":"https:\/\/www.diocesilucca.it\/otrinuovi\/wp-json\/wp\/v2\/pages"}],"about":[{"href":"https:\/\/www.diocesilucca.it\/otrinuovi\/wp-json\/wp\/v2\/types\/page"}],"author":[{"embeddable":true,"href":"https:\/\/www.diocesilucca.it\/otrinuovi\/wp-json\/wp\/v2\/users\/243"}],"replies":[{"embeddable":true,"href":"https:\/\/www.diocesilucca.it\/otrinuovi\/wp-json\/wp\/v2\/comments?post=10"}],"version-history":[{"count":3,"href":"https:\/\/www.diocesilucca.it\/otrinuovi\/wp-json\/wp\/v2\/pages\/10\/revisions"}],"predecessor-version":[{"id":702,"href":"https:\/\/www.diocesilucca.it\/otrinuovi\/wp-json\/wp\/v2\/pages\/10\/revisions\/702"}],"wp:attachment":[{"href":"https:\/\/www.diocesilucca.it\/otrinuovi\/wp-json\/wp\/v2\/media?parent=10"}],"curies":[{"name":"wp","href":"https:\/\/api.w.org\/{rel}","templated":true}]}}

Cosa è &#8220;Otri Nuovi&#8221;

<p><em>Otri nuovi</em> è il progetto-quadro per la pastorale dell’età evolutiva dell’Arcidiocesi di Lucca. Il titolo si ispira all’immagine usata da Gesù per descrivere la comunità dei suoi discepoli: essi sono recipienti adatti ad accogliere la forza e la differenza della novità evangelica. L’esempio può applicarsi anche al rapporto tra nuove generazioni e comunità cristiana: la vitale linfa della giovinezza e dello Spirito, che in esse parla alla Chiesa, spesso si perde poiché non trova recipienti adeguati. Gli “otri vecchi” non reggono la pressione: si fessurano e il prezioso liquido se ne va. Bisogna quini dotarsi di contenitori adatti a contenere il vino nuovo e permettergli di maturare… diventando ancora più buono.</p>



<p>Il progetto-quadro <em>Otri nuovi</em> intende aiutare le comunità cristiane ad accogliere e far crescere le nuove generazioni sino a maturità. Non basta un documento, certamente, a far sussistere le condizioni affinché questo accada: serve la consapevolezza, da parte degli adulti, di dover crescere nella serietà della testimonianza, nella qualità della proposta e nella capacità di collaborare; tuttavia proprio l’impegno educativo e di evangelizzazione può innescare dinamiche virtuose. <em>La fede si rafforza donandola! </em>(<em>RM </em>2)</p>



<p>Non è un progetto innovativo, poiché si rifà alle scelte di fondo del <em>Documento di Base, </em>promuovendone la piena attuazione, in dialogo con le grandi novità culturali e sociali che sono maturate negli ultimi decenni:</p>



<ul class="wp-block-list">
<li>protagonismo della comunità cristiana;</li>



<li>primato dell’esperienza;</li>



<li>dimensione biblico-kerygmatica;</li>



<li>dinamica catecumenale;</li>



<li>continuità organica;</li>



<li>durata nel tempo;</li>



<li>soggettività dei ragazzi.</li>
</ul>



<p>La soggettività della comunità &#8211; sottolineata in <em>RdC</em> 200 e ribadita in&nbsp; numerosi documenti e interventi magisteriali – è ancora da attuare: è pero evidente che l’esito di percorsi in cui le comunità non si coinvolgono nella cura educativa è quello di una costante emorragia non solo di giovani e adolescenti, ma oggi anche di ragazzi e persino di bambini. Il maggior coinvolgimento delle famiglie, da molti invocato come rimedio decisivo, è importante e va perseguito, ma non è sufficiente. Gli “otri nuovi”, capaci di trattenere e consentire la maturazione del vino nuovo, sono comunità cristiane che assumano complessivamente il compito di educare le nuove generazioni alla fede.</p>

<p>Otri nuovi è il progetto-quadro per la pastorale dell’età evolutiva dell’Arcidiocesi di Lucca. Il titolo si ispira all’immagine usata da Gesù per descrivere la comunità dei suoi discepoli: essi sono recipienti adatti ad accogliere la forza e la differenza della</p>
