{"id":779,"date":"2021-09-27T16:25:05","date_gmt":"2021-09-27T14:25:05","guid":{"rendered":"https:\/\/www.diocesilucca.it\/missioni\/?page_id=779"},"modified":"2026-01-14T09:34:15","modified_gmt":"2026-01-14T08:34:15","slug":"brasile","status":"publish","type":"page","link":"https:\/\/www.diocesilucca.it\/missioni\/brasile\/","title":{"rendered":"Brasile"},"content":{"rendered":"\n<div class=\"wp-block-cover alignfull is-light has-large-font-size\" style=\"min-height:390px;aspect-ratio:unset;\"><img loading=\"lazy\" decoding=\"async\" width=\"2560\" height=\"1920\" class=\"wp-block-cover__image-background wp-image-810\" alt=\"\" src=\"https:\/\/www.diocesilucca.it\/missioni\/wp-content\/uploads\/sites\/7\/2021\/09\/pxfuel.com_-scaled.jpg\" style=\"object-position:48% 17%\" data-object-fit=\"cover\" data-object-position=\"48% 17%\" srcset=\"https:\/\/www.diocesilucca.it\/missioni\/wp-content\/uploads\/sites\/7\/2021\/09\/pxfuel.com_-scaled.jpg 2560w, https:\/\/www.diocesilucca.it\/missioni\/wp-content\/uploads\/sites\/7\/2021\/09\/pxfuel.com_-300x225.jpg 300w, https:\/\/www.diocesilucca.it\/missioni\/wp-content\/uploads\/sites\/7\/2021\/09\/pxfuel.com_-1024x768.jpg 1024w, https:\/\/www.diocesilucca.it\/missioni\/wp-content\/uploads\/sites\/7\/2021\/09\/pxfuel.com_-768x576.jpg 768w, https:\/\/www.diocesilucca.it\/missioni\/wp-content\/uploads\/sites\/7\/2021\/09\/pxfuel.com_-1536x1152.jpg 1536w, https:\/\/www.diocesilucca.it\/missioni\/wp-content\/uploads\/sites\/7\/2021\/09\/pxfuel.com_-2048x1536.jpg 2048w\" sizes=\"auto, (max-width: 2560px) 100vw, 2560px\" \/><span aria-hidden=\"true\" class=\"wp-block-cover__background has-white-background-color has-background-dim-60 has-background-dim\"><\/span><div class=\"wp-block-cover__inner-container is-layout-flow wp-block-cover-is-layout-flow\">\n<div style=\"height:27px\" aria-hidden=\"true\" class=\"wp-block-spacer\"><\/div>\n\n\n\n<h2 class=\"wp-block-heading has-text-align-center\">Brasile<\/h2>\n<\/div><\/div>\n\n\n\n<div style=\"height:100px\" aria-hidden=\"true\" class=\"wp-block-spacer\"><\/div>\n\n\n\n<div class=\"wp-block-columns is-layout-flex wp-container-core-columns-is-layout-28f84493 wp-block-columns-is-layout-flex\">\n<div class=\"wp-block-column is-layout-flow wp-block-column-is-layout-flow\">\n<h2 class=\"wp-block-heading\"><strong><em>Country profile <\/em><\/strong><\/h2>\n\n\n\n<p class=\"has-cyan-bluish-gray-color has-text-color\"><em>Brasile<\/em><\/p>\n<\/div>\n\n\n\n<div class=\"wp-block-column is-vertically-aligned-center has-luminous-vivid-orange-color has-text-color is-layout-flow wp-block-column-is-layout-flow\" style=\"flex-basis:700px\">\n<hr class=\"wp-block-separator has-text-color has-luminous-vivid-orange-color has-css-opacity has-luminous-vivid-orange-background-color has-background is-style-wide\" \/>\n\n\n\n<p><\/p>\n<\/div>\n<\/div>\n\n\n\n<figure class=\"wp-block-table\"><table class=\"has-black-color has-text-color\"><tbody><tr><td>Nome ufficiale<\/td><td>Repubblica Federativa del Brasile<\/td><\/tr><tr><td>Forma di governo<\/td><td><strong>Repubblica federale presidenziale<\/strong>, composta da 26 stati e un distretto federale <\/td><\/tr><tr><td> Capo di Stato e\/o di governo <\/td><td> <strong>Jair Bolsonaro<\/strong>, dal 1\u00b0 gennaio 2019 <\/td><\/tr><\/tbody><\/table><\/figure>\n\n\n\n<div class=\"wp-block-columns is-layout-flex wp-container-core-columns-is-layout-28f84493 wp-block-columns-is-layout-flex\">\n<div class=\"wp-block-column is-layout-flow wp-block-column-is-layout-flow\">\n<figure class=\"wp-block-table is-style-regular\"><table class=\"has-black-color has-text-color\"><tbody><tr><td> Superficie <\/td><td> <strong>8.511.965 km\u00b2 <\/strong>(quindici volte la dimensione della Francia), il 5\u00b0 posto nel mondo <\/td><\/tr><tr><td> Capitale<\/td><td> <strong>Brasilia<\/strong> <\/td><\/tr><tr><td>Citt\u00e0 principali<\/td><td> San Paolo, Rio de Janeiro, Belo Horizonte, Porto Alegre, Salvador de Bahia, Fortaleza, Curitiba, Recife, Bel\u00e9m, Goi\u00e2nia <\/td><\/tr><tr><td>Lingua ufficiale <\/td><td> <strong>Portoghese<\/strong> <\/td><\/tr><tr><td> Valuta <\/td><td> <strong>Real <\/strong>(1\u20ac = 4,69 reais, febbraio 2020) <\/td><\/tr><tr><td> Giorni festivi <\/td><td> <strong>7 settembre<\/strong> <\/td><\/tr><\/tbody><\/table><\/figure>\n<\/div>\n\n\n\n<div class=\"wp-block-column is-layout-flow wp-block-column-is-layout-flow\">\n<figure class=\"wp-block-table\"><table class=\"has-black-color has-text-color\"><tbody><tr><td> Popolazione<\/td><td> <strong>209,4 milioni<\/strong>, 6\u00b0 pi\u00f9 grande del mondo<strong> <\/strong><\/td><\/tr><tr><td>Densit\u00e0<\/td><td><strong>25 abitanti per chilometro quadrato<\/strong><\/td><\/tr><tr><td>Tasso di urbanizzazione<\/td><td><strong>87<\/strong><\/td><\/tr><tr><td>Tasso di crescita della popolazione<\/td><td><strong>0,80<\/strong><\/td><\/tr><tr><td>Aspettativa di vita<\/td><td><strong>75,45 anni <\/strong>(71,80 anni per gli uomini e 79,16 anni per le donne) <\/td><\/tr><tr><td>Tasso di alfabetizzazione<\/td><td><strong>92,6<\/strong><\/td><\/tr><tr><td> Religione(i):  <\/td><td><strong>Cattolica <\/strong>(65%)<strong>; Evangelica<\/strong> (22%) <\/td><\/tr><tr><td>Indice di sviluppo umano<\/td><td><strong>0,76<\/strong>1 (79\u00b0)<\/td><\/tr><\/tbody><\/table><\/figure>\n<\/div>\n<\/div>\n\n\n\n<div style=\"height:56px\" aria-hidden=\"true\" class=\"wp-block-spacer\"><\/div>\n\n\n\n<div class=\"wp-block-columns is-layout-flex wp-container-core-columns-is-layout-28f84493 wp-block-columns-is-layout-flex\">\n<div class=\"wp-block-column has-black-color has-text-color is-layout-flow wp-block-column-is-layout-flow\">\n<p>Le organizzazioni indigene e la societ\u00e0 civile si oppongono alla politica ambientale del governo (diminuzione delle risorse finanziarie e umane delle agenzie di protezione ambientale, allentamento delle regole ambientali, arretramento della frontiera agricola e stimolo dell&#8217;attivit\u00e0 mineraria e petrolifera, anche sulle terre indigene). L&#8217;aumento del numero di intrusioni nelle terre protette (comprese le riserve indigene), cos\u00ec come la deforestazione e l&#8217;estrazione mineraria illegale, contribuiscono a un forte aumento della deforestazione in Amazzonia, che supera i 10.000 km\u00b2 tra il 1\u00b0 agosto 2018 e il 31 luglio 2019, un aumento di quasi il 30%.<\/p>\n<\/div>\n\n\n\n<div class=\"wp-block-column has-black-color has-text-color is-layout-flow wp-block-column-is-layout-flow\">\n<p>Nonostante le sue difficolt\u00e0, il Brasile rimane un importante paese emergente. La pi\u00f9 grande economia dell&#8217;America Latina e l&#8217;ottavo PIL del mondo, questo gigante economico ha innegabili risorse: abbondanti risorse naturali (petrolio, gas, minerali, potenziale idroelettrico), combinate con un&#8217;industria dinamica e diversificata (agroalimentare, biocarburanti, aeronautica, automobile) e una moderna economia di servizi. Negli ultimi anni, lo Stato ha intrapreso una strategia di sviluppo massiccio delle infrastrutture di trasporto, tradizionale punto debole del paese, e di aumento della capacit\u00e0 di produzione di elettricit\u00e0 basata sulle energie rinnovabili (quasi l&#8217;80% della produzione di elettricit\u00e0). Tuttavia, deve affrontare debolezze strutturali: alti costi di produzione, carenza cronica di lavoratori qualificati, complessit\u00e0 e burocrazia amministrativa.<\/p>\n<\/div>\n<\/div>\n\n\n\n<hr class=\"wp-block-separator has-css-opacity is-style-wide\" \/>\n\n\n\n<div style=\"height:37px\" aria-hidden=\"true\" class=\"wp-block-spacer\"><\/div>\n\n\n\n<h2 class=\"wp-block-heading has-text-align-center has-luminous-vivid-orange-color has-text-color\"><strong>Progetti attivi<\/strong><\/h2>\n\n\n\n<div style=\"height:48px\" aria-hidden=\"true\" class=\"wp-block-spacer\"><\/div>\n\n\n\n<div class=\"wp-block-media-text is-stacked-on-mobile\"><figure class=\"wp-block-media-text__media\"><img loading=\"lazy\" decoding=\"async\" width=\"1024\" height=\"768\" src=\"https:\/\/www.diocesilucca.it\/missioni\/wp-content\/uploads\/sites\/7\/2025\/12\/WhatsApp-Image-2025-12-13-at-16.41.12-1024x768.jpeg\" alt=\"\" class=\"wp-image-1951 size-full\" srcset=\"https:\/\/www.diocesilucca.it\/missioni\/wp-content\/uploads\/sites\/7\/2025\/12\/WhatsApp-Image-2025-12-13-at-16.41.12-1024x768.jpeg 1024w, https:\/\/www.diocesilucca.it\/missioni\/wp-content\/uploads\/sites\/7\/2025\/12\/WhatsApp-Image-2025-12-13-at-16.41.12-300x225.jpeg 300w, https:\/\/www.diocesilucca.it\/missioni\/wp-content\/uploads\/sites\/7\/2025\/12\/WhatsApp-Image-2025-12-13-at-16.41.12-768x576.jpeg 768w, https:\/\/www.diocesilucca.it\/missioni\/wp-content\/uploads\/sites\/7\/2025\/12\/WhatsApp-Image-2025-12-13-at-16.41.12-1536x1152.jpeg 1536w, https:\/\/www.diocesilucca.it\/missioni\/wp-content\/uploads\/sites\/7\/2025\/12\/WhatsApp-Image-2025-12-13-at-16.41.12.jpeg 1600w\" sizes=\"auto, (max-width: 1024px) 100vw, 1024px\" \/><\/figure><div class=\"wp-block-media-text__content\">\n<p><\/p>\n\n\n\n<h2 class=\"wp-block-heading\"><strong>Progetto In Mensa<\/strong><\/h2>\n\n\n\n<p>Una mensa solidale per le persone vulnerabili della citt\u00e0 di Sao Luis in Brasile<\/p>\n\n\n\n<div class=\"wp-block-buttons is-layout-flex wp-block-buttons-is-layout-flex\">\n<div class=\"wp-block-button\"><a class=\"wp-block-button__link has-luminous-vivid-orange-background-color has-background wp-element-button\" href=\"https:\/\/www.diocesilucca.it\/missioni\/progetto-in-mensa\/\">Per saperne di pi\u00f9<\/a><\/div>\n<\/div>\n<\/div><\/div>\n\n\n\n<div style=\"height:37px\" aria-hidden=\"true\" class=\"wp-block-spacer\"><\/div>\n\n\n\n<div class=\"wp-block-media-text has-media-on-the-right is-stacked-on-mobile\"><div class=\"wp-block-media-text__content\">\n<h2 class=\"wp-block-heading\"><strong>Casa di accoglienza SOUZA ARAUJO<\/strong><\/h2>\n\n\n\n<p>Per l&#8217;accoglienza delle persone affette dal morbo di Hansen<\/p>\n\n\n\n<div class=\"wp-block-buttons is-layout-flex wp-block-buttons-is-layout-flex\">\n<div class=\"wp-block-button\"><a class=\"wp-block-button__link has-background wp-element-button\" href=\"https:\/\/www.diocesilucca.it\/missioni\/casa-di-accoglienza-souza-araujo\/\" style=\"background-color:#ff6a00f2\">Per saperne di pi\u00f9<\/a><\/div>\n<\/div>\n<\/div><figure class=\"wp-block-media-text__media\"><img loading=\"lazy\" decoding=\"async\" width=\"1024\" height=\"768\" src=\"https:\/\/www.diocesilucca.it\/missioni\/wp-content\/uploads\/sites\/7\/2025\/04\/IMG-20241201-WA0021-2-1024x768.jpg\" alt=\"\" class=\"wp-image-1858 size-full\" srcset=\"https:\/\/www.diocesilucca.it\/missioni\/wp-content\/uploads\/sites\/7\/2025\/04\/IMG-20241201-WA0021-2-1024x768.jpg 1024w, https:\/\/www.diocesilucca.it\/missioni\/wp-content\/uploads\/sites\/7\/2025\/04\/IMG-20241201-WA0021-2-300x225.jpg 300w, https:\/\/www.diocesilucca.it\/missioni\/wp-content\/uploads\/sites\/7\/2025\/04\/IMG-20241201-WA0021-2-768x576.jpg 768w, https:\/\/www.diocesilucca.it\/missioni\/wp-content\/uploads\/sites\/7\/2025\/04\/IMG-20241201-WA0021-2-1536x1152.jpg 1536w, https:\/\/www.diocesilucca.it\/missioni\/wp-content\/uploads\/sites\/7\/2025\/04\/IMG-20241201-WA0021-2.jpg 1600w\" sizes=\"auto, (max-width: 1024px) 100vw, 1024px\" \/><\/figure><\/div>\n\n\n\n<div style=\"height:100px\" aria-hidden=\"true\" class=\"wp-block-spacer\"><\/div>\n\n\n\n<div style=\"height:54px\" aria-hidden=\"true\" class=\"wp-block-spacer\"><\/div>\n\n\n\n<hr class=\"wp-block-separator has-alpha-channel-opacity\" \/>\n\n\n\n<h2 class=\"wp-block-heading has-text-align-center has-luminous-vivid-orange-color has-text-color has-link-color wp-elements-2ce209bc02fb3c938c166c381333c54c\"><strong>Progetti passati<\/strong><\/h2>\n\n\n\n<div class=\"wp-block-columns is-layout-flex wp-container-core-columns-is-layout-28f84493 wp-block-columns-is-layout-flex\">\n<div class=\"wp-block-column is-layout-flow wp-block-column-is-layout-flow\">\n<figure class=\"wp-block-image size-full\"><a href=\"https:\/\/www.diocesilucca.it\/missioni\/wp-content\/uploads\/sites\/7\/2021\/10\/Immagine-2021-07-27-174445.jpg\"><img loading=\"lazy\" decoding=\"async\" width=\"743\" height=\"422\" src=\"https:\/\/www.diocesilucca.it\/missioni\/wp-content\/uploads\/sites\/7\/2021\/10\/Immagine-2021-07-27-174445.jpg\" alt=\"\" class=\"wp-image-1021\" srcset=\"https:\/\/www.diocesilucca.it\/missioni\/wp-content\/uploads\/sites\/7\/2021\/10\/Immagine-2021-07-27-174445.jpg 743w, https:\/\/www.diocesilucca.it\/missioni\/wp-content\/uploads\/sites\/7\/2021\/10\/Immagine-2021-07-27-174445-300x170.jpg 300w\" sizes=\"auto, (max-width: 743px) 100vw, 743px\" \/><\/a><\/figure>\n<\/div>\n\n\n\n<div class=\"wp-block-column is-layout-flow wp-block-column-is-layout-flow\">\n<h2 class=\"wp-block-heading\"><strong><em>SAME<\/em><\/strong>. <strong>Accogliere per Ricominciare<\/strong><\/h2>\n\n\n\n<p>Per il recupero sociale e umano degli anziani vulnerabili in Brasile<\/p>\n\n\n\n<div class=\"wp-block-buttons is-layout-flex wp-block-buttons-is-layout-flex\">\n<div class=\"wp-block-button\"><a class=\"wp-block-button__link has-white-color has-luminous-vivid-orange-background-color has-text-color has-background wp-element-button\" href=\"https:\/\/www.diocesilucca.it\/missioni\/same\/\">Per saperne di pi\u00f9<\/a><\/div>\n<\/div>\n\n\n\n<p><\/p>\n<\/div>\n<\/div>\n\n\n\n<div style=\"height:68px\" aria-hidden=\"true\" class=\"wp-block-spacer\"><\/div>\n\n\n\n<div class=\"wp-block-columns is-layout-flex wp-container-core-columns-is-layout-28f84493 wp-block-columns-is-layout-flex\">\n<div class=\"wp-block-column is-layout-flow wp-block-column-is-layout-flow\">\n<h2 class=\"wp-block-heading has-text-align-right has-black-color has-text-color\"><strong><strong><em>Sert\u00e3o<\/em><\/strong><\/strong><\/h2>\n\n\n\n<p class=\"has-text-align-right has-black-color has-text-color\">un\u2019area semi desertica nell\u2019area nord est del Brasile<\/p>\n\n\n\n<div class=\"wp-block-buttons is-horizontal is-content-justification-right is-layout-flex wp-container-core-buttons-is-layout-30af2ff6 wp-block-buttons-is-layout-flex\">\n<div class=\"wp-block-button\"><a class=\"wp-block-button__link has-white-color has-luminous-vivid-orange-background-color has-text-color has-background wp-element-button\" href=\"https:\/\/www.diocesilucca.it\/missioni\/sertao-2\/\">Per saperne di pi\u00f9<\/a><\/div>\n<\/div>\n\n\n\n<p><\/p>\n<\/div>\n\n\n\n<div class=\"wp-block-column is-layout-flow wp-block-column-is-layout-flow\">\n<figure class=\"wp-block-image size-large\"><a href=\"https:\/\/www.diocesilucca.it\/missioni\/wp-content\/uploads\/sites\/7\/2021\/10\/20190211_123515-min-scaled.jpg\"><img loading=\"lazy\" decoding=\"async\" width=\"1024\" height=\"768\" src=\"https:\/\/www.diocesilucca.it\/missioni\/wp-content\/uploads\/sites\/7\/2021\/10\/20190211_123515-min-1024x768.jpg\" alt=\"\" class=\"wp-image-990\" srcset=\"https:\/\/www.diocesilucca.it\/missioni\/wp-content\/uploads\/sites\/7\/2021\/10\/20190211_123515-min-1024x768.jpg 1024w, https:\/\/www.diocesilucca.it\/missioni\/wp-content\/uploads\/sites\/7\/2021\/10\/20190211_123515-min-300x225.jpg 300w, https:\/\/www.diocesilucca.it\/missioni\/wp-content\/uploads\/sites\/7\/2021\/10\/20190211_123515-min-768x576.jpg 768w, https:\/\/www.diocesilucca.it\/missioni\/wp-content\/uploads\/sites\/7\/2021\/10\/20190211_123515-min-1536x1152.jpg 1536w, https:\/\/www.diocesilucca.it\/missioni\/wp-content\/uploads\/sites\/7\/2021\/10\/20190211_123515-min-2048x1536.jpg 2048w\" sizes=\"auto, (max-width: 1024px) 100vw, 1024px\" \/><\/a><\/figure>\n<\/div>\n<\/div>\n\n\n\n<hr class=\"wp-block-separator has-css-opacity is-style-wide\" \/>\n\n\n\n<div class=\"wp-block-columns is-layout-flex wp-container-core-columns-is-layout-28f84493 wp-block-columns-is-layout-flex\">\n<div class=\"wp-block-column is-layout-flow wp-block-column-is-layout-flow\">\n<figure class=\"wp-block-embed is-type-video is-provider-youtube wp-block-embed-youtube wp-embed-aspect-16-9 wp-has-aspect-ratio\"><div class=\"wp-block-embed__wrapper\">\n<iframe loading=\"lazy\" title=\"Testimonianza di  Luca Bianucci dal Brasile - 30 Aprile 2020\" width=\"750\" height=\"422\" src=\"https:\/\/www.youtube.com\/embed\/CCftmzy2YMY?feature=oembed\" frameborder=\"0\" allow=\"accelerometer; autoplay; clipboard-write; encrypted-media; gyroscope; picture-in-picture; web-share\" referrerpolicy=\"strict-origin-when-cross-origin\" allowfullscreen><\/iframe>\n<\/div><\/figure>\n<\/div>\n\n\n\n<div class=\"wp-block-column is-layout-flow wp-block-column-is-layout-flow\">\n<figure class=\"wp-block-embed is-type-video is-provider-youtube wp-block-embed-youtube wp-embed-aspect-16-9 wp-has-aspect-ratio\"><div class=\"wp-block-embed__wrapper\">\n<iframe loading=\"lazy\" title=\"Testimonianza di  Luca Bianucci dal Brasile - 30 Aprile 2020\" width=\"750\" height=\"422\" src=\"https:\/\/www.youtube.com\/embed\/CCftmzy2YMY?feature=oembed\" frameborder=\"0\" allow=\"accelerometer; autoplay; clipboard-write; encrypted-media; gyroscope; picture-in-picture; web-share\" referrerpolicy=\"strict-origin-when-cross-origin\" allowfullscreen><\/iframe>\n<\/div><\/figure>\n<\/div>\n<\/div>\n\n\n\n<div style=\"height:37px\" aria-hidden=\"true\" class=\"wp-block-spacer\"><\/div>\n\n\n\n<div style=\"height:37px\" aria-hidden=\"true\" class=\"wp-block-spacer\"><\/div>\n\n\n\n<p><\/p>\n\n\n\n<p><\/p>\n","protected":false},"excerpt":{"rendered":"<p>Country profile Brasile Nome ufficiale Repubblica Federativa del Brasile Forma di governo Repubblica federale presidenziale, composta da 26 stati e un distretto federale Capo di Stato e\/o di governo Jair Bolsonaro, dal 1\u00b0 gennaio 2019 Superficie 8.511.965 km\u00b2 (quindici volte<\/p>\n","protected":false},"author":15,"featured_media":0,"parent":0,"menu_order":0,"comment_status":"closed","ping_status":"closed","template":"","meta":{"footnotes":""},"class_list":["post-779","page","type-page","status-publish","hentry"],"_links":{"self":[{"href":"https:\/\/www.diocesilucca.it\/missioni\/wp-json\/wp\/v2\/pages\/779","targetHints":{"allow":["GET"]}}],"collection":[{"href":"https:\/\/www.diocesilucca.it\/missioni\/wp-json\/wp\/v2\/pages"}],"about":[{"href":"https:\/\/www.diocesilucca.it\/missioni\/wp-json\/wp\/v2\/types\/page"}],"author":[{"embeddable":true,"href":"https:\/\/www.diocesilucca.it\/missioni\/wp-json\/wp\/v2\/users\/15"}],"replies":[{"embeddable":true,"href":"https:\/\/www.diocesilucca.it\/missioni\/wp-json\/wp\/v2\/comments?post=779"}],"version-history":[{"count":64,"href":"https:\/\/www.diocesilucca.it\/missioni\/wp-json\/wp\/v2\/pages\/779\/revisions"}],"predecessor-version":[{"id":1978,"href":"https:\/\/www.diocesilucca.it\/missioni\/wp-json\/wp\/v2\/pages\/779\/revisions\/1978"}],"wp:attachment":[{"href":"https:\/\/www.diocesilucca.it\/missioni\/wp-json\/wp\/v2\/media?parent=779"}],"curies":[{"name":"wp","href":"https:\/\/api.w.org\/{rel}","templated":true}]}}