{"id":776,"date":"2021-09-27T16:25:05","date_gmt":"2021-09-27T14:25:05","guid":{"rendered":"https:\/\/www.diocesilucca.it\/missioni\/?page_id=776"},"modified":"2025-12-15T12:40:38","modified_gmt":"2025-12-15T11:40:38","slug":"testimonianze","status":"publish","type":"page","link":"https:\/\/www.diocesilucca.it\/missioni\/testimonianze\/","title":{"rendered":"Testimonianze"},"content":{"rendered":"\n<h1 class=\"wp-block-heading has-large-font-size\">Estate 2025<\/h1>\n\n\n\n<div class=\"wp-block-columns is-layout-flex wp-container-core-columns-is-layout-28f84493 wp-block-columns-is-layout-flex\">\n<div class=\"wp-block-column is-layout-flow wp-block-column-is-layout-flow\">\n<p class=\"has-black-color has-text-color has-link-color has-medium-font-size wp-elements-f6b9c75c746230a9dc915b3067f8006d\">Leggi gli articoli che sono stati scritti per ToscanaOggi<\/p>\n\n\n\n<div data-wp-interactive=\"core\/file\" class=\"wp-block-file\"><object data-wp-bind--hidden=\"!state.hasPdfPreview\" hidden class=\"wp-block-file__embed\" data=\"https:\/\/www.diocesilucca.it\/missioni\/wp-content\/uploads\/sites\/7\/2025\/12\/ToscanaOggi.pdf\" type=\"application\/pdf\" style=\"width:100%;height:855px\" aria-label=\"Incorporamento di ToscanaOggi.\"><\/object><a id=\"wp-block-file--media-45a159a6-2cd4-4831-9ccf-c35c5d85b700\" href=\"https:\/\/www.diocesilucca.it\/missioni\/wp-content\/uploads\/sites\/7\/2025\/12\/ToscanaOggi.pdf\">ToscanaOggi<\/a><\/div>\n<\/div>\n<\/div>\n\n\n\n<div style=\"height:89px\" aria-hidden=\"true\" class=\"wp-block-spacer\"><\/div>\n\n\n\n<h1 class=\"wp-block-heading has-large-font-size\">Estate 2024<\/h1>\n\n\n\n<div class=\"wp-block-columns is-layout-flex wp-container-core-columns-is-layout-28f84493 wp-block-columns-is-layout-flex\">\n<div class=\"wp-block-column is-layout-flow wp-block-column-is-layout-flow\" style=\"flex-basis:33.33%\">\n<figure class=\"wp-block-image size-large\"><a href=\"https:\/\/www.diocesilucca.it\/missioni\/wp-content\/uploads\/sites\/7\/2024\/12\/37158772-1884-4579-9fe9-f5d64b9b5d60-3.jpg\"><img loading=\"lazy\" decoding=\"async\" width=\"1024\" height=\"768\" src=\"https:\/\/www.diocesilucca.it\/missioni\/wp-content\/uploads\/sites\/7\/2024\/12\/37158772-1884-4579-9fe9-f5d64b9b5d60-3-1024x768.jpg\" alt=\"\" class=\"wp-image-1686\" srcset=\"https:\/\/www.diocesilucca.it\/missioni\/wp-content\/uploads\/sites\/7\/2024\/12\/37158772-1884-4579-9fe9-f5d64b9b5d60-3-1024x768.jpg 1024w, https:\/\/www.diocesilucca.it\/missioni\/wp-content\/uploads\/sites\/7\/2024\/12\/37158772-1884-4579-9fe9-f5d64b9b5d60-3-300x225.jpg 300w, https:\/\/www.diocesilucca.it\/missioni\/wp-content\/uploads\/sites\/7\/2024\/12\/37158772-1884-4579-9fe9-f5d64b9b5d60-3-768x576.jpg 768w, https:\/\/www.diocesilucca.it\/missioni\/wp-content\/uploads\/sites\/7\/2024\/12\/37158772-1884-4579-9fe9-f5d64b9b5d60-3-1536x1152.jpg 1536w, https:\/\/www.diocesilucca.it\/missioni\/wp-content\/uploads\/sites\/7\/2024\/12\/37158772-1884-4579-9fe9-f5d64b9b5d60-3.jpg 1600w\" sizes=\"auto, (max-width: 1024px) 100vw, 1024px\" \/><\/a><figcaption class=\"wp-element-caption\">Brasile, 2024<\/figcaption><\/figure>\n<\/div>\n\n\n\n<div class=\"wp-block-column is-layout-flow wp-block-column-is-layout-flow\" style=\"flex-basis:66.66%\">\n<blockquote class=\"wp-block-quote is-layout-flow wp-block-quote-is-layout-flow\">\n<p>Dopo due settimane dal rientro dal Brasile Diletta, Riccardo e Rebecca ci lasciano la loro testimonianza..<\/p>\n\n\n\n<p>Due settimane fa \u00e8 finita la nostra esperienza in #Brasile. Due settimane fa abbiamo salutato Luca, le nostre famiglie e tutte le persone che ci hanno accompagnato in questa breve ma intensa avventura. Due settimane e ancora quando mi chiedono &#8220;allora, com&#8217;\u00e8 andata in Brasile?&#8221; non riesco a formulare pensieri che abbiano un filo logico fra loro; d&#8217;impatto la prima risposta che mi viene da dare \u00e8 &#8220;bello tosto!&#8221;. Ma il Brasile \u00e8 esattamente cos\u00ec; non c&#8217;\u00e8 un filo logico che lo guida, quando pensi di aver capito come gira, ti sorprende sempre. O almeno, non c&#8217;\u00e8 per noi europei. La realt\u00e0 che ci siamo trovati davanti \u00e8 una realt\u00e0 veramente distante dalla nostra. La povert\u00e0, la sofferenza, le condizioni igenico-sanitarie sono qualcosa che, finch\u00e9 non lo vedi con i tuoi occhi non puoi comprendere; ma soprattutto non puoi comprendere la disponibilit\u00e0, l&#8217;accoglienza, il senso di comunit\u00e0, la gioia, l&#8217;affetto e i sorrisi che trovi in quella terra cos\u00ec difficile. Infatti atti, la cosa che pi\u00f9 ci ha colpito quando eravamo l\u00e0, non sono stati i lati &#8220;brutti e negativi&#8221; di quelle vite, bens\u00ec \u00e8 stata l&#8217;accoglienza che ogni singola persona, dalla pi\u00f9 povera alla pi\u00f9 abbiente, dalla pi\u00f9 sofferente alle persone che incontravi per strada, era disposto a donarti senza chiedere niente indietro. Anche in questo caso la realt\u00e0 \u00e8 totalmente diversa dall&#8217;Europa, perfino dal sud Europa, dal sud Italia. Vorrei ringraziare uno a uno le persone che ho incontrato in queste due settimane, vorrei che sapessero che ognuno di loro ha un posto speciale nel mio cuore e vorrei che sapessero quanto sono riconoscente nei loro confronti, quanto vorrei abbracciarli ancora uno a uno, e giurare loro che prima o poi le nostre strade si incontreranno ancora. Sappiate che \u00e8 molto pi\u00f9 quello che voi avete dato a noi, che viceversa, e ve ne saremo per sempre grati.<\/p>\n\n\n\n<p>Solo adesso ho capito cosa volesse dire la parola &#8220;Saudagi&#8221;. Muito obrigada Brasile, \u00e8 stata un&#8217;esperienza unica, spero di rivederti presto. Saudagi, Saudagi.&#8221;<\/p>\n<\/blockquote>\n<\/div>\n<\/div>\n\n\n\n<div class=\"wp-block-columns is-layout-flex wp-container-core-columns-is-layout-28f84493 wp-block-columns-is-layout-flex\">\n<div class=\"wp-block-column is-layout-flow wp-block-column-is-layout-flow\">\n<blockquote class=\"wp-block-quote is-layout-flow wp-block-quote-is-layout-flow\">\n<p>Nell&#8217;imminenza del rientro in Italia i nostri ragazzi, Andrea, Emilia, Giulia, Luca ci scrivono&nbsp;dal&nbsp;#Rwanda&#8230;<\/p>\n\n\n\n<p>&#8221; \u00c8 stata una settimana intensa quella a Nyarurema. Oltre alla Casa della Misericordia, abbiamo conosciuto anche il progetto &#8220;A piccoli passi&#8221;, intervento di sostegno alle famiglie per il recupero psicofisico di bambi affetti da handicap motori e mentali. Abbiamo giocato con questi piccoli tenaci bambini che con tutte le loro forze fanno passi da giganti grazie ai volontari che li aiutano. Inoltre, abbiamo avuto modo di visitare il seminario della Diocesi e altre realt\u00e0 del territorio.&#8221;<\/p>\n<\/blockquote>\n<\/div>\n\n\n\n<div class=\"wp-block-column is-layout-flow wp-block-column-is-layout-flow\">\n<figure class=\"wp-block-image size-large\"><a href=\"https:\/\/www.diocesilucca.it\/missioni\/wp-content\/uploads\/sites\/7\/2024\/12\/3ae95b37-f8f5-402c-9f46-bcd26b637cd9-3.jpg\"><img loading=\"lazy\" decoding=\"async\" width=\"1024\" height=\"768\" src=\"https:\/\/www.diocesilucca.it\/missioni\/wp-content\/uploads\/sites\/7\/2024\/12\/3ae95b37-f8f5-402c-9f46-bcd26b637cd9-3-1024x768.jpg\" alt=\"\" class=\"wp-image-1677\" srcset=\"https:\/\/www.diocesilucca.it\/missioni\/wp-content\/uploads\/sites\/7\/2024\/12\/3ae95b37-f8f5-402c-9f46-bcd26b637cd9-3-1024x768.jpg 1024w, https:\/\/www.diocesilucca.it\/missioni\/wp-content\/uploads\/sites\/7\/2024\/12\/3ae95b37-f8f5-402c-9f46-bcd26b637cd9-3-300x225.jpg 300w, https:\/\/www.diocesilucca.it\/missioni\/wp-content\/uploads\/sites\/7\/2024\/12\/3ae95b37-f8f5-402c-9f46-bcd26b637cd9-3-768x576.jpg 768w, https:\/\/www.diocesilucca.it\/missioni\/wp-content\/uploads\/sites\/7\/2024\/12\/3ae95b37-f8f5-402c-9f46-bcd26b637cd9-3-1536x1152.jpg 1536w, https:\/\/www.diocesilucca.it\/missioni\/wp-content\/uploads\/sites\/7\/2024\/12\/3ae95b37-f8f5-402c-9f46-bcd26b637cd9-3.jpg 1600w\" sizes=\"auto, (max-width: 1024px) 100vw, 1024px\" \/><\/a><figcaption class=\"wp-element-caption\">Rwanda, 2024<\/figcaption><\/figure>\n<\/div>\n<\/div>\n\n\n\n<div class=\"wp-block-columns is-layout-flex wp-container-core-columns-is-layout-28f84493 wp-block-columns-is-layout-flex\">\n<div class=\"wp-block-column is-layout-flow wp-block-column-is-layout-flow\" style=\"flex-basis:33.33%\">\n<figure class=\"wp-block-image size-large\"><a href=\"https:\/\/www.diocesilucca.it\/missioni\/wp-content\/uploads\/sites\/7\/2024\/12\/30176a6f-2fda-4f0e-876b-0743456fde65-4.jpg\"><img loading=\"lazy\" decoding=\"async\" width=\"1024\" height=\"768\" src=\"https:\/\/www.diocesilucca.it\/missioni\/wp-content\/uploads\/sites\/7\/2024\/12\/30176a6f-2fda-4f0e-876b-0743456fde65-4-1024x768.jpg\" alt=\"\" class=\"wp-image-1687\" srcset=\"https:\/\/www.diocesilucca.it\/missioni\/wp-content\/uploads\/sites\/7\/2024\/12\/30176a6f-2fda-4f0e-876b-0743456fde65-4-1024x768.jpg 1024w, https:\/\/www.diocesilucca.it\/missioni\/wp-content\/uploads\/sites\/7\/2024\/12\/30176a6f-2fda-4f0e-876b-0743456fde65-4-300x225.jpg 300w, https:\/\/www.diocesilucca.it\/missioni\/wp-content\/uploads\/sites\/7\/2024\/12\/30176a6f-2fda-4f0e-876b-0743456fde65-4-768x576.jpg 768w, https:\/\/www.diocesilucca.it\/missioni\/wp-content\/uploads\/sites\/7\/2024\/12\/30176a6f-2fda-4f0e-876b-0743456fde65-4-1536x1152.jpg 1536w, https:\/\/www.diocesilucca.it\/missioni\/wp-content\/uploads\/sites\/7\/2024\/12\/30176a6f-2fda-4f0e-876b-0743456fde65-4.jpg 1600w\" sizes=\"auto, (max-width: 1024px) 100vw, 1024px\" \/><\/a><figcaption class=\"wp-element-caption\">Rwanda, 2024<\/figcaption><\/figure>\n<\/div>\n\n\n\n<div class=\"wp-block-column is-layout-flow wp-block-column-is-layout-flow\" style=\"flex-basis:66.66%\">\n<blockquote class=\"wp-block-quote is-layout-flow wp-block-quote-is-layout-flow\">\n<p>L\u2019esperienza di Adele e Samuele \u00e8 giunta al termine e ci scrivono&#8230;<\/p>\n\n\n\n<p>&#8221; Oggi \u00e8 il nostro ultimo giorno in #Rwanda e perfino il cielo \u00e8 triste. Mentre scriviamo questo, piangiamo guardando la pioggia scorrere dal finestrino dell\u2019aereo ed \u00e8 come se questo magnifico paese, fatto di persone stupende, ci stesse salutando con la speranza di rivederci di nuovo.<\/p>\n\n\n\n<p>Gli ultimi giorni sono stati molto intensi, sia per le attivit\u00e0 che per le emozioni. I saluti sono stati dolorosissimi, incredibile come ci si possa legare alle persone in cos\u00ec poco tempo e parlando una lingua diversa, quindi spesso non parlando affatto. Ci rimarranno per sempre impressi nella mente i sorrisi sdentati dei bambini che ci vedono arrivare, e le loro mani un po\u2019 sudaticce che ci cercano sempre, la loro voglia di comunicare e scoprire cose di noi, i loro abbracci fortissimi nonostante le braccia esili e la loro incredibile energia. Anche gli animatori hanno un posto importante nel nostro cuore, mentre li salutavamo cantavano una canzone ruandese che diceva:\u201dCi dispiace salutarvi, ma Dio ci far\u00e0 incontrare di nuovo\u201d, e noi lo speriamo davvero. Salutare i preti e i seminaristi \u00e8 stata dura. Uno di loro ci ha detto: \u201cI giorni sono ancora caldi, perch\u00e9 andate via ora? Non si va via se c\u2019\u00e8 ancora caldo\u201d, questa frase ci ha spezzato il cuore e allo stesso tempo ci ha fatti sentire a casa. Infatti dopo qualche giorno in Rwanda non ci siamo pi\u00f9 sentiti in viaggio ma a casa. Un grazie speciale va anche ai ragazzi italiani che abbiamo visto solo 4 giorni ma che hanno lasciato un segno evidente. Grazie al Centro Missionario Diocesano di Lucca che ha permesso tutto questo. Grazie a tutte le persone di Kinihira, di Nyarurema e di tutto il Rwanda, grazie per averci accolti e per averci fatto sentire amati, non vi dimenticheremo mai.<\/p>\n\n\n\n<p>Grazie #Rwanda per i tuoi incredibili paesaggi; per i tuoi abitanti che ci salutano entusiasti di vedere dei muzungu; per le tue infinite stelle a noi nuove; per le risate che ci hai fatto fare e per i pianti che stai provocando; per il riso, le patate e i fagioli tutti i giorni; per averci fatto tornare a casa con la consapevolezza di non sapere niente del mondo e che anche un piccolo paese pu\u00f2 contenere un universo incredibile da scoprire.&#8221;<\/p>\n<\/blockquote>\n<\/div>\n<\/div>\n\n\n\n<div class=\"wp-block-columns is-layout-flex wp-container-core-columns-is-layout-28f84493 wp-block-columns-is-layout-flex\">\n<div class=\"wp-block-column is-layout-flow wp-block-column-is-layout-flow\" style=\"flex-basis:33.33%\"><\/div>\n<\/div>\n","protected":false},"excerpt":{"rendered":"<p>Estate 2025 Leggi gli articoli che sono stati scritti per ToscanaOggi Estate 2024 Dopo due settimane dal rientro dal Brasile Diletta, Riccardo e Rebecca ci lasciano la loro testimonianza.. Due settimane fa \u00e8 finita la nostra esperienza in #Brasile. Due<\/p>\n","protected":false},"author":15,"featured_media":0,"parent":0,"menu_order":0,"comment_status":"closed","ping_status":"closed","template":"","meta":{"footnotes":""},"class_list":["post-776","page","type-page","status-publish","hentry"],"_links":{"self":[{"href":"https:\/\/www.diocesilucca.it\/missioni\/wp-json\/wp\/v2\/pages\/776","targetHints":{"allow":["GET"]}}],"collection":[{"href":"https:\/\/www.diocesilucca.it\/missioni\/wp-json\/wp\/v2\/pages"}],"about":[{"href":"https:\/\/www.diocesilucca.it\/missioni\/wp-json\/wp\/v2\/types\/page"}],"author":[{"embeddable":true,"href":"https:\/\/www.diocesilucca.it\/missioni\/wp-json\/wp\/v2\/users\/15"}],"replies":[{"embeddable":true,"href":"https:\/\/www.diocesilucca.it\/missioni\/wp-json\/wp\/v2\/comments?post=776"}],"version-history":[{"count":14,"href":"https:\/\/www.diocesilucca.it\/missioni\/wp-json\/wp\/v2\/pages\/776\/revisions"}],"predecessor-version":[{"id":1934,"href":"https:\/\/www.diocesilucca.it\/missioni\/wp-json\/wp\/v2\/pages\/776\/revisions\/1934"}],"wp:attachment":[{"href":"https:\/\/www.diocesilucca.it\/missioni\/wp-json\/wp\/v2\/media?parent=776"}],"curies":[{"name":"wp","href":"https:\/\/api.w.org\/{rel}","templated":true}]}}

<h1 class="wp-block-heading has-large-font-size">Estate 2025</h1>



<div class="wp-block-columns is-layout-flex wp-container-core-columns-is-layout-28f84493 wp-block-columns-is-layout-flex">
<div class="wp-block-column is-layout-flow wp-block-column-is-layout-flow">
<p class="has-black-color has-text-color has-link-color has-medium-font-size wp-elements-f6b9c75c746230a9dc915b3067f8006d">Leggi gli articoli che sono stati scritti per ToscanaOggi</p>



<div data-wp-interactive="core/file" class="wp-block-file"><object data-wp-bind--hidden="!state.hasPdfPreview" hidden class="wp-block-file__embed" data="https://www.diocesilucca.it/missioni/wp-content/uploads/sites/7/2025/12/ToscanaOggi.pdf" type="application/pdf" style="width:100%;height:855px" aria-label="Incorporamento di ToscanaOggi."></object><a id="wp-block-file--media-45a159a6-2cd4-4831-9ccf-c35c5d85b700" href="https://www.diocesilucca.it/missioni/wp-content/uploads/sites/7/2025/12/ToscanaOggi.pdf">ToscanaOggi</a></div>
</div>
</div>



<div style="height:89px" aria-hidden="true" class="wp-block-spacer"></div>



<h1 class="wp-block-heading has-large-font-size">Estate 2024</h1>



<div class="wp-block-columns is-layout-flex wp-container-core-columns-is-layout-28f84493 wp-block-columns-is-layout-flex">
<div class="wp-block-column is-layout-flow wp-block-column-is-layout-flow" style="flex-basis:33.33%">
<figure class="wp-block-image size-large"><a href="https://www.diocesilucca.it/missioni/wp-content/uploads/sites/7/2024/12/37158772-1884-4579-9fe9-f5d64b9b5d60-3.jpg"><img loading="lazy" decoding="async" width="1024" height="768" src="https://www.diocesilucca.it/missioni/wp-content/uploads/sites/7/2024/12/37158772-1884-4579-9fe9-f5d64b9b5d60-3-1024x768.jpg" alt="" class="wp-image-1686" srcset="https://www.diocesilucca.it/missioni/wp-content/uploads/sites/7/2024/12/37158772-1884-4579-9fe9-f5d64b9b5d60-3-1024x768.jpg 1024w, https://www.diocesilucca.it/missioni/wp-content/uploads/sites/7/2024/12/37158772-1884-4579-9fe9-f5d64b9b5d60-3-300x225.jpg 300w, https://www.diocesilucca.it/missioni/wp-content/uploads/sites/7/2024/12/37158772-1884-4579-9fe9-f5d64b9b5d60-3-768x576.jpg 768w, https://www.diocesilucca.it/missioni/wp-content/uploads/sites/7/2024/12/37158772-1884-4579-9fe9-f5d64b9b5d60-3-1536x1152.jpg 1536w, https://www.diocesilucca.it/missioni/wp-content/uploads/sites/7/2024/12/37158772-1884-4579-9fe9-f5d64b9b5d60-3.jpg 1600w" sizes="auto, (max-width: 1024px) 100vw, 1024px" /></a><figcaption class="wp-element-caption">Brasile, 2024</figcaption></figure>
</div>



<div class="wp-block-column is-layout-flow wp-block-column-is-layout-flow" style="flex-basis:66.66%">
<blockquote class="wp-block-quote is-layout-flow wp-block-quote-is-layout-flow">
<p>Dopo due settimane dal rientro dal Brasile Diletta, Riccardo e Rebecca ci lasciano la loro testimonianza..</p>



<p>Due settimane fa è finita la nostra esperienza in #Brasile. Due settimane fa abbiamo salutato Luca, le nostre famiglie e tutte le persone che ci hanno accompagnato in questa breve ma intensa avventura. Due settimane e ancora quando mi chiedono &#8220;allora, com&#8217;è andata in Brasile?&#8221; non riesco a formulare pensieri che abbiano un filo logico fra loro; d&#8217;impatto la prima risposta che mi viene da dare è &#8220;bello tosto!&#8221;. Ma il Brasile è esattamente così; non c&#8217;è un filo logico che lo guida, quando pensi di aver capito come gira, ti sorprende sempre. O almeno, non c&#8217;è per noi europei. La realtà che ci siamo trovati davanti è una realtà veramente distante dalla nostra. La povertà, la sofferenza, le condizioni igenico-sanitarie sono qualcosa che, finché non lo vedi con i tuoi occhi non puoi comprendere; ma soprattutto non puoi comprendere la disponibilità, l&#8217;accoglienza, il senso di comunità, la gioia, l&#8217;affetto e i sorrisi che trovi in quella terra così difficile. Infatti atti, la cosa che più ci ha colpito quando eravamo là, non sono stati i lati &#8220;brutti e negativi&#8221; di quelle vite, bensì è stata l&#8217;accoglienza che ogni singola persona, dalla più povera alla più abbiente, dalla più sofferente alle persone che incontravi per strada, era disposto a donarti senza chiedere niente indietro. Anche in questo caso la realtà è totalmente diversa dall&#8217;Europa, perfino dal sud Europa, dal sud Italia. Vorrei ringraziare uno a uno le persone che ho incontrato in queste due settimane, vorrei che sapessero che ognuno di loro ha un posto speciale nel mio cuore e vorrei che sapessero quanto sono riconoscente nei loro confronti, quanto vorrei abbracciarli ancora uno a uno, e giurare loro che prima o poi le nostre strade si incontreranno ancora. Sappiate che è molto più quello che voi avete dato a noi, che viceversa, e ve ne saremo per sempre grati.</p>



<p>Solo adesso ho capito cosa volesse dire la parola &#8220;Saudagi&#8221;. Muito obrigada Brasile, è stata un&#8217;esperienza unica, spero di rivederti presto. Saudagi, Saudagi.&#8221;</p>
</blockquote>
</div>
</div>



<div class="wp-block-columns is-layout-flex wp-container-core-columns-is-layout-28f84493 wp-block-columns-is-layout-flex">
<div class="wp-block-column is-layout-flow wp-block-column-is-layout-flow">
<blockquote class="wp-block-quote is-layout-flow wp-block-quote-is-layout-flow">
<p>Nell&#8217;imminenza del rientro in Italia i nostri ragazzi, Andrea, Emilia, Giulia, Luca ci scrivono&nbsp;dal&nbsp;#Rwanda&#8230;</p>



<p>&#8221; È stata una settimana intensa quella a Nyarurema. Oltre alla Casa della Misericordia, abbiamo conosciuto anche il progetto &#8220;A piccoli passi&#8221;, intervento di sostegno alle famiglie per il recupero psicofisico di bambi affetti da handicap motori e mentali. Abbiamo giocato con questi piccoli tenaci bambini che con tutte le loro forze fanno passi da giganti grazie ai volontari che li aiutano. Inoltre, abbiamo avuto modo di visitare il seminario della Diocesi e altre realtà del territorio.&#8221;</p>
</blockquote>
</div>



<div class="wp-block-column is-layout-flow wp-block-column-is-layout-flow">
<figure class="wp-block-image size-large"><a href="https://www.diocesilucca.it/missioni/wp-content/uploads/sites/7/2024/12/3ae95b37-f8f5-402c-9f46-bcd26b637cd9-3.jpg"><img loading="lazy" decoding="async" width="1024" height="768" src="https://www.diocesilucca.it/missioni/wp-content/uploads/sites/7/2024/12/3ae95b37-f8f5-402c-9f46-bcd26b637cd9-3-1024x768.jpg" alt="" class="wp-image-1677" srcset="https://www.diocesilucca.it/missioni/wp-content/uploads/sites/7/2024/12/3ae95b37-f8f5-402c-9f46-bcd26b637cd9-3-1024x768.jpg 1024w, https://www.diocesilucca.it/missioni/wp-content/uploads/sites/7/2024/12/3ae95b37-f8f5-402c-9f46-bcd26b637cd9-3-300x225.jpg 300w, https://www.diocesilucca.it/missioni/wp-content/uploads/sites/7/2024/12/3ae95b37-f8f5-402c-9f46-bcd26b637cd9-3-768x576.jpg 768w, https://www.diocesilucca.it/missioni/wp-content/uploads/sites/7/2024/12/3ae95b37-f8f5-402c-9f46-bcd26b637cd9-3-1536x1152.jpg 1536w, https://www.diocesilucca.it/missioni/wp-content/uploads/sites/7/2024/12/3ae95b37-f8f5-402c-9f46-bcd26b637cd9-3.jpg 1600w" sizes="auto, (max-width: 1024px) 100vw, 1024px" /></a><figcaption class="wp-element-caption">Rwanda, 2024</figcaption></figure>
</div>
</div>



<div class="wp-block-columns is-layout-flex wp-container-core-columns-is-layout-28f84493 wp-block-columns-is-layout-flex">
<div class="wp-block-column is-layout-flow wp-block-column-is-layout-flow" style="flex-basis:33.33%">
<figure class="wp-block-image size-large"><a href="https://www.diocesilucca.it/missioni/wp-content/uploads/sites/7/2024/12/30176a6f-2fda-4f0e-876b-0743456fde65-4.jpg"><img loading="lazy" decoding="async" width="1024" height="768" src="https://www.diocesilucca.it/missioni/wp-content/uploads/sites/7/2024/12/30176a6f-2fda-4f0e-876b-0743456fde65-4-1024x768.jpg" alt="" class="wp-image-1687" srcset="https://www.diocesilucca.it/missioni/wp-content/uploads/sites/7/2024/12/30176a6f-2fda-4f0e-876b-0743456fde65-4-1024x768.jpg 1024w, https://www.diocesilucca.it/missioni/wp-content/uploads/sites/7/2024/12/30176a6f-2fda-4f0e-876b-0743456fde65-4-300x225.jpg 300w, https://www.diocesilucca.it/missioni/wp-content/uploads/sites/7/2024/12/30176a6f-2fda-4f0e-876b-0743456fde65-4-768x576.jpg 768w, https://www.diocesilucca.it/missioni/wp-content/uploads/sites/7/2024/12/30176a6f-2fda-4f0e-876b-0743456fde65-4-1536x1152.jpg 1536w, https://www.diocesilucca.it/missioni/wp-content/uploads/sites/7/2024/12/30176a6f-2fda-4f0e-876b-0743456fde65-4.jpg 1600w" sizes="auto, (max-width: 1024px) 100vw, 1024px" /></a><figcaption class="wp-element-caption">Rwanda, 2024</figcaption></figure>
</div>



<div class="wp-block-column is-layout-flow wp-block-column-is-layout-flow" style="flex-basis:66.66%">
<blockquote class="wp-block-quote is-layout-flow wp-block-quote-is-layout-flow">
<p>L’esperienza di Adele e Samuele è giunta al termine e ci scrivono&#8230;</p>



<p>&#8221; Oggi è il nostro ultimo giorno in #Rwanda e perfino il cielo è triste. Mentre scriviamo questo, piangiamo guardando la pioggia scorrere dal finestrino dell’aereo ed è come se questo magnifico paese, fatto di persone stupende, ci stesse salutando con la speranza di rivederci di nuovo.</p>



<p>Gli ultimi giorni sono stati molto intensi, sia per le attività che per le emozioni. I saluti sono stati dolorosissimi, incredibile come ci si possa legare alle persone in così poco tempo e parlando una lingua diversa, quindi spesso non parlando affatto. Ci rimarranno per sempre impressi nella mente i sorrisi sdentati dei bambini che ci vedono arrivare, e le loro mani un po’ sudaticce che ci cercano sempre, la loro voglia di comunicare e scoprire cose di noi, i loro abbracci fortissimi nonostante le braccia esili e la loro incredibile energia. Anche gli animatori hanno un posto importante nel nostro cuore, mentre li salutavamo cantavano una canzone ruandese che diceva:”Ci dispiace salutarvi, ma Dio ci farà incontrare di nuovo”, e noi lo speriamo davvero. Salutare i preti e i seminaristi è stata dura. Uno di loro ci ha detto: “I giorni sono ancora caldi, perché andate via ora? Non si va via se c’è ancora caldo”, questa frase ci ha spezzato il cuore e allo stesso tempo ci ha fatti sentire a casa. Infatti dopo qualche giorno in Rwanda non ci siamo più sentiti in viaggio ma a casa. Un grazie speciale va anche ai ragazzi italiani che abbiamo visto solo 4 giorni ma che hanno lasciato un segno evidente. Grazie al Centro Missionario Diocesano di Lucca che ha permesso tutto questo. Grazie a tutte le persone di Kinihira, di Nyarurema e di tutto il Rwanda, grazie per averci accolti e per averci fatto sentire amati, non vi dimenticheremo mai.</p>



<p>Grazie #Rwanda per i tuoi incredibili paesaggi; per i tuoi abitanti che ci salutano entusiasti di vedere dei muzungu; per le tue infinite stelle a noi nuove; per le risate che ci hai fatto fare e per i pianti che stai provocando; per il riso, le patate e i fagioli tutti i giorni; per averci fatto tornare a casa con la consapevolezza di non sapere niente del mondo e che anche un piccolo paese può contenere un universo incredibile da scoprire.&#8221;</p>
</blockquote>
</div>
</div>



<div class="wp-block-columns is-layout-flex wp-container-core-columns-is-layout-28f84493 wp-block-columns-is-layout-flex">
<div class="wp-block-column is-layout-flow wp-block-column-is-layout-flow" style="flex-basis:33.33%"></div>
</div>

<p>Estate 2025 Leggi gli articoli che sono stati scritti per ToscanaOggi Estate 2024 Dopo due settimane dal rientro dal Brasile Diletta, Riccardo e Rebecca ci lasciano la loro testimonianza.. Due settimane fa è finita la nostra esperienza in #Brasile. Due</p>
