{"id":656,"date":"2019-06-24T13:24:39","date_gmt":"2019-06-24T11:24:39","guid":{"rendered":"https:\/\/www.diocesilucca.it\/missioni\/?page_id=656"},"modified":"2019-10-21T15:33:41","modified_gmt":"2019-10-21T13:33:41","slug":"dom-moacyr-grechi","status":"publish","type":"page","link":"https:\/\/www.diocesilucca.it\/missioni\/dom-moacyr-grechi\/","title":{"rendered":"DOM MOACYR GRECHI"},"content":{"rendered":"<p style=\"text-align: center\"><a href=\"https:\/\/www.diocesilucca.it\/missioni\/wp-content\/uploads\/sites\/7\/2019\/06\/Dom-Moacyr-Grechi.jpg\"><img loading=\"lazy\" decoding=\"async\" class=\"alignnone size-full wp-image-649\" src=\"https:\/\/www.diocesilucca.it\/missioni\/wp-content\/uploads\/sites\/7\/2019\/06\/Dom-Moacyr-Grechi.jpg\" alt=\"\" width=\"248\" height=\"189\" \/><\/a><\/p>\n<p style=\"text-align: center\">DOM MOACYR GRECHI\u00a0 PASTORE E PROFETA.<\/p>\n<p>&nbsp;<\/p>\n<p>Dom Moacyr Grechi assunse la allora Prelatura dell\u00b4Acre e Pur\u00fas, dopo la tr\u00e1gica morte de Dom Giocondo e volle assumere la responsabilit\u00e1 di condurre questa chiesa particolare nel cammino del rinnovamento, iniciato dal suo predecessore:<\/p>\n<p>\u201c Il mio desiderio \u00e9 che i piccoli gruppi del vangelo formino comunit\u00e1 vive e ative e que queste comunit\u00e1, unite tra s\u00e9, formino le parrocchie\u201d.<\/p>\n<p>Nelle sue visite pastorali alle parrochie, voleva ascoltare la voce della gente, i loro problemi e le loro preoccupazioni, soptrattutto quando cominci\u00f3 la violenza dei grandi compratori di terra contro i piccoli estrattori della gomma e agricoltori che da anni vivevano in queste \u00a0regioni.<\/p>\n<p>Il piccolo numero di sacerdoti in quelle vaste regioni, era diventato un incubo per Dom Moacir, al punto di venire in Italia a supplicare che alcune diocesi mettessero a disposizione per lo meno un prete. Monsignor Giuliano Agresti cap\u00ed la situazione e, invece di uno, ne invi\u00f3 tre: don Natalino, Giovanni e Massimo. Era l\u00b4anno di 1974, quando inizi\u00f3 \u00a0la cooperazione missionaria tra Lucca e Rio Branco, che dura fino ad oggi, da quaranta cinque anni.<\/p>\n<p>Ricordiamo Dom Moacyr come un uomo coscienzioso, aperto e coraggioso, in una regione piena di terribili conflitti, dove sigill\u00f3 una alleanza\u00a0 con i poveri e gli oppressi, allontanandosi dai palazzi del potere, denunciando abusi e situazioni ingiuste,\u00a0 dando solidariet\u00e1 agli esclusi, \u00a0appoggiando la lora lotta di liberazione. Divent\u00f3 cos\u00ed, un profeta per vocazione, che usava dire: \u201c Siamo una chiesa in mezzo ad un popolo martirizzato\u201d. Incomprensioni, dolore, persecuzioni, sofferenze\u00a0 e minaccie, sono state la sua compagnia nella maggior parte degli anni trascorsi in terra acreana.<\/p>\n<p>Uomo di grande fede, insisteva che l\u00b4Amazzonia non poteva diventare una nuova colonia, sfruttata e disboscata: \u201cNon siamo profeti di disgrazie&#8230; siamo\u00a0 la Amazzonia della speranza. Le sfide mettono paura, ma il Signore, che ha vinto il mondo, sta con noi tutti i giorni. Viviamo nella insicurezza, non tutto \u00e9 chiaro e semplice, ma grazie a Dio, abbiamo come riferimento il Vangelo e la pratica di Ges\u00fa.\u201d<\/p>\n<p>Dom Moacir, divent\u00f3 molto amico di Monsignor Agresti, tra loro si scambiavano visite e lettere. Il vescovo di Rio Branco, a volte si sfogava per la mancanza di sacerdoti: \u201cRichieste di soccorso sono state fatte, ma la nostra regione amazzonica sempre fu vista molto difficile e lontana per inviarci missionari. Sono presidente del regionale Nord 1, e sento ogni giorno di pi\u00fa il grave problema della mancanza di preti nella nostra regione. Nell Amazzonia, non\u00a0 abbiamo mai avuto un clero autoctono, mai abbiamo avuto un seminario proprio e neppure una tradizione di un clero locale. Ora abbiamo bisogno di chi ci aiuti nella formazione dei nostri futuri presbiteri\u00a0 di questa Amazzonia di indios, di seringueiros, di agricoltori, di migranti che abitano in queste immense foreste e fiumi. Amazzonia della devastazione e disboscamenti irrazionali e del massacro barbaro dei popoli indigeni. Qui, dove Dio ci ha inviati come missionari, vogliamo essere una Chiesa fraterna, uma Chiesa di comunione, sempre aperta alla novit\u00e1 del Vangelo e alla conversione. Una Chiesa, docile\u00a0 ogni giorno al soffio dello Spirito, alimentada dalla Parola e dalla Eucaristia per vivere il nostro ministero\u00a0 con ardore missionario\u201d.<\/p>\n<p>Furono venti cinque anni di servizio al popolo acreano, fino a quando fu nominato aricivescovo di Porto Velho nel 1998.<\/p>\n<p>Lunedi scorso fece la sua Pascoa e la Chiesa di Lucca\u00a0 si sente vicina alla Chiesa di Rio Branco e Porto Velho, nei sentimenti di dolore e di speranza.<\/p>\n","protected":false},"excerpt":{"rendered":"<p>DOM MOACYR GRECHI\u00a0 PASTORE E PROFETA. &nbsp; Dom Moacyr Grechi assunse la allora Prelatura dell\u00b4Acre e Pur\u00fas, dopo la tr\u00e1gica morte de Dom Giocondo e volle assumere la responsabilit\u00e1 di condurre questa chiesa particolare nel cammino del rinnovamento, iniciato dal<\/p>\n","protected":false},"author":11,"featured_media":0,"parent":0,"menu_order":0,"comment_status":"closed","ping_status":"closed","template":"","meta":{"footnotes":""},"class_list":["post-656","page","type-page","status-publish","hentry"],"_links":{"self":[{"href":"https:\/\/www.diocesilucca.it\/missioni\/wp-json\/wp\/v2\/pages\/656","targetHints":{"allow":["GET"]}}],"collection":[{"href":"https:\/\/www.diocesilucca.it\/missioni\/wp-json\/wp\/v2\/pages"}],"about":[{"href":"https:\/\/www.diocesilucca.it\/missioni\/wp-json\/wp\/v2\/types\/page"}],"author":[{"embeddable":true,"href":"https:\/\/www.diocesilucca.it\/missioni\/wp-json\/wp\/v2\/users\/11"}],"replies":[{"embeddable":true,"href":"https:\/\/www.diocesilucca.it\/missioni\/wp-json\/wp\/v2\/comments?post=656"}],"version-history":[{"count":3,"href":"https:\/\/www.diocesilucca.it\/missioni\/wp-json\/wp\/v2\/pages\/656\/revisions"}],"predecessor-version":[{"id":708,"href":"https:\/\/www.diocesilucca.it\/missioni\/wp-json\/wp\/v2\/pages\/656\/revisions\/708"}],"wp:attachment":[{"href":"https:\/\/www.diocesilucca.it\/missioni\/wp-json\/wp\/v2\/media?parent=656"}],"curies":[{"name":"wp","href":"https:\/\/api.w.org\/{rel}","templated":true}]}}

<p style="text-align: center"><a href="https://www.diocesilucca.it/missioni/wp-content/uploads/sites/7/2019/06/Dom-Moacyr-Grechi.jpg"><img loading="lazy" decoding="async" class="alignnone size-full wp-image-649" src="https://www.diocesilucca.it/missioni/wp-content/uploads/sites/7/2019/06/Dom-Moacyr-Grechi.jpg" alt="" width="248" height="189" /></a></p>
<p style="text-align: center">DOM MOACYR GRECHI  PASTORE E PROFETA.</p>
<p>&nbsp;</p>
<p>Dom Moacyr Grechi assunse la allora Prelatura dell´Acre e Purús, dopo la trágica morte de Dom Giocondo e volle assumere la responsabilitá di condurre questa chiesa particolare nel cammino del rinnovamento, iniciato dal suo predecessore:</p>
<p>“ Il mio desiderio é che i piccoli gruppi del vangelo formino comunitá vive e ative e que queste comunitá, unite tra sé, formino le parrocchie”.</p>
<p>Nelle sue visite pastorali alle parrochie, voleva ascoltare la voce della gente, i loro problemi e le loro preoccupazioni, soptrattutto quando cominció la violenza dei grandi compratori di terra contro i piccoli estrattori della gomma e agricoltori che da anni vivevano in queste  regioni.</p>
<p>Il piccolo numero di sacerdoti in quelle vaste regioni, era diventato un incubo per Dom Moacir, al punto di venire in Italia a supplicare che alcune diocesi mettessero a disposizione per lo meno un prete. Monsignor Giuliano Agresti capí la situazione e, invece di uno, ne invió tre: don Natalino, Giovanni e Massimo. Era l´anno di 1974, quando inizió  la cooperazione missionaria tra Lucca e Rio Branco, che dura fino ad oggi, da quaranta cinque anni.</p>
<p>Ricordiamo Dom Moacyr come un uomo coscienzioso, aperto e coraggioso, in una regione piena di terribili conflitti, dove sigilló una alleanza  con i poveri e gli oppressi, allontanandosi dai palazzi del potere, denunciando abusi e situazioni ingiuste,  dando solidarietá agli esclusi,  appoggiando la lora lotta di liberazione. Diventó cosí, un profeta per vocazione, che usava dire: “ Siamo una chiesa in mezzo ad un popolo martirizzato”. Incomprensioni, dolore, persecuzioni, sofferenze  e minaccie, sono state la sua compagnia nella maggior parte degli anni trascorsi in terra acreana.</p>
<p>Uomo di grande fede, insisteva che l´Amazzonia non poteva diventare una nuova colonia, sfruttata e disboscata: “Non siamo profeti di disgrazie&#8230; siamo  la Amazzonia della speranza. Le sfide mettono paura, ma il Signore, che ha vinto il mondo, sta con noi tutti i giorni. Viviamo nella insicurezza, non tutto é chiaro e semplice, ma grazie a Dio, abbiamo come riferimento il Vangelo e la pratica di Gesú.”</p>
<p>Dom Moacir, diventó molto amico di Monsignor Agresti, tra loro si scambiavano visite e lettere. Il vescovo di Rio Branco, a volte si sfogava per la mancanza di sacerdoti: “Richieste di soccorso sono state fatte, ma la nostra regione amazzonica sempre fu vista molto difficile e lontana per inviarci missionari. Sono presidente del regionale Nord 1, e sento ogni giorno di piú il grave problema della mancanza di preti nella nostra regione. Nell Amazzonia, non  abbiamo mai avuto un clero autoctono, mai abbiamo avuto un seminario proprio e neppure una tradizione di un clero locale. Ora abbiamo bisogno di chi ci aiuti nella formazione dei nostri futuri presbiteri  di questa Amazzonia di indios, di seringueiros, di agricoltori, di migranti che abitano in queste immense foreste e fiumi. Amazzonia della devastazione e disboscamenti irrazionali e del massacro barbaro dei popoli indigeni. Qui, dove Dio ci ha inviati come missionari, vogliamo essere una Chiesa fraterna, uma Chiesa di comunione, sempre aperta alla novitá del Vangelo e alla conversione. Una Chiesa, docile  ogni giorno al soffio dello Spirito, alimentada dalla Parola e dalla Eucaristia per vivere il nostro ministero  con ardore missionario”.</p>
<p>Furono venti cinque anni di servizio al popolo acreano, fino a quando fu nominato aricivescovo di Porto Velho nel 1998.</p>
<p>Lunedi scorso fece la sua Pascoa e la Chiesa di Lucca  si sente vicina alla Chiesa di Rio Branco e Porto Velho, nei sentimenti di dolore e di speranza.</p>

<p>DOM MOACYR GRECHI  PASTORE E PROFETA. &nbsp; Dom Moacyr Grechi assunse la allora Prelatura dell´Acre e Purús, dopo la trágica morte de Dom Giocondo e volle assumere la responsabilitá di condurre questa chiesa particolare nel cammino del rinnovamento, iniciato dal</p>
