{"id":1702,"date":"2024-12-18T12:08:07","date_gmt":"2024-12-18T11:08:07","guid":{"rendered":"https:\/\/www.diocesilucca.it\/missioni\/?page_id=1702"},"modified":"2024-12-18T12:45:38","modified_gmt":"2024-12-18T11:45:38","slug":"progetto-e-arpa","status":"publish","type":"page","link":"https:\/\/www.diocesilucca.it\/missioni\/progetto-e-arpa\/","title":{"rendered":"Progetto E-Arpa"},"content":{"rendered":"\n<div class=\"wp-block-columns is-layout-flex wp-container-core-columns-is-layout-28f84493 wp-block-columns-is-layout-flex\">\n<div class=\"wp-block-column is-layout-flow wp-block-column-is-layout-flow\" style=\"flex-basis:66.66%\">\n<p>Il Progetto<strong> <a href=\"https:\/\/e-arpa.eu\/\" data-type=\"link\" data-id=\"https:\/\/e-arpa.eu\/\">E-Arpa<\/a> scuola europea di nuovo artigianato della passione (<\/strong><em>number of the contract: 2022-2-ES01-KA210-VET-000098977<\/em>) rientra tra i progetti <strong>Erasmus+ \u201cpiccola scala\u201d<\/strong> volti a facilitare l\u2019ingresso nella dimensione europea delle piccole realt\u00e0 associative al fine di rafforzare le connessioni tra gli stati e i soggetti della comunit\u00e0. Capofila del progetto la <strong>Fraternit\u00e0 di Santiago in Spagna<\/strong>, partner di progetto <strong>l\u2019associazione Grao-Vasco (AGV) del Portogallo<\/strong> e <strong>l\u2019Arcidiocesi di Lucca con il proprio Centro Missionario.<\/strong><\/p>\n\n\n\n<p><strong>La MISSION<\/strong>&nbsp;del progetto \u00e8 mettere in contatto gli artigiani del sacro di Spagna, Portogallo e Italia per valorizzarne i talenti, creare sinergie e adattare il loro lavoro ai cambiamenti del mercato in termini di integrazione, digitalizzazione e sostenibilit\u00e0. Adattare l\u2019artigianato della passione a un modello di nuovo artigianato che garantisca la sua <strong>continuit\u00e0<\/strong> oltre alla&nbsp;<strong>professionalit\u00e0<\/strong>&nbsp;e alle&nbsp;<strong>opportunit\u00e0<\/strong>&nbsp;degli uffici che compongono la&nbsp;<strong>mappa<\/strong>&nbsp;<strong>ARPA!<\/strong><\/p>\n<\/div>\n\n\n\n<div class=\"wp-block-column is-layout-flow wp-block-column-is-layout-flow\" style=\"flex-basis:33.33%\">\n<figure class=\"wp-block-image alignleft size-large is-resized\"><a href=\"https:\/\/www.diocesilucca.it\/missioni\/wp-content\/uploads\/sites\/7\/2024\/12\/IMG-20241008-WA0033.jpg\"><img loading=\"lazy\" decoding=\"async\" width=\"768\" height=\"1024\" src=\"https:\/\/www.diocesilucca.it\/missioni\/wp-content\/uploads\/sites\/7\/2024\/12\/IMG-20241008-WA0033-768x1024.jpg\" alt=\"\" class=\"wp-image-1716\" style=\"width:220px;height:auto\" srcset=\"https:\/\/www.diocesilucca.it\/missioni\/wp-content\/uploads\/sites\/7\/2024\/12\/IMG-20241008-WA0033-768x1024.jpg 768w, https:\/\/www.diocesilucca.it\/missioni\/wp-content\/uploads\/sites\/7\/2024\/12\/IMG-20241008-WA0033-225x300.jpg 225w, https:\/\/www.diocesilucca.it\/missioni\/wp-content\/uploads\/sites\/7\/2024\/12\/IMG-20241008-WA0033-1152x1536.jpg 1152w, https:\/\/www.diocesilucca.it\/missioni\/wp-content\/uploads\/sites\/7\/2024\/12\/IMG-20241008-WA0033.jpg 1500w\" sizes=\"auto, (max-width: 768px) 100vw, 768px\" \/><\/a><\/figure>\n<\/div>\n<\/div>\n\n\n\n<p><strong>Il progetto<\/strong><\/p>\n\n\n\n<div class=\"wp-block-columns is-layout-flex wp-container-core-columns-is-layout-28f84493 wp-block-columns-is-layout-flex\">\n<div class=\"wp-block-column is-layout-flow wp-block-column-is-layout-flow\" style=\"flex-basis:66.66%\">\n<p><strong>La prima fase del progetto<\/strong>, nel mese di giugno 2023, ha visto confluire nella citt\u00e0 di Siviglia i rappresentanti dei tre partner europei per definire gli aspetti organizzativi&nbsp;ed incontrare alcuni degli artigiani del sacro che operano nella citt\u00e0 (scultori&nbsp;lignei,&nbsp;restauratori, decoratori, ecc) e ascoltarne le fatiche, le soddisfazioni e i bisogni legati al mestiere.&nbsp;Il nuovo progetto e-ARPA \u00e8 stato presentato al pubblico presso l&#8217;Ateneo di Siviglia. Erano presenti membri della Fraternit\u00e0 di Santiago (Spagna), del Centro Missionario Diocesano di Lucca (Italia) e dell&#8217;Associazione Gr\u00e3o Vasco (Portogallo). L&#8217;evento \u00e8 stato presieduto da don Emilio Boja Malav\u00e9, presidente dell&#8217;istituzione sivigliana. In questa occasione \u00e8 stato presentato il programma generale del progetto e la roadmap biennale di e-ARPA.<\/p>\n\n\n\n<p><strong>Dopo mesi di lavoro<\/strong> dedicati alla raccolta di dati e interviste rivolte ad artigiani del sacro sia in Spagna che in Italia e Portogallo \u00e8 stato stilato un <strong>report di studio finale<\/strong>, ambizioso in termini di spazi, discipline e mestieri. Ci siamo concentrati su una parte fondamentale di questo contesto: le funzioni tradizionali della Settimana Santa nella regione mediterranea dell&#8217;Europa. Consapevoli che sono molti, molto plurali e particolari, il primo compito che questo studio si pone \u00e8 quello di cercare di scomporli, rispettando le loro differenze, ma cercando di riunirli sotto temi comuni. In totale sono stati realizzati 489 sondaggi tra artigiani e artigiane <em>de la Pasi\u00f3n<\/em> nel quarto trimestre del 2023. Abbiamo intervistato lo stesso numero di artigiani in ogni Paese (163) in modo da rispettare per ogni realt\u00e0 nazionale, la proporzione di genere tra maschi e femmine.<\/p>\n\n\n\n<p><strong>Come ultima attivit\u00e0<\/strong> \u00e8 stata realizzata nei primi giorni di ottobre 2024, dal 7 al 9 ottobre 2024, &nbsp;una <strong>formazione residenziale artistica<\/strong> rivolta ad alcuni artigiani\/e selezionati per ogni paese coinvolto. In particolare una delegazione per paese costituita da 2 ferenti per associazione\/ente e 2 artigiani ha partecipato ai laboratori per visionare nuove tecniche artigianali e sperimentare modalit\u00e0 diverse di fare arte. Per maggiori informazioni sul progetto visita il sito oppure seguici sui social\u2026<\/p>\n<\/div>\n\n\n\n<div class=\"wp-block-column is-layout-flow wp-block-column-is-layout-flow\" style=\"flex-basis:33.33%\">\n<figure class=\"wp-block-image aligncenter size-large\"><a href=\"https:\/\/www.diocesilucca.it\/missioni\/wp-content\/uploads\/sites\/7\/2024\/12\/IMG-20241008-WA0032.jpg\"><img loading=\"lazy\" decoding=\"async\" width=\"1024\" height=\"768\" src=\"https:\/\/www.diocesilucca.it\/missioni\/wp-content\/uploads\/sites\/7\/2024\/12\/IMG-20241008-WA0032-1024x768.jpg\" alt=\"\" class=\"wp-image-1717\" srcset=\"https:\/\/www.diocesilucca.it\/missioni\/wp-content\/uploads\/sites\/7\/2024\/12\/IMG-20241008-WA0032-1024x768.jpg 1024w, https:\/\/www.diocesilucca.it\/missioni\/wp-content\/uploads\/sites\/7\/2024\/12\/IMG-20241008-WA0032-300x225.jpg 300w, https:\/\/www.diocesilucca.it\/missioni\/wp-content\/uploads\/sites\/7\/2024\/12\/IMG-20241008-WA0032-768x576.jpg 768w, https:\/\/www.diocesilucca.it\/missioni\/wp-content\/uploads\/sites\/7\/2024\/12\/IMG-20241008-WA0032-1536x1152.jpg 1536w, https:\/\/www.diocesilucca.it\/missioni\/wp-content\/uploads\/sites\/7\/2024\/12\/IMG-20241008-WA0032.jpg 1600w\" sizes=\"auto, (max-width: 1024px) 100vw, 1024px\" \/><\/a><\/figure>\n<\/div>\n<\/div>\n\n\n\n<p>Instagram: <a href=\"https:\/\/www.instagram.com\/e_arpa.eu\/\">https:\/\/www.instagram.com\/e_arpa.eu\/<\/a><\/p>\n\n\n\n<p>Facebook: <a href=\"https:\/\/www.facebook.com\/profile.php?id=61552517065369\">https:\/\/www.facebook.com\/profile.php?id=61552517065369<\/a><\/p>\n\n\n\n<p>Linkedin: <a href=\"https:\/\/www.linkedin.com\/in\/project-e-arpa-086b63295\/\">https:\/\/www.linkedin.com\/in\/project-e-arpa-086b63295\/<\/a><\/p>\n\n\n\n<figure class=\"wp-block-image size-full is-resized\"><a href=\"https:\/\/www.diocesilucca.it\/missioni\/wp-content\/uploads\/sites\/7\/2024\/12\/Picsart_24-12-18_12-40-59-839.png\"><img loading=\"lazy\" decoding=\"async\" width=\"2828\" height=\"2828\" src=\"https:\/\/www.diocesilucca.it\/missioni\/wp-content\/uploads\/sites\/7\/2024\/12\/Picsart_24-12-18_12-40-59-839.png\" alt=\"\" class=\"wp-image-1725\" style=\"width:302px;height:auto\" srcset=\"https:\/\/www.diocesilucca.it\/missioni\/wp-content\/uploads\/sites\/7\/2024\/12\/Picsart_24-12-18_12-40-59-839.png 2828w, https:\/\/www.diocesilucca.it\/missioni\/wp-content\/uploads\/sites\/7\/2024\/12\/Picsart_24-12-18_12-40-59-839-300x300.png 300w, https:\/\/www.diocesilucca.it\/missioni\/wp-content\/uploads\/sites\/7\/2024\/12\/Picsart_24-12-18_12-40-59-839-1024x1024.png 1024w, https:\/\/www.diocesilucca.it\/missioni\/wp-content\/uploads\/sites\/7\/2024\/12\/Picsart_24-12-18_12-40-59-839-150x150.png 150w, https:\/\/www.diocesilucca.it\/missioni\/wp-content\/uploads\/sites\/7\/2024\/12\/Picsart_24-12-18_12-40-59-839-768x768.png 768w, https:\/\/www.diocesilucca.it\/missioni\/wp-content\/uploads\/sites\/7\/2024\/12\/Picsart_24-12-18_12-40-59-839-1536x1536.png 1536w, https:\/\/www.diocesilucca.it\/missioni\/wp-content\/uploads\/sites\/7\/2024\/12\/Picsart_24-12-18_12-40-59-839-2048x2048.png 2048w, https:\/\/www.diocesilucca.it\/missioni\/wp-content\/uploads\/sites\/7\/2024\/12\/Picsart_24-12-18_12-40-59-839-270x270.png 270w, https:\/\/www.diocesilucca.it\/missioni\/wp-content\/uploads\/sites\/7\/2024\/12\/Picsart_24-12-18_12-40-59-839-230x230.png 230w\" sizes=\"auto, (max-width: 2828px) 100vw, 2828px\" \/><\/a><\/figure>\n\n\n\n<p><\/p>\n\n\n\n<p><\/p>\n","protected":false},"excerpt":{"rendered":"<p>Il Progetto E-Arpa scuola europea di nuovo artigianato della passione (number of the contract: 2022-2-ES01-KA210-VET-000098977) rientra tra i progetti Erasmus+ \u201cpiccola scala\u201d volti a facilitare l\u2019ingresso nella dimensione europea delle piccole realt\u00e0 associative al fine di rafforzare le connessioni tra<\/p>\n","protected":false},"author":15,"featured_media":0,"parent":0,"menu_order":0,"comment_status":"closed","ping_status":"closed","template":"","meta":{"footnotes":""},"class_list":["post-1702","page","type-page","status-publish","hentry"],"_links":{"self":[{"href":"https:\/\/www.diocesilucca.it\/missioni\/wp-json\/wp\/v2\/pages\/1702","targetHints":{"allow":["GET"]}}],"collection":[{"href":"https:\/\/www.diocesilucca.it\/missioni\/wp-json\/wp\/v2\/pages"}],"about":[{"href":"https:\/\/www.diocesilucca.it\/missioni\/wp-json\/wp\/v2\/types\/page"}],"author":[{"embeddable":true,"href":"https:\/\/www.diocesilucca.it\/missioni\/wp-json\/wp\/v2\/users\/15"}],"replies":[{"embeddable":true,"href":"https:\/\/www.diocesilucca.it\/missioni\/wp-json\/wp\/v2\/comments?post=1702"}],"version-history":[{"count":7,"href":"https:\/\/www.diocesilucca.it\/missioni\/wp-json\/wp\/v2\/pages\/1702\/revisions"}],"predecessor-version":[{"id":1728,"href":"https:\/\/www.diocesilucca.it\/missioni\/wp-json\/wp\/v2\/pages\/1702\/revisions\/1728"}],"wp:attachment":[{"href":"https:\/\/www.diocesilucca.it\/missioni\/wp-json\/wp\/v2\/media?parent=1702"}],"curies":[{"name":"wp","href":"https:\/\/api.w.org\/{rel}","templated":true}]}}

<div class="wp-block-columns is-layout-flex wp-container-core-columns-is-layout-28f84493 wp-block-columns-is-layout-flex">
<div class="wp-block-column is-layout-flow wp-block-column-is-layout-flow" style="flex-basis:66.66%">
<p>Il Progetto<strong> <a href="https://e-arpa.eu/" data-type="link" data-id="https://e-arpa.eu/">E-Arpa</a> scuola europea di nuovo artigianato della passione (</strong><em>number of the contract: 2022-2-ES01-KA210-VET-000098977</em>) rientra tra i progetti <strong>Erasmus+ “piccola scala”</strong> volti a facilitare l’ingresso nella dimensione europea delle piccole realtà associative al fine di rafforzare le connessioni tra gli stati e i soggetti della comunità. Capofila del progetto la <strong>Fraternità di Santiago in Spagna</strong>, partner di progetto <strong>l’associazione Grao-Vasco (AGV) del Portogallo</strong> e <strong>l’Arcidiocesi di Lucca con il proprio Centro Missionario.</strong></p>



<p><strong>La MISSION</strong>&nbsp;del progetto è mettere in contatto gli artigiani del sacro di Spagna, Portogallo e Italia per valorizzarne i talenti, creare sinergie e adattare il loro lavoro ai cambiamenti del mercato in termini di integrazione, digitalizzazione e sostenibilità. Adattare l’artigianato della passione a un modello di nuovo artigianato che garantisca la sua <strong>continuità</strong> oltre alla&nbsp;<strong>professionalità</strong>&nbsp;e alle&nbsp;<strong>opportunità</strong>&nbsp;degli uffici che compongono la&nbsp;<strong>mappa</strong>&nbsp;<strong>ARPA!</strong></p>
</div>



<div class="wp-block-column is-layout-flow wp-block-column-is-layout-flow" style="flex-basis:33.33%">
<figure class="wp-block-image alignleft size-large is-resized"><a href="https://www.diocesilucca.it/missioni/wp-content/uploads/sites/7/2024/12/IMG-20241008-WA0033.jpg"><img loading="lazy" decoding="async" width="768" height="1024" src="https://www.diocesilucca.it/missioni/wp-content/uploads/sites/7/2024/12/IMG-20241008-WA0033-768x1024.jpg" alt="" class="wp-image-1716" style="width:220px;height:auto" srcset="https://www.diocesilucca.it/missioni/wp-content/uploads/sites/7/2024/12/IMG-20241008-WA0033-768x1024.jpg 768w, https://www.diocesilucca.it/missioni/wp-content/uploads/sites/7/2024/12/IMG-20241008-WA0033-225x300.jpg 225w, https://www.diocesilucca.it/missioni/wp-content/uploads/sites/7/2024/12/IMG-20241008-WA0033-1152x1536.jpg 1152w, https://www.diocesilucca.it/missioni/wp-content/uploads/sites/7/2024/12/IMG-20241008-WA0033.jpg 1500w" sizes="auto, (max-width: 768px) 100vw, 768px" /></a></figure>
</div>
</div>



<p><strong>Il progetto</strong></p>



<div class="wp-block-columns is-layout-flex wp-container-core-columns-is-layout-28f84493 wp-block-columns-is-layout-flex">
<div class="wp-block-column is-layout-flow wp-block-column-is-layout-flow" style="flex-basis:66.66%">
<p><strong>La prima fase del progetto</strong>, nel mese di giugno 2023, ha visto confluire nella città di Siviglia i rappresentanti dei tre partner europei per definire gli aspetti organizzativi&nbsp;ed incontrare alcuni degli artigiani del sacro che operano nella città (scultori&nbsp;lignei,&nbsp;restauratori, decoratori, ecc) e ascoltarne le fatiche, le soddisfazioni e i bisogni legati al mestiere.&nbsp;Il nuovo progetto e-ARPA è stato presentato al pubblico presso l&#8217;Ateneo di Siviglia. Erano presenti membri della Fraternità di Santiago (Spagna), del Centro Missionario Diocesano di Lucca (Italia) e dell&#8217;Associazione Grão Vasco (Portogallo). L&#8217;evento è stato presieduto da don Emilio Boja Malavé, presidente dell&#8217;istituzione sivigliana. In questa occasione è stato presentato il programma generale del progetto e la roadmap biennale di e-ARPA.</p>



<p><strong>Dopo mesi di lavoro</strong> dedicati alla raccolta di dati e interviste rivolte ad artigiani del sacro sia in Spagna che in Italia e Portogallo è stato stilato un <strong>report di studio finale</strong>, ambizioso in termini di spazi, discipline e mestieri. Ci siamo concentrati su una parte fondamentale di questo contesto: le funzioni tradizionali della Settimana Santa nella regione mediterranea dell&#8217;Europa. Consapevoli che sono molti, molto plurali e particolari, il primo compito che questo studio si pone è quello di cercare di scomporli, rispettando le loro differenze, ma cercando di riunirli sotto temi comuni. In totale sono stati realizzati 489 sondaggi tra artigiani e artigiane <em>de la Pasión</em> nel quarto trimestre del 2023. Abbiamo intervistato lo stesso numero di artigiani in ogni Paese (163) in modo da rispettare per ogni realtà nazionale, la proporzione di genere tra maschi e femmine.</p>



<p><strong>Come ultima attività</strong> è stata realizzata nei primi giorni di ottobre 2024, dal 7 al 9 ottobre 2024, &nbsp;una <strong>formazione residenziale artistica</strong> rivolta ad alcuni artigiani/e selezionati per ogni paese coinvolto. In particolare una delegazione per paese costituita da 2 ferenti per associazione/ente e 2 artigiani ha partecipato ai laboratori per visionare nuove tecniche artigianali e sperimentare modalità diverse di fare arte. Per maggiori informazioni sul progetto visita il sito oppure seguici sui social…</p>
</div>



<div class="wp-block-column is-layout-flow wp-block-column-is-layout-flow" style="flex-basis:33.33%">
<figure class="wp-block-image aligncenter size-large"><a href="https://www.diocesilucca.it/missioni/wp-content/uploads/sites/7/2024/12/IMG-20241008-WA0032.jpg"><img loading="lazy" decoding="async" width="1024" height="768" src="https://www.diocesilucca.it/missioni/wp-content/uploads/sites/7/2024/12/IMG-20241008-WA0032-1024x768.jpg" alt="" class="wp-image-1717" srcset="https://www.diocesilucca.it/missioni/wp-content/uploads/sites/7/2024/12/IMG-20241008-WA0032-1024x768.jpg 1024w, https://www.diocesilucca.it/missioni/wp-content/uploads/sites/7/2024/12/IMG-20241008-WA0032-300x225.jpg 300w, https://www.diocesilucca.it/missioni/wp-content/uploads/sites/7/2024/12/IMG-20241008-WA0032-768x576.jpg 768w, https://www.diocesilucca.it/missioni/wp-content/uploads/sites/7/2024/12/IMG-20241008-WA0032-1536x1152.jpg 1536w, https://www.diocesilucca.it/missioni/wp-content/uploads/sites/7/2024/12/IMG-20241008-WA0032.jpg 1600w" sizes="auto, (max-width: 1024px) 100vw, 1024px" /></a></figure>
</div>
</div>



<p>Instagram: <a href="https://www.instagram.com/e_arpa.eu/">https://www.instagram.com/e_arpa.eu/</a></p>



<p>Facebook: <a href="https://www.facebook.com/profile.php?id=61552517065369">https://www.facebook.com/profile.php?id=61552517065369</a></p>



<p>Linkedin: <a href="https://www.linkedin.com/in/project-e-arpa-086b63295/">https://www.linkedin.com/in/project-e-arpa-086b63295/</a></p>



<figure class="wp-block-image size-full is-resized"><a href="https://www.diocesilucca.it/missioni/wp-content/uploads/sites/7/2024/12/Picsart_24-12-18_12-40-59-839.png"><img loading="lazy" decoding="async" width="2828" height="2828" src="https://www.diocesilucca.it/missioni/wp-content/uploads/sites/7/2024/12/Picsart_24-12-18_12-40-59-839.png" alt="" class="wp-image-1725" style="width:302px;height:auto" srcset="https://www.diocesilucca.it/missioni/wp-content/uploads/sites/7/2024/12/Picsart_24-12-18_12-40-59-839.png 2828w, https://www.diocesilucca.it/missioni/wp-content/uploads/sites/7/2024/12/Picsart_24-12-18_12-40-59-839-300x300.png 300w, https://www.diocesilucca.it/missioni/wp-content/uploads/sites/7/2024/12/Picsart_24-12-18_12-40-59-839-1024x1024.png 1024w, https://www.diocesilucca.it/missioni/wp-content/uploads/sites/7/2024/12/Picsart_24-12-18_12-40-59-839-150x150.png 150w, https://www.diocesilucca.it/missioni/wp-content/uploads/sites/7/2024/12/Picsart_24-12-18_12-40-59-839-768x768.png 768w, https://www.diocesilucca.it/missioni/wp-content/uploads/sites/7/2024/12/Picsart_24-12-18_12-40-59-839-1536x1536.png 1536w, https://www.diocesilucca.it/missioni/wp-content/uploads/sites/7/2024/12/Picsart_24-12-18_12-40-59-839-2048x2048.png 2048w, https://www.diocesilucca.it/missioni/wp-content/uploads/sites/7/2024/12/Picsart_24-12-18_12-40-59-839-270x270.png 270w, https://www.diocesilucca.it/missioni/wp-content/uploads/sites/7/2024/12/Picsart_24-12-18_12-40-59-839-230x230.png 230w" sizes="auto, (max-width: 2828px) 100vw, 2828px" /></a></figure>



<p></p>



<p></p>

<p>Il Progetto E-Arpa scuola europea di nuovo artigianato della passione (number of the contract: 2022-2-ES01-KA210-VET-000098977) rientra tra i progetti Erasmus+ “piccola scala” volti a facilitare l’ingresso nella dimensione europea delle piccole realtà associative al fine di rafforzare le connessioni tra</p>
