{"id":1036,"date":"2021-10-04T14:13:43","date_gmt":"2021-10-04T12:13:43","guid":{"rendered":"https:\/\/www.diocesilucca.it\/missioni\/?page_id=1036"},"modified":"2021-11-14T15:26:59","modified_gmt":"2021-11-14T14:26:59","slug":"sertao-2","status":"publish","type":"page","link":"https:\/\/www.diocesilucca.it\/missioni\/sertao-2\/","title":{"rendered":"Sertao"},"content":{"rendered":"\n<div class=\"wp-block-cover alignfull has-background-dim\"><img loading=\"lazy\" decoding=\"async\" width=\"2560\" height=\"1920\" class=\"wp-block-cover__image-background wp-image-1300\" alt=\"\" src=\"https:\/\/www.diocesilucca.it\/missioni\/wp-content\/uploads\/sites\/7\/2021\/11\/Grande_Sertao_Veredas_1-scaled.jpg\" style=\"object-position:77% 0%\" data-object-fit=\"cover\" data-object-position=\"77% 0%\" srcset=\"https:\/\/www.diocesilucca.it\/missioni\/wp-content\/uploads\/sites\/7\/2021\/11\/Grande_Sertao_Veredas_1-scaled.jpg 2560w, https:\/\/www.diocesilucca.it\/missioni\/wp-content\/uploads\/sites\/7\/2021\/11\/Grande_Sertao_Veredas_1-300x225.jpg 300w, https:\/\/www.diocesilucca.it\/missioni\/wp-content\/uploads\/sites\/7\/2021\/11\/Grande_Sertao_Veredas_1-1024x768.jpg 1024w, https:\/\/www.diocesilucca.it\/missioni\/wp-content\/uploads\/sites\/7\/2021\/11\/Grande_Sertao_Veredas_1-768x576.jpg 768w, https:\/\/www.diocesilucca.it\/missioni\/wp-content\/uploads\/sites\/7\/2021\/11\/Grande_Sertao_Veredas_1-1536x1152.jpg 1536w, https:\/\/www.diocesilucca.it\/missioni\/wp-content\/uploads\/sites\/7\/2021\/11\/Grande_Sertao_Veredas_1-2048x1536.jpg 2048w\" sizes=\"auto, (max-width: 2560px) 100vw, 2560px\" \/><div class=\"wp-block-cover__inner-container is-layout-flow wp-block-cover-is-layout-flow\">\n<h2 class=\"has-text-align-center wp-block-heading\"><strong><em><strong><strong>Il Sert\u00e3o<\/strong><\/strong><\/em><\/strong><\/h2>\n\n\n\n<p class=\"has-text-align-center has-luminous-vivid-amber-color has-text-color has-medium-font-size\" style=\"line-height:1.1\"><strong><strong><strong><strong>un\u2019area semi desertica nell\u2019area nord est del Brasile<\/strong><\/strong><\/strong><\/strong><\/p>\n<\/div><\/div>\n\n\n\n<div style=\"height:43px\" aria-hidden=\"true\" class=\"wp-block-spacer\"><\/div>\n\n\n\n<div class=\"wp-block-group has-white-background-color has-background is-layout-flow wp-block-group-is-layout-flow\">\n<div class=\"wp-block-columns alignwide is-layout-flex wp-container-core-columns-is-layout-28f84493 wp-block-columns-is-layout-flex\">\n<div class=\"wp-block-column is-layout-flow wp-block-column-is-layout-flow\">\n<p class=\"has-luminous-vivid-orange-color has-text-color has-medium-font-size\"><\/p>\n<\/div>\n\n\n\n<div class=\"wp-block-column has-black-color has-text-color is-layout-flow wp-block-column-is-layout-flow\">\n<p>A partire dal 1845, anno in cui si \u00e8 cominciato a calcolare il livello delle precipitazioni, (dati Inmet \u2013 Instituto nacional de meteorologia) non si \u00e8 mai registrato un dato cos\u00ec basso come quello registrato tra il 2011 e il 2018, infatti \u00e8 praticamente 7 anni che non piove in maniera soddisfacente con un grosso impatto negativo sulle attivit\u00e0 agricole generatrici di reddito. <\/p>\n\n\n\n<p><\/p>\n<\/div>\n\n\n\n<div class=\"wp-block-column is-layout-flow wp-block-column-is-layout-flow\">\n<p>Cos\u00ec le ricorrenti secche fanno parte integrante non solo della cultura locale, ma anche del costume e delle leggende popolari di questa terra che manca della risorsa principale di cui ha bisogno l\u2019uomo e l\u2019intero creato per vivere: l\u2019acqua. <\/p>\n\n\n\n<p>Pertanto, in questo contesto ambientale cos\u00ec ostile, \u00e8 necessario attivare interventi di emergenza che sappiano, per\u00f2, produrre effetti di lungo periodo a vantaggio della popolazione locale. <\/p>\n<\/div>\n<\/div>\n\n\n\n<div style=\"height:63px\" aria-hidden=\"true\" class=\"wp-block-spacer\"><\/div>\n\n\n\n<p>Il nostro missionario <strong>fidei donum Luca Bianucci<\/strong>, dopo aver visitato pi\u00f9 volte le comunit\u00e0 locali, dialogato con loro per conoscere i loro bisogni e individuato le aree maggiormente colpite sta cercando di elaborare un programma diocesano di costruzione di pozzi di profondit\u00e0 che possano garantire l\u2019accesso all\u2019acqua potabile per uso familiare e sanitario e, al contempo, favorire l\u2019irrigazione dei campi e rivitalizzare cos\u00ec l\u2019attivit\u00e0 agricola. In particolare l\u2019area interessata coinvolge la parrocchia di Pinh\u00e3o, ove si trova come referente Padre Alex.<\/p>\n<\/div>\n\n\n\n<div class=\"wp-block-group is-layout-flow wp-block-group-is-layout-flow\"><\/div>\n\n\n\n<figure class=\"wp-block-gallery alignwide columns-2 is-cropped wp-block-gallery-1 is-layout-flex wp-block-gallery-is-layout-flex\"><ul class=\"blocks-gallery-grid\"><li class=\"blocks-gallery-item\"><figure><img loading=\"lazy\" decoding=\"async\" width=\"1024\" height=\"768\" src=\"https:\/\/www.diocesilucca.it\/missioni\/wp-content\/uploads\/sites\/7\/2021\/11\/20190211_133802_001-min-1024x768.jpg\" alt=\"\" data-id=\"1191\" data-full-url=\"https:\/\/www.diocesilucca.it\/missioni\/wp-content\/uploads\/sites\/7\/2021\/11\/20190211_133802_001-min-scaled.jpg\" data-link=\"https:\/\/www.diocesilucca.it\/missioni\/sertao-2\/20190211_133802_001-min\/\" class=\"wp-image-1191\" srcset=\"https:\/\/www.diocesilucca.it\/missioni\/wp-content\/uploads\/sites\/7\/2021\/11\/20190211_133802_001-min-1024x768.jpg 1024w, https:\/\/www.diocesilucca.it\/missioni\/wp-content\/uploads\/sites\/7\/2021\/11\/20190211_133802_001-min-300x225.jpg 300w, https:\/\/www.diocesilucca.it\/missioni\/wp-content\/uploads\/sites\/7\/2021\/11\/20190211_133802_001-min-768x576.jpg 768w, https:\/\/www.diocesilucca.it\/missioni\/wp-content\/uploads\/sites\/7\/2021\/11\/20190211_133802_001-min-1536x1152.jpg 1536w, https:\/\/www.diocesilucca.it\/missioni\/wp-content\/uploads\/sites\/7\/2021\/11\/20190211_133802_001-min-2048x1536.jpg 2048w\" sizes=\"auto, (max-width: 1024px) 100vw, 1024px\" \/><\/figure><\/li><li class=\"blocks-gallery-item\"><figure><img loading=\"lazy\" decoding=\"async\" width=\"1024\" height=\"768\" src=\"https:\/\/www.diocesilucca.it\/missioni\/wp-content\/uploads\/sites\/7\/2021\/11\/20190211_132742-min-1024x768.jpg\" alt=\"\" data-id=\"1192\" data-full-url=\"https:\/\/www.diocesilucca.it\/missioni\/wp-content\/uploads\/sites\/7\/2021\/11\/20190211_132742-min-scaled.jpg\" data-link=\"https:\/\/www.diocesilucca.it\/missioni\/sertao-2\/20190211_132742-min\/\" class=\"wp-image-1192\" srcset=\"https:\/\/www.diocesilucca.it\/missioni\/wp-content\/uploads\/sites\/7\/2021\/11\/20190211_132742-min-1024x768.jpg 1024w, https:\/\/www.diocesilucca.it\/missioni\/wp-content\/uploads\/sites\/7\/2021\/11\/20190211_132742-min-300x225.jpg 300w, https:\/\/www.diocesilucca.it\/missioni\/wp-content\/uploads\/sites\/7\/2021\/11\/20190211_132742-min-768x576.jpg 768w, https:\/\/www.diocesilucca.it\/missioni\/wp-content\/uploads\/sites\/7\/2021\/11\/20190211_132742-min-1536x1152.jpg 1536w, https:\/\/www.diocesilucca.it\/missioni\/wp-content\/uploads\/sites\/7\/2021\/11\/20190211_132742-min-2048x1536.jpg 2048w\" sizes=\"auto, (max-width: 1024px) 100vw, 1024px\" \/><\/figure><\/li><\/ul><\/figure>\n\n\n\n\n\n<p><\/p>\n","protected":false},"excerpt":{"rendered":"","protected":false},"author":15,"featured_media":0,"parent":0,"menu_order":0,"comment_status":"closed","ping_status":"closed","template":"","meta":{"footnotes":""},"class_list":["post-1036","page","type-page","status-publish","hentry"],"_links":{"self":[{"href":"https:\/\/www.diocesilucca.it\/missioni\/wp-json\/wp\/v2\/pages\/1036","targetHints":{"allow":["GET"]}}],"collection":[{"href":"https:\/\/www.diocesilucca.it\/missioni\/wp-json\/wp\/v2\/pages"}],"about":[{"href":"https:\/\/www.diocesilucca.it\/missioni\/wp-json\/wp\/v2\/types\/page"}],"author":[{"embeddable":true,"href":"https:\/\/www.diocesilucca.it\/missioni\/wp-json\/wp\/v2\/users\/15"}],"replies":[{"embeddable":true,"href":"https:\/\/www.diocesilucca.it\/missioni\/wp-json\/wp\/v2\/comments?post=1036"}],"version-history":[{"count":16,"href":"https:\/\/www.diocesilucca.it\/missioni\/wp-json\/wp\/v2\/pages\/1036\/revisions"}],"predecessor-version":[{"id":1326,"href":"https:\/\/www.diocesilucca.it\/missioni\/wp-json\/wp\/v2\/pages\/1036\/revisions\/1326"}],"wp:attachment":[{"href":"https:\/\/www.diocesilucca.it\/missioni\/wp-json\/wp\/v2\/media?parent=1036"}],"curies":[{"name":"wp","href":"https:\/\/api.w.org\/{rel}","templated":true}]}}

<div class="wp-block-cover alignfull has-background-dim"><img loading="lazy" decoding="async" width="2560" height="1920" class="wp-block-cover__image-background wp-image-1300" alt="" src="https://www.diocesilucca.it/missioni/wp-content/uploads/sites/7/2021/11/Grande_Sertao_Veredas_1-scaled.jpg" style="object-position:77% 0%" data-object-fit="cover" data-object-position="77% 0%" srcset="https://www.diocesilucca.it/missioni/wp-content/uploads/sites/7/2021/11/Grande_Sertao_Veredas_1-scaled.jpg 2560w, https://www.diocesilucca.it/missioni/wp-content/uploads/sites/7/2021/11/Grande_Sertao_Veredas_1-300x225.jpg 300w, https://www.diocesilucca.it/missioni/wp-content/uploads/sites/7/2021/11/Grande_Sertao_Veredas_1-1024x768.jpg 1024w, https://www.diocesilucca.it/missioni/wp-content/uploads/sites/7/2021/11/Grande_Sertao_Veredas_1-768x576.jpg 768w, https://www.diocesilucca.it/missioni/wp-content/uploads/sites/7/2021/11/Grande_Sertao_Veredas_1-1536x1152.jpg 1536w, https://www.diocesilucca.it/missioni/wp-content/uploads/sites/7/2021/11/Grande_Sertao_Veredas_1-2048x1536.jpg 2048w" sizes="auto, (max-width: 2560px) 100vw, 2560px" /><div class="wp-block-cover__inner-container is-layout-flow wp-block-cover-is-layout-flow">
<h2 class="has-text-align-center wp-block-heading"><strong><em><strong><strong>Il Sertão</strong></strong></em></strong></h2>



<p class="has-text-align-center has-luminous-vivid-amber-color has-text-color has-medium-font-size" style="line-height:1.1"><strong><strong><strong><strong>un’area semi desertica nell’area nord est del Brasile</strong></strong></strong></strong></p>
</div></div>



<div style="height:43px" aria-hidden="true" class="wp-block-spacer"></div>



<div class="wp-block-group has-white-background-color has-background is-layout-flow wp-block-group-is-layout-flow">
<div class="wp-block-columns alignwide is-layout-flex wp-container-core-columns-is-layout-28f84493 wp-block-columns-is-layout-flex">
<div class="wp-block-column is-layout-flow wp-block-column-is-layout-flow">
<p class="has-luminous-vivid-orange-color has-text-color has-medium-font-size"></p>
</div>



<div class="wp-block-column has-black-color has-text-color is-layout-flow wp-block-column-is-layout-flow">
<p>A partire dal 1845, anno in cui si è cominciato a calcolare il livello delle precipitazioni, (dati Inmet – Instituto nacional de meteorologia) non si è mai registrato un dato così basso come quello registrato tra il 2011 e il 2018, infatti è praticamente 7 anni che non piove in maniera soddisfacente con un grosso impatto negativo sulle attività agricole generatrici di reddito. </p>



<p></p>
</div>



<div class="wp-block-column is-layout-flow wp-block-column-is-layout-flow">
<p>Così le ricorrenti secche fanno parte integrante non solo della cultura locale, ma anche del costume e delle leggende popolari di questa terra che manca della risorsa principale di cui ha bisogno l’uomo e l’intero creato per vivere: l’acqua. </p>



<p>Pertanto, in questo contesto ambientale così ostile, è necessario attivare interventi di emergenza che sappiano, però, produrre effetti di lungo periodo a vantaggio della popolazione locale. </p>
</div>
</div>



<div style="height:63px" aria-hidden="true" class="wp-block-spacer"></div>



<p>Il nostro missionario <strong>fidei donum Luca Bianucci</strong>, dopo aver visitato più volte le comunità locali, dialogato con loro per conoscere i loro bisogni e individuato le aree maggiormente colpite sta cercando di elaborare un programma diocesano di costruzione di pozzi di profondità che possano garantire l’accesso all’acqua potabile per uso familiare e sanitario e, al contempo, favorire l’irrigazione dei campi e rivitalizzare così l’attività agricola. In particolare l’area interessata coinvolge la parrocchia di Pinhão, ove si trova come referente Padre Alex.</p>
</div>



<div class="wp-block-group is-layout-flow wp-block-group-is-layout-flow"></div>



<figure class="wp-block-gallery alignwide columns-2 is-cropped wp-block-gallery-1 is-layout-flex wp-block-gallery-is-layout-flex"><ul class="blocks-gallery-grid"><li class="blocks-gallery-item"><figure><img loading="lazy" decoding="async" width="1024" height="768" src="https://www.diocesilucca.it/missioni/wp-content/uploads/sites/7/2021/11/20190211_133802_001-min-1024x768.jpg" alt="" data-id="1191" data-full-url="https://www.diocesilucca.it/missioni/wp-content/uploads/sites/7/2021/11/20190211_133802_001-min-scaled.jpg" data-link="https://www.diocesilucca.it/missioni/sertao-2/20190211_133802_001-min/" class="wp-image-1191" srcset="https://www.diocesilucca.it/missioni/wp-content/uploads/sites/7/2021/11/20190211_133802_001-min-1024x768.jpg 1024w, https://www.diocesilucca.it/missioni/wp-content/uploads/sites/7/2021/11/20190211_133802_001-min-300x225.jpg 300w, https://www.diocesilucca.it/missioni/wp-content/uploads/sites/7/2021/11/20190211_133802_001-min-768x576.jpg 768w, https://www.diocesilucca.it/missioni/wp-content/uploads/sites/7/2021/11/20190211_133802_001-min-1536x1152.jpg 1536w, https://www.diocesilucca.it/missioni/wp-content/uploads/sites/7/2021/11/20190211_133802_001-min-2048x1536.jpg 2048w" sizes="auto, (max-width: 1024px) 100vw, 1024px" /></figure></li><li class="blocks-gallery-item"><figure><img loading="lazy" decoding="async" width="1024" height="768" src="https://www.diocesilucca.it/missioni/wp-content/uploads/sites/7/2021/11/20190211_132742-min-1024x768.jpg" alt="" data-id="1192" data-full-url="https://www.diocesilucca.it/missioni/wp-content/uploads/sites/7/2021/11/20190211_132742-min-scaled.jpg" data-link="https://www.diocesilucca.it/missioni/sertao-2/20190211_132742-min/" class="wp-image-1192" srcset="https://www.diocesilucca.it/missioni/wp-content/uploads/sites/7/2021/11/20190211_132742-min-1024x768.jpg 1024w, https://www.diocesilucca.it/missioni/wp-content/uploads/sites/7/2021/11/20190211_132742-min-300x225.jpg 300w, https://www.diocesilucca.it/missioni/wp-content/uploads/sites/7/2021/11/20190211_132742-min-768x576.jpg 768w, https://www.diocesilucca.it/missioni/wp-content/uploads/sites/7/2021/11/20190211_132742-min-1536x1152.jpg 1536w, https://www.diocesilucca.it/missioni/wp-content/uploads/sites/7/2021/11/20190211_132742-min-2048x1536.jpg 2048w" sizes="auto, (max-width: 1024px) 100vw, 1024px" /></figure></li></ul></figure>





<p></p>
