{"id":1015,"date":"2021-10-04T13:07:02","date_gmt":"2021-10-04T11:07:02","guid":{"rendered":"https:\/\/www.diocesilucca.it\/missioni\/?page_id=1015"},"modified":"2021-11-14T16:07:26","modified_gmt":"2021-11-14T15:07:26","slug":"same","status":"publish","type":"page","link":"https:\/\/www.diocesilucca.it\/missioni\/same\/","title":{"rendered":"SAME"},"content":{"rendered":"\n<div class=\"wp-block-cover alignfull has-background-dim\"><img loading=\"lazy\" decoding=\"async\" width=\"2445\" height=\"1480\" class=\"wp-block-cover__image-background wp-image-1302\" alt=\"\" src=\"https:\/\/www.diocesilucca.it\/missioni\/wp-content\/uploads\/sites\/7\/2021\/11\/Immagine-2021-11-14-135357.jpg\" data-object-fit=\"cover\" srcset=\"https:\/\/www.diocesilucca.it\/missioni\/wp-content\/uploads\/sites\/7\/2021\/11\/Immagine-2021-11-14-135357.jpg 2445w, https:\/\/www.diocesilucca.it\/missioni\/wp-content\/uploads\/sites\/7\/2021\/11\/Immagine-2021-11-14-135357-300x182.jpg 300w, https:\/\/www.diocesilucca.it\/missioni\/wp-content\/uploads\/sites\/7\/2021\/11\/Immagine-2021-11-14-135357-1024x620.jpg 1024w, https:\/\/www.diocesilucca.it\/missioni\/wp-content\/uploads\/sites\/7\/2021\/11\/Immagine-2021-11-14-135357-768x465.jpg 768w, https:\/\/www.diocesilucca.it\/missioni\/wp-content\/uploads\/sites\/7\/2021\/11\/Immagine-2021-11-14-135357-1536x930.jpg 1536w, https:\/\/www.diocesilucca.it\/missioni\/wp-content\/uploads\/sites\/7\/2021\/11\/Immagine-2021-11-14-135357-2048x1240.jpg 2048w\" sizes=\"auto, (max-width: 2445px) 100vw, 2445px\" \/><div class=\"wp-block-cover__inner-container is-layout-flow wp-block-cover-is-layout-flow\">\n<h2 class=\"has-text-align-center wp-block-heading\"><strong><em><strong><strong>SAME <\/strong><\/strong><\/em><\/strong><\/h2>\n\n\n\n<h2 class=\"has-text-align-center has-luminous-vivid-amber-color has-text-color has-medium-font-size wp-block-heading\"><strong><strong><strong><strong>per il recupero sociale e umano degli anziani vulnerabili in Brasile<\/strong><\/strong><\/strong><\/strong><\/h2>\n\n\n\n<p class=\"has-text-align-center has-large-font-size\"><\/p>\n<\/div><\/div>\n\n\n\n<div class=\"wp-block-group has-white-background-color has-background is-layout-flow wp-block-group-is-layout-flow\">\n<div class=\"wp-block-columns alignfull are-vertically-aligned-center is-layout-flex wp-container-core-columns-is-layout-28f84493 wp-block-columns-is-layout-flex\">\n<div class=\"wp-block-column is-layout-flow wp-block-column-is-layout-flow\" style=\"flex-basis:50%\"><\/div>\n\n\n\n<div class=\"wp-block-column is-layout-flow wp-block-column-is-layout-flow\" style=\"flex-basis:50%\">\n<hr class=\"wp-block-separator has-text-color has-background has-luminous-vivid-orange-background-color has-luminous-vivid-orange-color is-style-wide\" \/>\n<\/div>\n<\/div>\n\n\n\n<div class=\"wp-block-columns alignwide is-layout-flex wp-container-core-columns-is-layout-28f84493 wp-block-columns-is-layout-flex\">\n<div class=\"wp-block-column is-layout-flow wp-block-column-is-layout-flow\">\n<p>Progetto in collaborazione con:<\/p>\n\n\n\n<p class=\"has-luminous-vivid-orange-color has-text-color has-medium-font-size\"><a href=\"http:\/\/amaninyayo.it\/home\/\" data-type=\"URL\" data-id=\"http:\/\/amaninyayo.it\/home\/\">Ass. Amani Nyayo<\/a><\/p>\n\n\n\n<p><a href=\"https:\/\/www.same.org.br\/home\">https:\/\/www.same.org.br\/home<\/a><\/p>\n<\/div>\n\n\n\n<div class=\"wp-block-column has-black-color has-text-color is-layout-flow wp-block-column-is-layout-flow\">\n<p>Con questo progetto si migliorare la qualit\u00e0 della vita delle persone anziane, in situazione di marginalit\u00e0 e degrado sociale affinch\u00e9 siano assistite e ospitate nel pieno rispetto della loro dignit\u00e0.<br>Il progetto si sviluppa nella citt\u00e0 di Aracaju, stato del Sergipe, nord est del Brasile attraverso la promozione di azioni sul territorio volte a garantire la presenza di personale socio-sanitario specializzato (14 unit\u00e0 coinvolte) nella cura e assistenza all\u2019anziano impegnandolo anche in attivit\u00e0 laboratoriali di carattere manuale o in iniziative di sensibilizzazione verso la cittadinanza.<br><br>Il nostro impegno si \u00e8 rivolto anche alla ristrutturazione e ampliamento degli spazi interni alla struttura gestita dalla Arcidiocesi di Aracaju estendendo il numero degli anziani accolti da 60 a 72.<\/p>\n\n\n\n<p><\/p>\n<\/div>\n\n\n\n<div class=\"wp-block-column is-layout-flow wp-block-column-is-layout-flow\">\n<p class=\"has-black-color has-text-color\">Gli interventi hanno riguardato il piano dell\u2019accessibilit\u00e0 in quanto la pavimentazione esterna \u00e8 stata resa pi\u00f9 funzionale per il passaggio di carrozzine o tre piedi e lo scorri mano \u00e8 stato portato fino in cima al piano inclinato; la ristrutturazione del salone per la degenza degli anziani; il rifacimento della pavimentazione dei bagni, delle porte di accesso e della tubazione di scarico dei lavandini; l\u2019equipaggiamento della cucina e del refettorio.<\/p>\n<\/div>\n<\/div>\n\n\n\n<div style=\"height:63px\" aria-hidden=\"true\" class=\"wp-block-spacer\"><\/div>\n<\/div>\n\n\n\n<figure class=\"wp-block-gallery alignwide columns-2 is-cropped wp-block-gallery-1 is-layout-flex wp-block-gallery-is-layout-flex\"><ul class=\"blocks-gallery-grid\"><li class=\"blocks-gallery-item\"><figure><img loading=\"lazy\" decoding=\"async\" width=\"1024\" height=\"576\" src=\"https:\/\/www.diocesilucca.it\/missioni\/wp-content\/uploads\/sites\/7\/2021\/11\/IMG-20190703-WA0027-1024x576.jpg\" alt=\"\" data-id=\"1183\" data-full-url=\"https:\/\/www.diocesilucca.it\/missioni\/wp-content\/uploads\/sites\/7\/2021\/11\/IMG-20190703-WA0027.jpg\" data-link=\"https:\/\/www.diocesilucca.it\/missioni\/same\/img-20190703-wa0027\/\" class=\"wp-image-1183\" srcset=\"https:\/\/www.diocesilucca.it\/missioni\/wp-content\/uploads\/sites\/7\/2021\/11\/IMG-20190703-WA0027-1024x576.jpg 1024w, https:\/\/www.diocesilucca.it\/missioni\/wp-content\/uploads\/sites\/7\/2021\/11\/IMG-20190703-WA0027-300x169.jpg 300w, https:\/\/www.diocesilucca.it\/missioni\/wp-content\/uploads\/sites\/7\/2021\/11\/IMG-20190703-WA0027-768x432.jpg 768w, https:\/\/www.diocesilucca.it\/missioni\/wp-content\/uploads\/sites\/7\/2021\/11\/IMG-20190703-WA0027.jpg 1280w\" sizes=\"auto, (max-width: 1024px) 100vw, 1024px\" \/><\/figure><\/li><li class=\"blocks-gallery-item\"><figure><img loading=\"lazy\" decoding=\"async\" width=\"1024\" height=\"768\" src=\"https:\/\/www.diocesilucca.it\/missioni\/wp-content\/uploads\/sites\/7\/2021\/11\/IMG-20190526-WA0011-1024x768.jpg\" alt=\"\" data-id=\"1182\" data-full-url=\"https:\/\/www.diocesilucca.it\/missioni\/wp-content\/uploads\/sites\/7\/2021\/11\/IMG-20190526-WA0011.jpg\" data-link=\"https:\/\/www.diocesilucca.it\/missioni\/same\/img-20190526-wa0011\/\" class=\"wp-image-1182\" srcset=\"https:\/\/www.diocesilucca.it\/missioni\/wp-content\/uploads\/sites\/7\/2021\/11\/IMG-20190526-WA0011-1024x768.jpg 1024w, https:\/\/www.diocesilucca.it\/missioni\/wp-content\/uploads\/sites\/7\/2021\/11\/IMG-20190526-WA0011-300x225.jpg 300w, https:\/\/www.diocesilucca.it\/missioni\/wp-content\/uploads\/sites\/7\/2021\/11\/IMG-20190526-WA0011-768x576.jpg 768w, https:\/\/www.diocesilucca.it\/missioni\/wp-content\/uploads\/sites\/7\/2021\/11\/IMG-20190526-WA0011.jpg 1280w\" sizes=\"auto, (max-width: 1024px) 100vw, 1024px\" \/><\/figure><\/li><\/ul><\/figure>\n","protected":false},"excerpt":{"rendered":"","protected":false},"author":15,"featured_media":0,"parent":0,"menu_order":0,"comment_status":"closed","ping_status":"closed","template":"","meta":{"footnotes":""},"class_list":["post-1015","page","type-page","status-publish","hentry"],"_links":{"self":[{"href":"https:\/\/www.diocesilucca.it\/missioni\/wp-json\/wp\/v2\/pages\/1015","targetHints":{"allow":["GET"]}}],"collection":[{"href":"https:\/\/www.diocesilucca.it\/missioni\/wp-json\/wp\/v2\/pages"}],"about":[{"href":"https:\/\/www.diocesilucca.it\/missioni\/wp-json\/wp\/v2\/types\/page"}],"author":[{"embeddable":true,"href":"https:\/\/www.diocesilucca.it\/missioni\/wp-json\/wp\/v2\/users\/15"}],"replies":[{"embeddable":true,"href":"https:\/\/www.diocesilucca.it\/missioni\/wp-json\/wp\/v2\/comments?post=1015"}],"version-history":[{"count":11,"href":"https:\/\/www.diocesilucca.it\/missioni\/wp-json\/wp\/v2\/pages\/1015\/revisions"}],"predecessor-version":[{"id":1315,"href":"https:\/\/www.diocesilucca.it\/missioni\/wp-json\/wp\/v2\/pages\/1015\/revisions\/1315"}],"wp:attachment":[{"href":"https:\/\/www.diocesilucca.it\/missioni\/wp-json\/wp\/v2\/media?parent=1015"}],"curies":[{"name":"wp","href":"https:\/\/api.w.org\/{rel}","templated":true}]}}

<div class="wp-block-cover alignfull has-background-dim"><img loading="lazy" decoding="async" width="2445" height="1480" class="wp-block-cover__image-background wp-image-1302" alt="" src="https://www.diocesilucca.it/missioni/wp-content/uploads/sites/7/2021/11/Immagine-2021-11-14-135357.jpg" data-object-fit="cover" srcset="https://www.diocesilucca.it/missioni/wp-content/uploads/sites/7/2021/11/Immagine-2021-11-14-135357.jpg 2445w, https://www.diocesilucca.it/missioni/wp-content/uploads/sites/7/2021/11/Immagine-2021-11-14-135357-300x182.jpg 300w, https://www.diocesilucca.it/missioni/wp-content/uploads/sites/7/2021/11/Immagine-2021-11-14-135357-1024x620.jpg 1024w, https://www.diocesilucca.it/missioni/wp-content/uploads/sites/7/2021/11/Immagine-2021-11-14-135357-768x465.jpg 768w, https://www.diocesilucca.it/missioni/wp-content/uploads/sites/7/2021/11/Immagine-2021-11-14-135357-1536x930.jpg 1536w, https://www.diocesilucca.it/missioni/wp-content/uploads/sites/7/2021/11/Immagine-2021-11-14-135357-2048x1240.jpg 2048w" sizes="auto, (max-width: 2445px) 100vw, 2445px" /><div class="wp-block-cover__inner-container is-layout-flow wp-block-cover-is-layout-flow">
<h2 class="has-text-align-center wp-block-heading"><strong><em><strong><strong>SAME </strong></strong></em></strong></h2>



<h2 class="has-text-align-center has-luminous-vivid-amber-color has-text-color has-medium-font-size wp-block-heading"><strong><strong><strong><strong>per il recupero sociale e umano degli anziani vulnerabili in Brasile</strong></strong></strong></strong></h2>



<p class="has-text-align-center has-large-font-size"></p>
</div></div>



<div class="wp-block-group has-white-background-color has-background is-layout-flow wp-block-group-is-layout-flow">
<div class="wp-block-columns alignfull are-vertically-aligned-center is-layout-flex wp-container-core-columns-is-layout-28f84493 wp-block-columns-is-layout-flex">
<div class="wp-block-column is-layout-flow wp-block-column-is-layout-flow" style="flex-basis:50%"></div>



<div class="wp-block-column is-layout-flow wp-block-column-is-layout-flow" style="flex-basis:50%">
<hr class="wp-block-separator has-text-color has-background has-luminous-vivid-orange-background-color has-luminous-vivid-orange-color is-style-wide" />
</div>
</div>



<div class="wp-block-columns alignwide is-layout-flex wp-container-core-columns-is-layout-28f84493 wp-block-columns-is-layout-flex">
<div class="wp-block-column is-layout-flow wp-block-column-is-layout-flow">
<p>Progetto in collaborazione con:</p>



<p class="has-luminous-vivid-orange-color has-text-color has-medium-font-size"><a href="http://amaninyayo.it/home/" data-type="URL" data-id="http://amaninyayo.it/home/">Ass. Amani Nyayo</a></p>



<p><a href="https://www.same.org.br/home">https://www.same.org.br/home</a></p>
</div>



<div class="wp-block-column has-black-color has-text-color is-layout-flow wp-block-column-is-layout-flow">
<p>Con questo progetto si migliorare la qualità della vita delle persone anziane, in situazione di marginalità e degrado sociale affinché siano assistite e ospitate nel pieno rispetto della loro dignità.<br>Il progetto si sviluppa nella città di Aracaju, stato del Sergipe, nord est del Brasile attraverso la promozione di azioni sul territorio volte a garantire la presenza di personale socio-sanitario specializzato (14 unità coinvolte) nella cura e assistenza all’anziano impegnandolo anche in attività laboratoriali di carattere manuale o in iniziative di sensibilizzazione verso la cittadinanza.<br><br>Il nostro impegno si è rivolto anche alla ristrutturazione e ampliamento degli spazi interni alla struttura gestita dalla Arcidiocesi di Aracaju estendendo il numero degli anziani accolti da 60 a 72.</p>



<p></p>
</div>



<div class="wp-block-column is-layout-flow wp-block-column-is-layout-flow">
<p class="has-black-color has-text-color">Gli interventi hanno riguardato il piano dell’accessibilità in quanto la pavimentazione esterna è stata resa più funzionale per il passaggio di carrozzine o tre piedi e lo scorri mano è stato portato fino in cima al piano inclinato; la ristrutturazione del salone per la degenza degli anziani; il rifacimento della pavimentazione dei bagni, delle porte di accesso e della tubazione di scarico dei lavandini; l’equipaggiamento della cucina e del refettorio.</p>
</div>
</div>



<div style="height:63px" aria-hidden="true" class="wp-block-spacer"></div>
</div>



<figure class="wp-block-gallery alignwide columns-2 is-cropped wp-block-gallery-1 is-layout-flex wp-block-gallery-is-layout-flex"><ul class="blocks-gallery-grid"><li class="blocks-gallery-item"><figure><img loading="lazy" decoding="async" width="1024" height="576" src="https://www.diocesilucca.it/missioni/wp-content/uploads/sites/7/2021/11/IMG-20190703-WA0027-1024x576.jpg" alt="" data-id="1183" data-full-url="https://www.diocesilucca.it/missioni/wp-content/uploads/sites/7/2021/11/IMG-20190703-WA0027.jpg" data-link="https://www.diocesilucca.it/missioni/same/img-20190703-wa0027/" class="wp-image-1183" srcset="https://www.diocesilucca.it/missioni/wp-content/uploads/sites/7/2021/11/IMG-20190703-WA0027-1024x576.jpg 1024w, https://www.diocesilucca.it/missioni/wp-content/uploads/sites/7/2021/11/IMG-20190703-WA0027-300x169.jpg 300w, https://www.diocesilucca.it/missioni/wp-content/uploads/sites/7/2021/11/IMG-20190703-WA0027-768x432.jpg 768w, https://www.diocesilucca.it/missioni/wp-content/uploads/sites/7/2021/11/IMG-20190703-WA0027.jpg 1280w" sizes="auto, (max-width: 1024px) 100vw, 1024px" /></figure></li><li class="blocks-gallery-item"><figure><img loading="lazy" decoding="async" width="1024" height="768" src="https://www.diocesilucca.it/missioni/wp-content/uploads/sites/7/2021/11/IMG-20190526-WA0011-1024x768.jpg" alt="" data-id="1182" data-full-url="https://www.diocesilucca.it/missioni/wp-content/uploads/sites/7/2021/11/IMG-20190526-WA0011.jpg" data-link="https://www.diocesilucca.it/missioni/same/img-20190526-wa0011/" class="wp-image-1182" srcset="https://www.diocesilucca.it/missioni/wp-content/uploads/sites/7/2021/11/IMG-20190526-WA0011-1024x768.jpg 1024w, https://www.diocesilucca.it/missioni/wp-content/uploads/sites/7/2021/11/IMG-20190526-WA0011-300x225.jpg 300w, https://www.diocesilucca.it/missioni/wp-content/uploads/sites/7/2021/11/IMG-20190526-WA0011-768x576.jpg 768w, https://www.diocesilucca.it/missioni/wp-content/uploads/sites/7/2021/11/IMG-20190526-WA0011.jpg 1280w" sizes="auto, (max-width: 1024px) 100vw, 1024px" /></figure></li></ul></figure>
