{"id":1800,"date":"2022-03-16T16:29:24","date_gmt":"2022-03-16T15:29:24","guid":{"rendered":"https:\/\/www.diocesilucca.it\/famiglia\/?page_id=1800"},"modified":"2022-03-16T16:56:26","modified_gmt":"2022-03-16T15:56:26","slug":"associazione-don-franco-baroni","status":"publish","type":"page","link":"https:\/\/www.diocesilucca.it\/famiglia\/associazione-don-franco-baroni\/","title":{"rendered":"Ass.\u00abDon Franco Baroni\u00bb"},"content":{"rendered":"\n<p class=\"has-text-align-left\">Costituita a Lucca il 23 novembre 1985 nel ricordo del compianto don Franco Baroni, l\u2019Associazione che ne porta il nome ha coniato, nel febbraio 1998, il motto: \u00abA CASA E\u2019 MEGLIO\u00bb, titolo del convegno nazionale dove si parl\u00f2 di cure domiciliari in geriatria e oncologia. In quel convegno furono lanciate proposte di sviluppo delle cure domiciliari in geriatria e oncologia. Sono passati ben 25 anni e nella nostra societ\u00e0 si sono accentuati fenomeni che da una parte accelerano ma dall\u2019altra frenano le attivit\u00e0 di assistenza domiciliare. Il concetto sintetizzato nel titolo del convegno del 1998 resta per noi assolutamente valido, ma \u00e8 anche vero che la casa non \u00e8 soltanto un luogo fisico e dunque le pareti di un edificio. La casa deve essere accogliente e avere precisi requisiti, compreso il consenso all\u2019assistenza domiciliare da parte della famiglia del malato. Ci\u00f2 potrebbe sembrare facile e anzi scontato perch\u00e9 una famiglia, nell\u2019immaginario collettivo, sa prendersi cura del proprio congiunto malato. In realt\u00e0 non \u00e8 cos\u00ec semplice. E\u2019 vero anzi che quando un componente si ammala il nucleo familiare viene sconvolto e profondamente coinvolto nella situazione del congiunto. In pratica l\u2019Associazione \u00abDon Franco Baroni\u00bb ODV pone l\u2019accento e l\u2019attenzione sul tema della famiglia e sulla sua capacit\u00e0 di accogliere il malato. Se vogliamo sviluppare le forme di assistenza domiciliare dobbiamo irrobustire la famiglia e anche questo obiettivo ci sembra pi\u00f9 facile partendo dai valori della tradizione cattolica. Enti Pubblici e Associazioni di Volontariato devono estendere l\u2019attenzione e la cura alle famiglie dei malati, instaurando rapporti umani ed affettivi.<\/p>\n\n\n\n<p class=\"has-text-align-center\" style=\"font-size:30px\"><strong><mark style=\"background-color:#ffffff\" class=\"has-inline-color has-vivid-cyan-blue-color\">L&#8217;ASSOCIAZIONE DON BARONI PER LA FAMIGLIA<\/mark><\/strong><mark style=\"background-color:#ffffff\" class=\"has-inline-color has-vivid-cyan-blue-color\"> <\/mark><a rel=\"noreferrer noopener\" href=\"http:\/\/www.donbaroni.it\/Default.aspx?tabid=233&amp;language=it-IT\" target=\"_blank\"><img loading=\"lazy\" decoding=\"async\" width=\"700\" height=\"700\" class=\"wp-image-1801\" style=\"width: 300px\" src=\"https:\/\/www.diocesilucca.it\/famiglia\/wp-content\/uploads\/sites\/5\/2022\/03\/WhatsApp-Image-2022-03-04-at-22.11.28.jpeg\" alt=\"\" srcset=\"https:\/\/www.diocesilucca.it\/famiglia\/wp-content\/uploads\/sites\/5\/2022\/03\/WhatsApp-Image-2022-03-04-at-22.11.28.jpeg 700w, https:\/\/www.diocesilucca.it\/famiglia\/wp-content\/uploads\/sites\/5\/2022\/03\/WhatsApp-Image-2022-03-04-at-22.11.28-300x300.jpeg 300w, https:\/\/www.diocesilucca.it\/famiglia\/wp-content\/uploads\/sites\/5\/2022\/03\/WhatsApp-Image-2022-03-04-at-22.11.28-150x150.jpeg 150w, https:\/\/www.diocesilucca.it\/famiglia\/wp-content\/uploads\/sites\/5\/2022\/03\/WhatsApp-Image-2022-03-04-at-22.11.28-83x83.jpeg 83w\" sizes=\"auto, (max-width: 700px) 100vw, 700px\" \/><\/a><\/p>\n\n\n\n<p class=\"has-text-align-left\" style=\"font-size:30px\"><strong><mark style=\"background-color:#ffffff\" class=\"has-inline-color has-vivid-cyan-blue-color\"><a href=\"http:\/\/www.donbaroni.it\">www.donbaroni.it<\/a><\/mark><\/strong><\/p>\n\n\n\n<p class=\"has-text-align-left\" style=\"font-size:30px\"><mark style=\"background-color:#ffffff\" class=\"has-inline-color has-vivid-red-color\">e-mail: <strong>presidenza@donbaroni.it<\/strong><\/mark><\/p>\n","protected":false},"excerpt":{"rendered":"<p>Costituita a Lucca il 23 novembre 1985 nel ricordo del compianto don Franco Baroni, l\u2019Associazione che ne porta il nome ha coniato, nel febbraio 1998, il motto: \u00abA CASA E\u2019 MEGLIO\u00bb, titolo del convegno nazionale dove si parl\u00f2 di cure domiciliari in geriatria e oncologia. In quel convegno furono lanciate proposte di sviluppo delle cure domiciliari in geriatria e oncologia. Sono passati ben 25 anni e nella nostra societ\u00e0 si sono accentuati fenomeni che da&#8230;<\/p>\n","protected":false},"author":260,"featured_media":0,"parent":0,"menu_order":0,"comment_status":"closed","ping_status":"closed","template":"","meta":{"footnotes":""},"class_list":["post-1800","page","type-page","status-publish","hentry"],"_links":{"self":[{"href":"https:\/\/www.diocesilucca.it\/famiglia\/wp-json\/wp\/v2\/pages\/1800","targetHints":{"allow":["GET"]}}],"collection":[{"href":"https:\/\/www.diocesilucca.it\/famiglia\/wp-json\/wp\/v2\/pages"}],"about":[{"href":"https:\/\/www.diocesilucca.it\/famiglia\/wp-json\/wp\/v2\/types\/page"}],"author":[{"embeddable":true,"href":"https:\/\/www.diocesilucca.it\/famiglia\/wp-json\/wp\/v2\/users\/260"}],"replies":[{"embeddable":true,"href":"https:\/\/www.diocesilucca.it\/famiglia\/wp-json\/wp\/v2\/comments?post=1800"}],"version-history":[{"count":11,"href":"https:\/\/www.diocesilucca.it\/famiglia\/wp-json\/wp\/v2\/pages\/1800\/revisions"}],"predecessor-version":[{"id":1816,"href":"https:\/\/www.diocesilucca.it\/famiglia\/wp-json\/wp\/v2\/pages\/1800\/revisions\/1816"}],"wp:attachment":[{"href":"https:\/\/www.diocesilucca.it\/famiglia\/wp-json\/wp\/v2\/media?parent=1800"}],"curies":[{"name":"wp","href":"https:\/\/api.w.org\/{rel}","templated":true}]}}

<p class="has-text-align-left">Costituita a Lucca il 23 novembre 1985 nel ricordo del compianto don Franco Baroni, l’Associazione che ne porta il nome ha coniato, nel febbraio 1998, il motto: «A CASA E’ MEGLIO», titolo del convegno nazionale dove si parlò di cure domiciliari in geriatria e oncologia. In quel convegno furono lanciate proposte di sviluppo delle cure domiciliari in geriatria e oncologia. Sono passati ben 25 anni e nella nostra società si sono accentuati fenomeni che da una parte accelerano ma dall’altra frenano le attività di assistenza domiciliare. Il concetto sintetizzato nel titolo del convegno del 1998 resta per noi assolutamente valido, ma è anche vero che la casa non è soltanto un luogo fisico e dunque le pareti di un edificio. La casa deve essere accogliente e avere precisi requisiti, compreso il consenso all’assistenza domiciliare da parte della famiglia del malato. Ciò potrebbe sembrare facile e anzi scontato perché una famiglia, nell’immaginario collettivo, sa prendersi cura del proprio congiunto malato. In realtà non è così semplice. E’ vero anzi che quando un componente si ammala il nucleo familiare viene sconvolto e profondamente coinvolto nella situazione del congiunto. In pratica l’Associazione «Don Franco Baroni» ODV pone l’accento e l’attenzione sul tema della famiglia e sulla sua capacità di accogliere il malato. Se vogliamo sviluppare le forme di assistenza domiciliare dobbiamo irrobustire la famiglia e anche questo obiettivo ci sembra più facile partendo dai valori della tradizione cattolica. Enti Pubblici e Associazioni di Volontariato devono estendere l’attenzione e la cura alle famiglie dei malati, instaurando rapporti umani ed affettivi.</p>



<p class="has-text-align-center" style="font-size:30px"><strong><mark style="background-color:#ffffff" class="has-inline-color has-vivid-cyan-blue-color">L&#8217;ASSOCIAZIONE DON BARONI PER LA FAMIGLIA</mark></strong><mark style="background-color:#ffffff" class="has-inline-color has-vivid-cyan-blue-color"> </mark><a rel="noreferrer noopener" href="http://www.donbaroni.it/Default.aspx?tabid=233&amp;language=it-IT" target="_blank"><img loading="lazy" decoding="async" width="700" height="700" class="wp-image-1801" style="width: 300px" src="https://www.diocesilucca.it/famiglia/wp-content/uploads/sites/5/2022/03/WhatsApp-Image-2022-03-04-at-22.11.28.jpeg" alt="" srcset="https://www.diocesilucca.it/famiglia/wp-content/uploads/sites/5/2022/03/WhatsApp-Image-2022-03-04-at-22.11.28.jpeg 700w, https://www.diocesilucca.it/famiglia/wp-content/uploads/sites/5/2022/03/WhatsApp-Image-2022-03-04-at-22.11.28-300x300.jpeg 300w, https://www.diocesilucca.it/famiglia/wp-content/uploads/sites/5/2022/03/WhatsApp-Image-2022-03-04-at-22.11.28-150x150.jpeg 150w, https://www.diocesilucca.it/famiglia/wp-content/uploads/sites/5/2022/03/WhatsApp-Image-2022-03-04-at-22.11.28-83x83.jpeg 83w" sizes="auto, (max-width: 700px) 100vw, 700px" /></a></p>



<p class="has-text-align-left" style="font-size:30px"><strong><mark style="background-color:#ffffff" class="has-inline-color has-vivid-cyan-blue-color"><a href="http://www.donbaroni.it">www.donbaroni.it</a></mark></strong></p>



<p class="has-text-align-left" style="font-size:30px"><mark style="background-color:#ffffff" class="has-inline-color has-vivid-red-color">e-mail: <strong>presidenza@donbaroni.it</strong></mark></p>

<p>Costituita a Lucca il 23 novembre 1985 nel ricordo del compianto don Franco Baroni, l’Associazione che ne porta il nome ha coniato, nel febbraio 1998, il motto: «A CASA E’ MEGLIO», titolo del convegno nazionale dove si parlò di cure domiciliari in geriatria e oncologia. In quel convegno furono lanciate proposte di sviluppo delle cure domiciliari in geriatria e oncologia. Sono passati ben 25 anni e nella nostra società si sono accentuati fenomeni che da&#8230;</p>
