{"id":164,"date":"2016-12-11T16:16:35","date_gmt":"2016-12-11T15:16:35","guid":{"rendered":"http:\/\/diocesi.zurolo.com\/catechesi\/?page_id=164"},"modified":"2024-10-27T18:54:03","modified_gmt":"2024-10-27T17:54:03","slug":"sussidi","status":"publish","type":"page","link":"https:\/\/www.diocesilucca.it\/catechesi\/sussidi\/","title":{"rendered":"Sussidi"},"content":{"rendered":"\n<h2 class=\"wp-block-heading has-text-align-center\">PortaMi con Te! <\/h2>\n\n\n\n<p>Sussidio per l\u2019animazione negli Oratori e Circoli ANSPI. Le pagine che sfoglierete sono realizzate con il contributo di alcuni formatori e collaboratori di ANSPI nazionale.<\/p>\n\n\n\n<p>Una Porta per crescere<\/p>\n\n\n\n<p>Il concetto di porta, nella vita di un ragazzo o di una ragazza in crescita, \u00e8 ricco di un significato simbolico ma anche sfavillante di vita. Le porte rappresentano generalmente soglie o transizioni che segnano cambiamenti significativi, sia esteriori sia interiori, nella vita di una persona.<\/p>\n\n\n\n<p>In PortaMi con Te! abbiamo provato ad immaginare alcune delle principali porte simboliche che un ragazzo o una ragazza generalmente si trovano ad attraversare nel loro percorso di vita, in particolare nell\u2019et\u00e0 della preadolescenza. Ogni porta rappresenta un&#8217;opportunit\u00e0 di maturazione, la possibilit\u00e0 di sviluppare nuove competenze, di comprendere meglio se stessi e il mondo, e di progredire verso una vita significativa e piena. Ogni porta \u00e8 un momento cruciale per la formazione della propria identit\u00e0, per divenire consapevoli e capaci di affrontare le sfide con positivit\u00e0 e coraggio, per scoprire la propria vocazione autentica e il proprio ruolo nella societ\u00e0. Ogni porta \u00e8 un invito a mettersi in gioco pienamente, un improvviso passaggio di crescita, non sempre immediatamente percepito, ma in grado di portare frutto col tempo. Il sussidio \u00e8 nato con la motivazione di condividere sin da subito la grande sfida che intendiamo lanciare agli Oratori per questo anno pastorale. Puntiamo insieme i riflettori sui preadolescenti, su questi ragazzi e ragazze che vivono un\u2019et\u00e0 in cui tutto \u00e8 in divenire, talmente in trasformazione da sembrare sfuggente; facciamoci prossimi di quei ragazzi che vivono ogni giorno un viaggio in altalena tra sogni e paure, che sono tanto pieni di dubbi su chi sono e chi vogliono diventare, che fronteggiano continuamente la vertigine generata da ogni nuova scoperta. Accorgiamoci di loro e camminiamogli accanto!<\/p>\n\n\n\n<p>PortaMi con Te! invita ogni Oratorio ad avere il coraggio di attendere questi ragazzi sulla soglia delle loro scelte, dei loro cambiamenti, per accompagnarli a varcare quelle Porte che li condurranno alla scoperta di s\u00e9 stessi e alla piena maturit\u00e0. Non \u00e8 un caso che ogni porta rappresenti una tappa, una sfida, una possibilit\u00e0 di crescita: cos\u00ec \u00e8 la vita!<\/p>\n\n\n\n<div data-wp-interactive=\"core\/file\" class=\"wp-block-file\"><object data-wp-bind--hidden=\"!state.hasPdfPreview\" hidden class=\"wp-block-file__embed\" data=\"https:\/\/www.diocesilucca.it\/catechesi\/wp-content\/uploads\/sites\/3\/2024\/10\/2024_2025_sussidio_anspi_PortaMi_con_Te_web.pdf\" type=\"application\/pdf\" style=\"width:100%;height:1160px\" aria-label=\"Incorporamento di 2024_2025_sussidio_anspi_PortaMi_con_Te_web.\"><\/object><a id=\"wp-block-file--media-5dfbfd74-132d-4709-8d4d-80e7752a1db3\" href=\"https:\/\/www.diocesilucca.it\/catechesi\/wp-content\/uploads\/sites\/3\/2024\/10\/2024_2025_sussidio_anspi_PortaMi_con_Te_web.pdf\">2024_2025_sussidio_anspi_PortaMi_con_Te_web<\/a><a href=\"https:\/\/www.diocesilucca.it\/catechesi\/wp-content\/uploads\/sites\/3\/2024\/10\/2024_2025_sussidio_anspi_PortaMi_con_Te_web.pdf\" class=\"wp-block-file__button wp-element-button\" download aria-describedby=\"wp-block-file--media-5dfbfd74-132d-4709-8d4d-80e7752a1db3\">Download<\/a><\/div>\n\n\n\n\n<h4>\u00a0<\/h4>\n<h2><a href=\"http:\/\/www2.diocesilucca.it\/catechesi\/wp-content\/uploads\/sites\/3\/2018\/03\/DOC.jpg\" rel=\"attachment wp-att-306\"><img loading=\"lazy\" decoding=\"async\" class=\"size-medium wp-image-306 alignright\" src=\"http:\/\/www2.diocesilucca.it\/catechesi\/wp-content\/uploads\/sites\/3\/2018\/03\/DOC-212x300.jpg\" alt=\"Microsoft Word - Documento2\" width=\"212\" height=\"300\" srcset=\"https:\/\/www.diocesilucca.it\/catechesi\/wp-content\/uploads\/sites\/3\/2018\/03\/DOC-212x300.jpg 212w, https:\/\/www.diocesilucca.it\/catechesi\/wp-content\/uploads\/sites\/3\/2018\/03\/DOC-768x1086.jpg 768w, https:\/\/www.diocesilucca.it\/catechesi\/wp-content\/uploads\/sites\/3\/2018\/03\/DOC-724x1024.jpg 724w, https:\/\/www.diocesilucca.it\/catechesi\/wp-content\/uploads\/sites\/3\/2018\/03\/DOC.jpg 1654w\" sizes=\"auto, (max-width: 212px) 100vw, 212px\" \/><\/a>L&#8217;ufficio catechistico ha elaborato un sussidio per la fase 0-6 anni.<\/h2>\n<h4>L&#8217;idea nasce per dare la possibilit\u00e0 di pensare a cammini continui di catechesi a partire dal Battesimo.<\/h4>\n<p>La proposta permette di <strong>iniziare concretamente a sperimentare incontri o celebrazioni per la fase 0-6<\/strong>. Si tratta di materiale che potremmo dire in evoluzione, nel senso che l\u2019attuale sussidio costituisce un punto di partenza aperto a integrazioni che saranno sviluppate nel tempo, in base anche alla sua recezione e le osservazioni o richieste che riscontreremo da parte di chi lo utilizzer\u00e0 o almeno lo consulter\u00e0. <strong>I destinatari del sussidio sono i catechisti o, pi\u00f9 in genere, gli educatori<\/strong> che si stanno impegnando nella catechesi con gli adulti oppure coloro che intendono farlo. Per loro questo strumento vuole essere un riferimento per incontrare i genitori. La metodologia proposta si basa sulle dinamiche tipiche dell\u2019apprendimento dell\u2019adulto che possiamo articolare con tre verbi: <strong>esprimere<\/strong>, <strong>approfondire<\/strong> e <strong>riappropriarsi<\/strong>. Il primo verbo si concentra a far emergere il tipo di esperienza vissuta su un certo argomento, il secondo rimanda al contenuto e ha le caratteristiche di un vero e proprio approfondimento; infine, il terzo, permette di ripensare al tema trattato attuando un confronto col la prima e la seconda fase per ritornare poi alla vita concreta.<\/p>\n<p>E&#8217; possibile scaricare il testo cliccando qui sotto<\/p>\n<p><span style=\"color: #0000ff\"><a style=\"color: #0000ff\" href=\"http:\/\/www2.diocesilucca.it\/catechesi\/wp-content\/uploads\/sites\/3\/2018\/03\/sussidio_06_-1_compressed.pdf\" rel=\"\">sussidio_06_-1_compressed<\/a><\/span><\/p>\n<h2>Sussidio per la formazione dei catechisti,<strong> &#8220;Otto passi con Tobia&#8221;.<\/strong><\/h2>\n<p><a href=\"http:\/\/www2.diocesilucca.it\/catechesi\/wp-content\/uploads\/sites\/3\/2016\/01\/Copertina-Tobia.jpg\" rel=\"attachment wp-att-99\"><img loading=\"lazy\" decoding=\"async\" class=\"size-medium wp-image-99 alignleft\" src=\"http:\/\/www2.diocesilucca.it\/catechesi\/wp-content\/uploads\/sites\/3\/2016\/01\/Copertina-Tobia-212x300.jpg\" alt=\"Stampa\" width=\"212\" height=\"300\" srcset=\"https:\/\/www.diocesilucca.it\/catechesi\/wp-content\/uploads\/sites\/3\/2016\/01\/Copertina-Tobia-212x300.jpg 212w, https:\/\/www.diocesilucca.it\/catechesi\/wp-content\/uploads\/sites\/3\/2016\/01\/Copertina-Tobia.jpg 240w\" sizes=\"auto, (max-width: 212px) 100vw, 212px\" \/><\/a><\/p>\n<p>Gli angeli nel libro di Tobia<\/p>\n<p>La storia narrata nel Libro di Tobia \u00e8 quella di un viaggio che cambia la vita di un giovane; \u00e8 il romanzo della educazione del giovane, dove in questo itinerario ha un ruolo importante proprio questa figura dell\u2019angelo.<\/p>\n<p>Questo ragazzo deve staccarsi dall\u2019ambiente familiare originale e percorrere un lungo viaggio verso l\u2019ignoto da cui ritorna cambiato e arricchito. La figura dell\u2019angelo \u00e8 anzitutto presentata come colui che accompagna, cio\u00e8 si fa compagno di viaggio. \u00c8 un amico a cui dare fiducia e seguire i consigli nel viaggio della vita per andare a recuperare il tesoro in un paese lontanissimo. L\u2019angelo \u00e8 mediatore di Dio come compagno di viaggio, perci\u00f2 \u00e8 un educatore<\/p>\n<p>A questo proposito possiamo notare la grande attualit\u00e0 di questa storia \u2013 scritta con uno scopo sapienziale, didattico-edificante \u2013 perch\u00e9 la nuova impostazione catechistica insiste proprio sul fatto che gli educatori si facciano compagni di viaggio nel cammino formativo dei ragazzi e dei giovani; l\u2019educatore \u00e8 uno che accompagna nel cammino.<\/p>\n<p><!--more-->Dunque, l\u2019angelo \u00e8 figura dell\u2019educatore che ha come compito primario far riconoscere Dio; contemporaneamente manifesta e nasconde: fa conoscere, ma non dice tutto, perch\u00e9 la persona che deve essere educata \u00e8 necessario che faccia il proprio cammino di scoperta. L\u2019angelo insegna soprattutto come risolvere i problemi, aiuta a superare le difficolt\u00e0 insegnando il metodo.<\/p>\n<p>Simbolicamente nel racconto c\u2019\u00e8 un pesce che di notte nelle acque del fiume aggredisce Tobia: \u00e8 il simbolo del male. L\u2019angelo educa il giovane insegnandogli a trarre dalle viscere del pesce qualcosa che potr\u00e0 servire e sar\u00e0 proprio quello lo strumento del bene; saranno quelle interiora a scacciare il demonio e a ridare la vista a Tobi, il padre cieco. L\u2019angelo educa l\u2019uomo a trarre il bene dal male; \u00e8 questo il tesoro da recuperare: la capacit\u00e0 di cambiare la situazione, ricavando un beneficio dalle realt\u00e0 che sono cattive. Qui sta la guarigione operata dall\u2019angelo.<\/p>\n<p>Allegato un estratto del Sussidio, per averlo interamente e in formato cartaceo contattare l&#8217;Ufficio per mail. \u00a0<span style=\"color: #0000ff\"> \u00a0<a style=\"color: #0000ff\" href=\"https:\/\/www.diocesilucca.it\/catechesi\/wp-content\/uploads\/sites\/3\/2016\/12\/SUSSIDIO_TOBIA.pdf\" rel=\"\">sussidio_tobia<\/a><\/span><\/p>\n\n\n<p>&nbsp;<\/p>\n\n\n\n<p><\/p>\n","protected":false},"excerpt":{"rendered":"<p>PortaMi con Te! Sussidio per l\u2019animazione negli Oratori e Circoli ANSPI. Le pagine che sfoglierete sono realizzate con il contributo di alcuni formatori e collaboratori di ANSPI nazionale. Una Porta per crescere Il concetto di porta, nella vita di un ragazzo o di una ragazza in crescita, \u00e8 ricco di un significato simbolico ma anche&hellip;<\/p>\n","protected":false},"author":6,"featured_media":0,"parent":0,"menu_order":0,"comment_status":"closed","ping_status":"closed","template":"","meta":{"footnotes":""},"class_list":["post-164","page","type-page","status-publish","hentry"],"_links":{"self":[{"href":"https:\/\/www.diocesilucca.it\/catechesi\/wp-json\/wp\/v2\/pages\/164","targetHints":{"allow":["GET"]}}],"collection":[{"href":"https:\/\/www.diocesilucca.it\/catechesi\/wp-json\/wp\/v2\/pages"}],"about":[{"href":"https:\/\/www.diocesilucca.it\/catechesi\/wp-json\/wp\/v2\/types\/page"}],"author":[{"embeddable":true,"href":"https:\/\/www.diocesilucca.it\/catechesi\/wp-json\/wp\/v2\/users\/6"}],"replies":[{"embeddable":true,"href":"https:\/\/www.diocesilucca.it\/catechesi\/wp-json\/wp\/v2\/comments?post=164"}],"version-history":[{"count":24,"href":"https:\/\/www.diocesilucca.it\/catechesi\/wp-json\/wp\/v2\/pages\/164\/revisions"}],"predecessor-version":[{"id":2199,"href":"https:\/\/www.diocesilucca.it\/catechesi\/wp-json\/wp\/v2\/pages\/164\/revisions\/2199"}],"wp:attachment":[{"href":"https:\/\/www.diocesilucca.it\/catechesi\/wp-json\/wp\/v2\/media?parent=164"}],"curies":[{"name":"wp","href":"https:\/\/api.w.org\/{rel}","templated":true}]}}