{"id":487,"date":"2017-10-04T16:08:32","date_gmt":"2017-10-04T14:08:32","guid":{"rendered":"https:\/\/www.diocesilucca.it\/archivio\/?page_id=487"},"modified":"2023-06-06T15:26:02","modified_gmt":"2023-06-06T13:26:02","slug":"regolamentoricerchegenealogiche","status":"publish","type":"page","link":"https:\/\/www.diocesilucca.it\/archivio\/regolamentoricerchegenealogiche\/","title":{"rendered":"Regolamento delle ricerche genealogiche"},"content":{"rendered":"\n<p>Tutti i certificati storici di nascita, cresima, matrimonio e morte sono rilasciati dall&#8217;Archivio Storico Diocesano previa richiesta scritta dell&#8217;interessato o soggetti terzi all&#8217;uopo delegati recante le motivazioni.<\/p>\n\n\n\n<p>La richiesta dovr\u00e0 essere corredata da copia di documento di identit\u00e0 valido.<\/p>\n\n\n\n<p>Il rilascio del certificato \u00e8 soggetto al pagamento di specifici oneri.<\/p>\n\n\n\n<p>Il certificato sar\u00e0 emesso, salvo diversa comunicazione, nell&#8217;arco di trenta giorni dalla presa in carica della richiesta e sar\u00e0 inviato a mezzo \u201cposta raccomandata\u201d direttamente all&#8217;indirizzo del richiedente.<\/p>\n\n\n\n<p>Si fa presente che la ricerca avverr\u00e0 esclusivamente sui fondi conservati all&#8217;interno dell&#8217;Archivio Storico Diocesano e nel caso in cui vengano forniti dati sufficienti a consentire una individuazione in tempi ragionevoli (si richiedono pertanto notizie precise sulla localit\u00e0 e la data di nascita).<\/p>\n","protected":false},"excerpt":{"rendered":"<p>Tutti i certificati storici di nascita, cresima, matrimonio e morte sono rilasciati dall&#8217;Archivio Storico Diocesano previa richiesta scritta dell&#8217;interessato o soggetti terzi all&#8217;uopo delegati recante le motivazioni. La richiesta dovr\u00e0 essere corredata da copia di documento di identit\u00e0 valido. Il rilascio del certificato \u00e8 soggetto al pagamento di specifici oneri. Il certificato sar\u00e0 emesso, salvo &#8230; <a title=\"Regolamento delle ricerche genealogiche\" class=\"read-more\" href=\"https:\/\/www.diocesilucca.it\/archivio\/regolamentoricerchegenealogiche\/\" aria-label=\"Per saperne di pi\u00f9 su Regolamento delle ricerche genealogiche\">Leggi tutto<\/a><\/p>\n","protected":false},"author":1,"featured_media":0,"parent":0,"menu_order":0,"comment_status":"closed","ping_status":"closed","template":"","meta":{"footnotes":""},"class_list":["post-487","page","type-page","status-publish"],"_links":{"self":[{"href":"https:\/\/www.diocesilucca.it\/archivio\/wp-json\/wp\/v2\/pages\/487","targetHints":{"allow":["GET"]}}],"collection":[{"href":"https:\/\/www.diocesilucca.it\/archivio\/wp-json\/wp\/v2\/pages"}],"about":[{"href":"https:\/\/www.diocesilucca.it\/archivio\/wp-json\/wp\/v2\/types\/page"}],"author":[{"embeddable":true,"href":"https:\/\/www.diocesilucca.it\/archivio\/wp-json\/wp\/v2\/users\/1"}],"replies":[{"embeddable":true,"href":"https:\/\/www.diocesilucca.it\/archivio\/wp-json\/wp\/v2\/comments?post=487"}],"version-history":[{"count":8,"href":"https:\/\/www.diocesilucca.it\/archivio\/wp-json\/wp\/v2\/pages\/487\/revisions"}],"predecessor-version":[{"id":1899,"href":"https:\/\/www.diocesilucca.it\/archivio\/wp-json\/wp\/v2\/pages\/487\/revisions\/1899"}],"wp:attachment":[{"href":"https:\/\/www.diocesilucca.it\/archivio\/wp-json\/wp\/v2\/media?parent=487"}],"curies":[{"name":"wp","href":"https:\/\/api.w.org\/{rel}","templated":true}]}}