{"id":157,"date":"2017-07-16T14:28:12","date_gmt":"2017-07-16T12:28:12","guid":{"rendered":"https:\/\/www.diocesilucca.it\/archivio\/?page_id=157"},"modified":"2024-06-26T14:01:48","modified_gmt":"2024-06-26T12:01:48","slug":"restauri","status":"publish","type":"page","link":"https:\/\/www.diocesilucca.it\/archivio\/restauri\/","title":{"rendered":"Restauri"},"content":{"rendered":"<p align=\"JUSTIFY\">\n<p><img loading=\"lazy\" decoding=\"async\" class=\"alignleft wp-image-498\" src=\"https:\/\/www.diocesilucca.it\/archivio\/wp-content\/uploads\/sites\/9\/2017\/10\/restauri-1024x367.jpg\" alt=\"\" width=\"500\" height=\"179\" srcset=\"https:\/\/www.diocesilucca.it\/archivio\/wp-content\/uploads\/sites\/9\/2017\/10\/restauri-1024x367.jpg 1024w, https:\/\/www.diocesilucca.it\/archivio\/wp-content\/uploads\/sites\/9\/2017\/10\/restauri-300x107.jpg 300w, https:\/\/www.diocesilucca.it\/archivio\/wp-content\/uploads\/sites\/9\/2017\/10\/restauri-768x275.jpg 768w, https:\/\/www.diocesilucca.it\/archivio\/wp-content\/uploads\/sites\/9\/2017\/10\/restauri.jpg 1237w\" sizes=\"auto, (max-width: 500px) 100vw, 500px\" \/><\/p>\n<p align=\"JUSTIFY\">Da sempre l\u2019Archivio Storico Diocesano di Lucca si impegna nella tutela del patrimonio documentario che custodisce.\u00a0A seguito dell\u2019iscrizione dei documenti altomedievali nel registro Memory of the World dell\u2019UNESCO, nel 2011, la necessit\u00e0 di salvaguardare i pi\u00f9 antichi documenti delle raccolte membranacee \u00e8 divenuta di primaria importanza.<br \/>\nDal 2012 l\u2019Archivio, in collaborazione con la Soprintendenza Archivistica e Bibliografica per la Toscana, sta portando avanti un progetto sistematico volto al restauro dei documenti altomedievali che presentino la necessit\u00e0 di interventi per garantirne la consultabilit\u00e0 e la salvaguardia nel tempo. Grazie ai contributi della Fondazione Cassa di Risparmio di Lucca, della Fondazione Banca del Monte di Lucca, della CEI, di numerose associazioni e di privati, \u00e8 stato cos\u00ec possibile completare il restauro dei documenti di IX secolo (dall\u2019873 al 900)\u00a0e dal 2023 \u00e8 stato iniziato quello dei documenti di X secolo. Finora sono stati cos\u00ec restaurati 223 documenti.<\/p>\n<p><strong><br \/>\nCampagna &#8220;Restaurare la memoria&#8221;<\/strong><br \/>\n<a href=\"https:\/\/www.diocesilucca.it\/archivio\/wp-content\/uploads\/sites\/9\/2017\/07\/Restaurare-la-memoria_light.pdf\">Volantino scaricabile<\/a><\/p>\n<p align=\"JUSTIFY\"><strong>Si ringraziano per il sostegno:<\/strong><\/p>\n<p align=\"JUSTIFY\"><a href=\"https:\/\/www.fondazionecarilucca.it\" target=\"_blank\" rel=\"noopener\"><img loading=\"lazy\" decoding=\"async\" class=\"wp-image-1939 size-full alignleft\" src=\"https:\/\/www.diocesilucca.it\/archivio\/wp-content\/uploads\/sites\/9\/2024\/02\/logofcrl-1.png\" alt=\"Fondazione Cassa di Risparmio di Lucca\" width=\"199\" height=\"98\" \/><\/a><a href=\"http:\/\/www.regione.toscana.it\/\" target=\"_blank\" rel=\"noopener noreferrer\"><img loading=\"lazy\" decoding=\"async\" class=\"wp-image-739 alignleft\" src=\"https:\/\/www.diocesilucca.it\/archivio\/wp-content\/uploads\/sites\/9\/2017\/07\/LogoRegioneToscana-190x300.png\" alt=\"\" width=\"40\" height=\"63\" \/><\/a><a href=\"http:\/\/www.fondazionebmlucca.it\/\" target=\"_blank\" rel=\"noopener noreferrer\"><img loading=\"lazy\" decoding=\"async\" class=\"wp-image-741 alignleft\" src=\"https:\/\/www.diocesilucca.it\/archivio\/wp-content\/uploads\/sites\/9\/2017\/07\/banca-del-monte-300x158.png\" alt=\"\" width=\"95\" height=\"50\" srcset=\"https:\/\/www.diocesilucca.it\/archivio\/wp-content\/uploads\/sites\/9\/2017\/07\/banca-del-monte-300x158.png 300w, https:\/\/www.diocesilucca.it\/archivio\/wp-content\/uploads\/sites\/9\/2017\/07\/banca-del-monte.png 761w\" sizes=\"auto, (max-width: 95px) 100vw, 95px\" \/><\/a><a href=\"http:\/\/www.soprintendenzaarchivisticatoscana.beniculturali.it\/\" target=\"_blank\" rel=\"noopener noreferrer\"><img loading=\"lazy\" decoding=\"async\" class=\"wp-image-1136 alignleft\" src=\"https:\/\/www.diocesilucca.it\/archivio\/wp-content\/uploads\/sites\/9\/2017\/10\/soprintendenza-300x132.png\" alt=\"\" width=\"110\" height=\"49\" srcset=\"https:\/\/www.diocesilucca.it\/archivio\/wp-content\/uploads\/sites\/9\/2017\/10\/soprintendenza-300x132.png 300w, https:\/\/www.diocesilucca.it\/archivio\/wp-content\/uploads\/sites\/9\/2017\/10\/soprintendenza.png 322w\" sizes=\"auto, (max-width: 110px) 100vw, 110px\" \/><\/a><\/p>\n","protected":false},"excerpt":{"rendered":"<p>Da sempre l\u2019Archivio Storico Diocesano di Lucca si impegna nella tutela del patrimonio documentario che custodisce.\u00a0A seguito dell\u2019iscrizione dei documenti altomedievali nel registro Memory of the World dell\u2019UNESCO, nel 2011, la necessit\u00e0 di salvaguardare i pi\u00f9 antichi documenti delle raccolte membranacee \u00e8 divenuta di primaria importanza. Dal 2012 l\u2019Archivio, in collaborazione con la Soprintendenza Archivistica &#8230; <a title=\"Restauri\" class=\"read-more\" href=\"https:\/\/www.diocesilucca.it\/archivio\/restauri\/\" aria-label=\"Per saperne di pi\u00f9 su Restauri\">Leggi tutto<\/a><\/p>\n","protected":false},"author":1,"featured_media":0,"parent":0,"menu_order":0,"comment_status":"closed","ping_status":"closed","template":"","meta":{"footnotes":""},"class_list":["post-157","page","type-page","status-publish"],"_links":{"self":[{"href":"https:\/\/www.diocesilucca.it\/archivio\/wp-json\/wp\/v2\/pages\/157","targetHints":{"allow":["GET"]}}],"collection":[{"href":"https:\/\/www.diocesilucca.it\/archivio\/wp-json\/wp\/v2\/pages"}],"about":[{"href":"https:\/\/www.diocesilucca.it\/archivio\/wp-json\/wp\/v2\/types\/page"}],"author":[{"embeddable":true,"href":"https:\/\/www.diocesilucca.it\/archivio\/wp-json\/wp\/v2\/users\/1"}],"replies":[{"embeddable":true,"href":"https:\/\/www.diocesilucca.it\/archivio\/wp-json\/wp\/v2\/comments?post=157"}],"version-history":[{"count":32,"href":"https:\/\/www.diocesilucca.it\/archivio\/wp-json\/wp\/v2\/pages\/157\/revisions"}],"predecessor-version":[{"id":1973,"href":"https:\/\/www.diocesilucca.it\/archivio\/wp-json\/wp\/v2\/pages\/157\/revisions\/1973"}],"wp:attachment":[{"href":"https:\/\/www.diocesilucca.it\/archivio\/wp-json\/wp\/v2\/media?parent=157"}],"curies":[{"name":"wp","href":"https:\/\/api.w.org\/{rel}","templated":true}]}}

<p align="JUSTIFY">
<p><img loading="lazy" decoding="async" class="alignleft wp-image-498" src="https://www.diocesilucca.it/archivio/wp-content/uploads/sites/9/2017/10/restauri-1024x367.jpg" alt="" width="500" height="179" srcset="https://www.diocesilucca.it/archivio/wp-content/uploads/sites/9/2017/10/restauri-1024x367.jpg 1024w, https://www.diocesilucca.it/archivio/wp-content/uploads/sites/9/2017/10/restauri-300x107.jpg 300w, https://www.diocesilucca.it/archivio/wp-content/uploads/sites/9/2017/10/restauri-768x275.jpg 768w, https://www.diocesilucca.it/archivio/wp-content/uploads/sites/9/2017/10/restauri.jpg 1237w" sizes="auto, (max-width: 500px) 100vw, 500px" /></p>
<p align="JUSTIFY">Da sempre l’Archivio Storico Diocesano di Lucca si impegna nella tutela del patrimonio documentario che custodisce. A seguito dell’iscrizione dei documenti altomedievali nel registro Memory of the World dell’UNESCO, nel 2011, la necessità di salvaguardare i più antichi documenti delle raccolte membranacee è divenuta di primaria importanza.<br />
Dal 2012 l’Archivio, in collaborazione con la Soprintendenza Archivistica e Bibliografica per la Toscana, sta portando avanti un progetto sistematico volto al restauro dei documenti altomedievali che presentino la necessità di interventi per garantirne la consultabilità e la salvaguardia nel tempo. Grazie ai contributi della Fondazione Cassa di Risparmio di Lucca, della Fondazione Banca del Monte di Lucca, della CEI, di numerose associazioni e di privati, è stato così possibile completare il restauro dei documenti di IX secolo (dall’873 al 900) e dal 2023 è stato iniziato quello dei documenti di X secolo. Finora sono stati così restaurati 223 documenti.</p>
<p><strong><br />
Campagna &#8220;Restaurare la memoria&#8221;</strong><br />
<a href="https://www.diocesilucca.it/archivio/wp-content/uploads/sites/9/2017/07/Restaurare-la-memoria_light.pdf">Volantino scaricabile</a></p>
<p align="JUSTIFY"><strong>Si ringraziano per il sostegno:</strong></p>
<p align="JUSTIFY"><a href="https://www.fondazionecarilucca.it" target="_blank" rel="noopener"><img loading="lazy" decoding="async" class="wp-image-1939 size-full alignleft" src="https://www.diocesilucca.it/archivio/wp-content/uploads/sites/9/2024/02/logofcrl-1.png" alt="Fondazione Cassa di Risparmio di Lucca" width="199" height="98" /></a><a href="http://www.regione.toscana.it/" target="_blank" rel="noopener noreferrer"><img loading="lazy" decoding="async" class="wp-image-739 alignleft" src="https://www.diocesilucca.it/archivio/wp-content/uploads/sites/9/2017/07/LogoRegioneToscana-190x300.png" alt="" width="40" height="63" /></a><a href="http://www.fondazionebmlucca.it/" target="_blank" rel="noopener noreferrer"><img loading="lazy" decoding="async" class="wp-image-741 alignleft" src="https://www.diocesilucca.it/archivio/wp-content/uploads/sites/9/2017/07/banca-del-monte-300x158.png" alt="" width="95" height="50" srcset="https://www.diocesilucca.it/archivio/wp-content/uploads/sites/9/2017/07/banca-del-monte-300x158.png 300w, https://www.diocesilucca.it/archivio/wp-content/uploads/sites/9/2017/07/banca-del-monte.png 761w" sizes="auto, (max-width: 95px) 100vw, 95px" /></a><a href="http://www.soprintendenzaarchivisticatoscana.beniculturali.it/" target="_blank" rel="noopener noreferrer"><img loading="lazy" decoding="async" class="wp-image-1136 alignleft" src="https://www.diocesilucca.it/archivio/wp-content/uploads/sites/9/2017/10/soprintendenza-300x132.png" alt="" width="110" height="49" srcset="https://www.diocesilucca.it/archivio/wp-content/uploads/sites/9/2017/10/soprintendenza-300x132.png 300w, https://www.diocesilucca.it/archivio/wp-content/uploads/sites/9/2017/10/soprintendenza.png 322w" sizes="auto, (max-width: 110px) 100vw, 110px" /></a></p>

<p>Da sempre l’Archivio Storico Diocesano di Lucca si impegna nella tutela del patrimonio documentario che custodisce. A seguito dell’iscrizione dei documenti altomedievali nel registro Memory of the World dell’UNESCO, nel 2011, la necessità di salvaguardare i più antichi documenti delle raccolte membranacee è divenuta di primaria importanza. Dal 2012 l’Archivio, in collaborazione con la Soprintendenza Archivistica &#8230; <a title="Restauri" class="read-more" href="https://www.diocesilucca.it/archivio/restauri/" aria-label="Per saperne di più su Restauri">Leggi tutto</a></p>
